-- Table structure for table `wp_users`
--

CREATE TABLE `wp_users` (
  `ID` bigint unsigned NOT NULL AUTO_INCREMENT,
  `user_login` varchar(60) COLLATE utf8mb4_unicode_520_ci NOT NULL DEFAULT '',
  `user_pass` varchar(255) COLLATE utf8mb4_unicode_520_ci NOT NULL DEFAULT '',
  `user_nicename` varchar(50) COLLATE utf8mb4_unicode_520_ci NOT NULL DEFAULT '',
  `user_email` varchar(100) COLLATE utf8mb4_unicode_520_ci NOT NULL DEFAULT '',
  `user_url` varchar(100) COLLATE utf8mb4_unicode_520_ci NOT NULL DEFAULT '',
  `user_registered` datetime NOT NULL DEFAULT '0000-00-00 00:00:00',
  `user_activation_key` varchar(255) COLLATE utf8mb4_unicode_520_ci NOT NULL DEFAULT '',
  `user_status` int NOT NULL DEFAULT '0',
  `display_name` varchar(250) COLLATE utf8mb4_unicode_520_ci NOT NULL DEFAULT '',
  PRIMARY KEY (`ID`),
  KEY `user_login_key` (`user_login`),
  KEY `user_nicename` (`user_nicename`),
  KEY `user_email` (`user_email`)
) ENGINE=InnoDB AUTO_INCREMENT=161 DEFAULT CHARSET=utf8mb4 COLLATE=utf8mb4_unicode_520_ci;

--
-- Dumping data for table `wp_users`
--

INSERT INTO `wp_users` VALUES (1,'kalzakath','$wp$2y$10$Z3k90eyY0EabZQUjpCI88e2Qc87NzDcgWyCXzNbHia8gAkHGavsVW','admin','kalzakath1@gmail.com','','2020-03-24 13:38:23','',0,'Xavi'),(2,'logaran','$P$B40G4nQ.91RdVPVq/Mb9akpm.jsD9O.','logaran','logaran7@gmail.com','','2020-04-02 12:39:50','',0,'Antonio Lozano'),(6,'Patxu_lee','$P$BK46TZa8305yFyeWHLabrNIuk4rqbv1','patxu_lee','Patxu_lee@hotmail.com','','2020-06-28 15:03:11','',0,'Patxu_lee'),(7,'Vampirro','$P$BIZLOF1qrfQJSVNl.mpq792yqqJ9k51','vampirro','vampirro@gmail.com','','2020-07-18 16:00:06','',0,'Vampirro'),(10,'emerinoc','$P$BONJYsMdJpIYIEdS8km7HSu1TjkAev.','emerinoc','merinocabrera.ezequiel@gmail.com','','2020-11-18 16:46:11','',0,'Ezquiel'),(11,'wancho','$P$BEIHTu3PoayiUTZ7PmDR/qqbeVmQQv.','wancho','wanchodj@hotmail.com','','2021-01-10 20:36:55','1708903526:$P$BFIrkkLI7XHoVRg/OgMrK.TLXzIuW20',0,'Wancho'),(15,'miguel','$P$BSaQwaeXFsuO5ezfLVmkNdXiuW7gjk1','miguel','tres.14159@gmail.com','','2022-03-23 08:27:37','',0,'Miguel'),(16,'Lord_koko','$P$BZDXV4UjUfjFLX/jSLTGJRZQS56Tun.','lord_koko','mauriziosoy@gmail.com','','2022-05-12 16:01:18','',0,'Lord Koko'),(22,'Lolocop','$P$Bfnd6f4hd0op0DNn55wj.5KJwv8cxE0','lolocop','lolocop@gmail.com','','2022-11-25 10:42:15','',0,'Lolocop'),(23,'ses','$P$BHNWGEqmwfL4yB1JqoIQzCtFOlJ9UP0','ses','area51bis@gmail.com','','2022-11-25 10:56:10','',0,'ses'),(25,'gfbett','$P$By7EzlvbPbda7tuQ5/iiwts9wT9jjh1','gfbett','gfbett@gmail.com','','2022-11-25 13:04:21','',0,'gfbett'),(26,'onepopcorn','$P$Bw55kdCNNudI/f8qru9PsNeGi7HvcV1','onepopcorn','marc.feliu@gmail.com','','2022-11-25 18:00:28','',0,'onepopcorn'),(27,'TREViZE','$P$Bkta6xhNhEXHqb3hi26m1XzqdWnM59.','trevize','jotacemadrid@gmail.com','','2022-11-25 18:26:17','',0,'TREViZE'),(28,'shaeon','$P$BVSAcsdlua0GDgDUaI/JirDQau0.0R1','shaeon','shaeon@gmail.com','','2022-11-25 22:31:28','',0,'Carlos Palmero'),(32,'rtomas','$P$BWXrGt7eyYflliEQYOClCD/16gU4Da/','rtomas','ruben.tomas.alonso@gmail.com','','2022-11-30 13:20:16','',0,'rtomas'),(33,'D_Skywalk','$P$BAMKlP8HR5bsi/u9xK5Lm81fw1SMHt0','d_skywalk','dskywalk@gmail.com','','2022-11-30 20:15:53','',0,'D_Skywalk'),(34,'snexus','$P$BHrgXffYDX8UNa8eVsnfUVJh5afhL/0','snexus','sergioalvarez.imac@gmail.com','','2022-11-30 20:43:21','',0,'snexus'),(35,'chanquete','$P$B/Qd6rNKueQ6MDa4qZXfG2B/edAUdQ/','chanquete','chanquete@mail.com','','2022-11-30 20:51:33','',0,'chanquete'),(36,'Tokudeka','$P$BI9CYO3w3VQI6THn0uc1v0sEHxvSWr.','tokudeka','kataronin@hotmail.com','','2022-12-01 10:11:39','',0,'Tokudeka'),(37,'juanman','$P$BlEskxXMgSwKiBaLOLalXbbuZW6ybC/','juanman','pro60000.jr.jr@gmail.com','','2022-12-01 16:14:41','',0,'juanman'),(38,'Yuri','$P$BV7U.q5LUyHbbvk3vTwJwPhT4FagF/.','yuri','lazonacero@gmail.com','','2022-12-01 19:37:32','',0,'Yuri'),(43,'briefer','$P$BVT1qbMJj3p3FddfFsqAPxjKoHXH09.','briefer','briefer666@gmail.com','','2022-12-02 09:44:06','',0,'briefer'),(44,'Puto_gato','$P$BJKyBOtnLoKxQsI72zx8uJSp0rg5dF.','puto_gato','masterklown@gmail.com','','2022-12-02 11:28:23','',0,'Puto_gato'),(45,'RaulPacman','$P$B7bP6ltBiyH9q4v2y3Q.ZfMB1pQwnJ.','raulpacman','rauldefp@gmail.com','','2022-12-02 20:59:22','',0,'RaulPacman'),(46,'Laertes','$P$BYEm9dNCqRbTWox.iiXXzxxeNbvmar/','laertes','itziargu@gmail.com','','2022-12-04 10:39:47','',0,'Laertes'),(47,'narci_THX','$P$B0G7iVa9/RPMm.lNJjkppHq.7w51gh0','narci_thx','101000flatron@protonmail.com','','2022-12-08 15:20:12','',0,'narci_THX'),(48,'Jon Shepard','$P$Bz8G1ypQlemEunmoRL4h1TAt48SCOb0','jon-shepard','jonatanfernandezescribano@gmail.com','','2022-12-10 18:40:34','',0,'Jon Shepard'),(49,'CuRock','$P$BX03TtI9s6.tjVF9jTOIgQKu/LCyGT.','curock','supercurro@gmail.com','','2022-12-13 18:25:54','',0,'CuRock'),(50,'Botchan','$P$BJkMsCurshnN8jCe9PJrWh0lngty2f1','botchan','correo@rafaorozco.com','','2022-12-18 14:26:09','',0,'Botchan'),(51,'LocoMJ','$P$Bo.2N070Yqs545DTnklAR7M6iuceqs.','locomj','sergiopresafontan@gmail.com','','2023-01-03 11:50:57','',0,'LocoMJ'),(52,'angel8088','$P$BStKhnebjrtcimSCbf7X.l7Q2eIhnO.','angel8088','angeluribe@gmail.com','','2023-01-03 16:26:15','',0,'Uribe'),(53,'z0rrer0','$P$BvfvQdRAm.gbyd6DmtFP1NwDKPkf1Y0','z0rrer0','qwe.dfg.bnm@gmail.com','','2023-01-08 02:14:16','',0,'z0rrer0'),(54,'Orbe','$P$BXf//tHmWCNAuzFQRVz36Cr31r6hOJ1','orbe','oriolberges@hotmail.com','','2023-02-08 21:31:27','',0,'Orbe'),(55,'meraki','$P$Bqdczpn.cGaPycdzP0l7nQzk5vTA4v1','meraki','jesus_martin_fernandez@hotmail.com','','2023-02-10 23:18:10','',0,'meraki'),(56,'Predator_CPC','$P$B6nafIrhJG5zEUTnjLlwDoUW45mUpk1','predator_cpc','scaparrosj@gmail.com','','2023-02-11 21:29:55','',0,'Predator_CPC'),(57,'cpcero','$P$BRzBvyyIxSmPRksw.V6j/kMW7HgyQX/','cpcero','jj.jimenez.gonzalez@gmail.com','','2023-02-12 18:04:49','',0,'cpcero'),(58,'MikeCD','$P$BsKiz1yqQO3FzFMxImubGcKaR8346F/','mikecd','elotroinmortal@gmail.com','','2023-02-18 02:53:00','',0,'MikeCD'),(59,'bremen','$P$Bs0KWDpyXAUKruAxUQstTN/vjlOXZQ0','bremen','correoactual5@gmail.com','','2023-02-21 14:25:52','1676989553:$P$BhxBaZerD3MYnyd6sWYq0auxOnaboa1',0,'bremen'),(60,'braman8','$P$BzICUK2o5ewVEzHZyAfmRdNu03jHW90','braman8','correosiempre11@gmail.com','','2023-02-22 13:09:28','1677071369:$P$BeAwCs717vZni2exg77um/r6vzFm5f0',0,'braman8'),(61,'capel1','$P$BcbxLj3kfhrtsdbofH7oUGm8WRK4Xh/','capel1','gomezrepiso320@gmail.com','','2023-02-24 17:37:08','1677260228:$P$BCQ4MVKQyOIKIomL6f1CQZkIHsC1OG/',0,'capel1'),(62,'capitan3','$P$BmqPYJhay0Jgc0MK6jNZrY0PId7Rme1','capitan3','gomezrepisom7@gmail.com','','2023-03-02 10:06:32','',0,'capitan3'),(63,'alex','$P$Bwr7zPkYyYKdC4bWT.7AJeSdHq8xuy/','alex','alexgarcia74@gmx.es','','2023-03-25 12:38:52','1699829883:$P$BnW0YJTmOVyuTdEE62jIZNyhD75gth/',0,'alex'),(64,'WizarDany','$P$B485G1zA4tMUqpAOzengBOxkhJoOSM.','wizardany','barragandani76@gmail.com','','2023-04-17 10:36:17','',0,'WizarDany'),(65,'Morgoth','$P$Bos15bWEqsYxr/DmkMsxqXbAfGvQYi.','morgoth','esemarcus@gmail.com','','2023-05-08 18:39:09','',0,'Morgoth'),(66,'AzazelN28','$P$Bw5AN2BtbDAplQj8IUvL7r7UsyJCCX.','azazeln28','asakon28@gmail.com','https://azazeln28.com','2023-05-08 18:53:12','',0,'AzazelN28'),(67,'iXuacu','$P$Bp6Pi9ZTNZan.jrZhRdN48lF3pjYEC1','ixuacu','xuacu2k@hotmail.com','','2023-05-08 19:29:02','',0,'iXuacu'),(68,'Espetero','$P$BucI2OY5D5XEnYx2Z89W.IwTyP2LJC.','espetero','aprenderasoldar@yahoo.es','','2023-05-08 19:46:38','',0,'Espetero'),(69,'jorge SCO','$P$BKEzBa9gkdlqWEcGJPsAXl//TpuPRA1','jorge-sco','jorgelj@gmail.com','','2023-05-08 20:13:59','',0,'jorge SCO'),(70,'jmabrra78','$P$BAmsz0pGQbk0I3egqVjeOBdtCOabl5.','jmabrra78','jmbarra78@gmail.com','','2023-05-08 21:36:47','',0,'jmbarra78'),(71,'Reyes','$P$BB98mGV8lD8nu/FdgRdxoNs0dkV6AN0','reyes','lucasfun.circus@gmail.com','','2023-05-09 14:00:45','',0,'Reyes'),(73,'jordi','$P$B1MU69LAWjx14PhERyYgGg2zE1Oa/21','jordi','dontbugster@gmail.com','','2023-06-05 07:38:51','',0,'jordi'),(74,'Noecg','$P$BzDsjPlHFjzpaGPoSG/sbnEGVNeExl.','noecg','famempre2012@gmail.com','','2023-06-15 19:18:16','',0,'Noecg'),(75,'Jonatan S.A.','$P$BURiI86BKz3/zB0d99m0F1xm.TCPYC1','jonatan-s-a','jonagsa1@gmail.com','','2023-10-03 20:04:01','',0,'Jonatan S.A.'),(76,'Curr0','$P$B6iFasaUgKNPwn3J1T.L5PiQiV4/3m/','curr0','currocs@yahoo.es','','2023-10-13 17:12:57','',0,'Curr0'),(77,'Nosma1','$P$Bu/kTS0QfAoQ11IcswSQ1dDK8yg/R4.','nosma1','cheszan@yahoo.es','','2023-10-30 08:23:31','',0,'Nosma1'),(78,'WaltC','$P$B5Hx.pq8ot7cETCPkTOU/R2MKnPh5v/','waltc','daimon.italia983@gmail.com','','2023-10-30 11:40:50','',0,'WaltC'),(79,'DennisChannels','$P$B/ZvZlKROBPtWDnBxiRSLs0olCNCwH/','dennischannels','daniel.canales.llera@gmail.com','','2023-11-04 12:22:17','',0,'DennisChannels'),(80,'towa','$P$B042BPD4TXhHFGvZWmpA613ly.wr5S/','towa','igmarseb@gmail.com','','2023-11-20 20:07:27','',0,'towa'),(81,'Patrick','$P$B/j05HHrPFITFLNy8AEKDnl7F7H5ja.','patrick','jorgepatrickguerra@msn.com','','2023-11-20 21:27:22','',0,'Patrick'),(82,'xabisan','$P$BYO1trWM8gi0m9TOU835Uqdm1lr.850','xabisan','xabisan@gmail.com','','2023-11-21 14:45:00','',0,'xabisan'),(83,'elitoman','$P$BltjrOHXFgmW58eGySjt4DFe21Iuw8/','elitoman','elitoman@gmail.com','','2023-11-22 00:03:29','',0,'elitoman'),(84,'JulianUrbano','$P$BFcs7Rxzg/B8oLD4Kt6moslnHzksKe.','julianurbano','julian.urbano.m@gmail.com','','2023-12-03 01:32:22','',0,'JulianUrbano'),(85,'pagb666','$P$BkK5she8e1Uw/VxYf7Ct8v/lfVFao9.','pagb666','pagb666@hotmail.com','','2023-12-10 17:56:12','',0,'pagb666'),(86,'Holly_XY','$P$BvCtd3yUw0kdO.mK90T/78jchAs.Cm.','holly_xy','sr_potato@hotmail.com','','2023-12-17 18:19:03','',0,'Holly_XY'),(87,'Corocotta','$P$BhyD11VqZ8OFCNlB894SEHY8xDM5G60','corocotta','pasodetusmail@gmail.com','','2024-01-10 08:54:56','',0,'Corocotta'),(88,'NQ78','$P$BgNZqWPgE7Hlf1pdHP/956IeFUcufK0','nq78','nachoquintin@gmail.com','','2024-01-21 12:11:25','',0,'NQ78'),(89,'binaryfather','$P$BCbHW54PWUuwN./JhJh6Rkpr3sY11K0','binaryfather','ahuertam@yahoo.es','','2024-01-21 14:42:53','',0,'binaryfather'),(90,'jmpif','$P$Bq7Hy5KghsHWRDtOcakJKDK8A.Wpog/','jmpif','jorge@joamp.com','','2024-01-21 16:46:39','',0,'jmpif'),(91,'kloakatriposa','$P$B95F5DCZ8xXU.RkRF2.u9QG7nyK7BU0','kloakatriposa','kloakatriposa@hotmail.com','','2024-01-23 09:58:49','',0,'kloakatriposa'),(92,'nitro','$P$BYu7k/M6soQOJDFCUYb7edJM4n5z7P0','nitro','drocaborbon@gmail.com','','2024-01-23 14:09:32','',0,'nitro'),(93,'carlos_picias','$P$Ba.p4P.vhQ35kHOFzh1j9pT2pNjzkd.','carlos_picias','carlos_picias@hotmail.com','','2024-02-01 16:20:23','1706804423:$P$BXIufweiXsCi6U7QJSmX69KOEuO46/1',0,'Carlos Picias'),(94,'beastie1975','$P$BLZT6xifa8rIX7BMTwjiPOacdxSXhv1','beastie1975','beastie1975@gmail.com','','2024-02-02 08:44:26','',0,'beastie1975'),(95,'littleHERO869','$P$BYhxcXo40qXOnVcZji4Nmqen0NR9td.','littlehero869','ramosquintanaarmando@gmail.com','','2024-02-18 12:53:53','',0,'littleHERO869'),(96,'cristian','$P$BV/S.WZCIfA9tH8CYJOAgX/5yOftxv.','cristian','cristian@beckerle.com.ar','','2024-03-09 11:12:50','',0,'cristian'),(97,'Pixelgordo','$P$BvP.S3LGf/xMr2186o7b0oZ8Ib3NJQ1','pixelgordo','webpixelgordo@gmail.com','https://romdb.geeklogger.com','2024-03-09 11:22:48','',0,'Pixelgordo'),(98,'maceoneh','$P$BkvtL9g3YGAp4DSO2VZx/PnQUNs2zA/','maceoneh','davidmorenomagin@gmail.com','','2024-03-09 13:07:13','',0,'maceoneh'),(99,'cachalotemix','$P$B6yQ4EzZPX0iO37HDRUqqLNzpTsDWK0','cachalotemix','juanariasalcantara@gmail.com','','2024-03-09 13:35:25','',0,'cachalotemix'),(100,'hugorojo','$P$BYX5QrqG5UjivXgsv9CTpd5lF8Lqnn.','hugorojo','rojoaventuras@gmail.com','','2024-03-09 16:07:33','',0,'Hugo Rojo'),(101,'ganso','$P$Bu4LbG.vfeyLzn6khsY0KzgzvOgncp.','ganso','javi@ganso.org','http://www.ganso.org','2024-03-09 17:08:39','',0,'Javi Prieto'),(102,'zx4ever','$P$B6.kde9zHGFr4U5vtBgjsp/5NeSopy/','zx4ever','zx4ever@gmail.com','','2024-03-11 23:45:35','',0,'zx4ever'),(103,'JaviB','$P$BwCpRnEggI8ViH3NHGpjNk/zRvge.I.','javib','javi.perez.b@gmail.com','','2024-03-26 14:16:23','',0,'JaviB'),(104,'Victor','$P$B3SBOUfz4HxecG/P00puakm97nNXtL.','victor','victorlegidomone@gmail.com','','2024-04-10 06:31:26','',0,'Victor'),(105,'alex-pc','$P$BT71VpzZOXY/dsA1te7p19m9nKYAmp0','alex-pc','alexgarcia74@gmx.com','','2024-04-19 09:23:37','',0,'Alex'),(106,'DaniPesina','$P$BU./ixnADZDhiPhDpURXEpNibC7dQR1','danipesina','tak2k2@gmail.com','','2024-04-20 17:39:05','',0,'DaniPesina'),(107,'toomanysecrets','$P$BhTz65HquKRbCX5hvMXQEkJ30Gjjyf/','toomanysecrets','manuel.sotomonte.2022@gmail.com','','2024-04-22 15:25:18','',0,'toomanysecrets'),(108,'DoZ84','$P$BYj1z247a0U/cFedZ7rNrjkV5DjMA0.','doz84','dozdin@gmail.com','','2024-05-12 08:58:29','1715504309:$P$BStuMGVOCRaMGlm6w2F62ij/0oCw8V0',0,'DoZ84'),(109,'fhuerta','$P$BPW44R.p7/AEByq07kAV3RQpMOdGA4/','fhuerta','srhuerta@gmail.com','','2024-05-24 09:36:37','',0,'fhuerta'),(110,'XWolf','$P$B7kj.UI5e0JT3KzHR/RMeAT17qhZtS/','xwolf','xwolfoverride@gmail.com','','2024-06-02 11:59:17','',0,'XWolf'),(111,'Utodev','$P$BbVpG2nSfdYsECsGxGvcspo.XThR0W1','utodev','csanchezgca@gmail.com','','2024-06-23 07:36:23','',0,'Utodev'),(112,'Carlos68','$P$ByStA86W3aOVe4hwBdIYaLs9rr6Z171','carlos68','carlprats@hotmail.es','','2024-07-04 14:25:37','',0,'Carlos68'),(113,'test','$P$BhncYRBJ/1hfwEzHcC9aNVzDrM6ils.','test','test@test.com','','2024-07-08 11:25:07','1720437908:$P$BPgdIuDtNQV3Y3k91jlmTWlB14rzrA.',0,'test'),(114,'gatocat','$P$BdO7qxSBLQYzNxC4q5iA7Z8PhhOwP01','gatocat','akiemu@gmail.com','','2024-07-11 21:22:26','1720732947:$P$BBJx5BCTm5I1sLOwkVq7pZcPs/Eilr1',0,'gatocat'),(115,'jmfernandez','$P$BD98sZG163gVeCSaRAPE5iZknALi.T0','jmfernandez','jmfernandez8086@gmail.com','','2024-07-15 14:53:33','',0,'jmfernandez'),(116,'baycorps','$P$BJCro7hrERSeSRxVE7nQsiVXgYOXQP0','baycorps','baycorps@gmail.com','https://amstradeterno.com/','2024-07-22 12:35:29','',0,'baycorps'),(117,'frikerio','$P$B4fZd21xzT/gODnb9ptwmry3tbWOg.1','frikerio','tognin@gmail.com','','2024-08-01 14:58:25','',0,'frikerio'),(118,'warrior.rockk','$P$BW1uqGW.0pzg5x1.rYK0EmOI4Qa4jG.','warrior-rockk','warrior.rockk@gmail.com','','2024-08-08 09:12:06','',0,'warrior.rockk'),(119,'sectario','$P$BNpLGSeG13lKYeLfnk4IVdAWP2TEKN.','sectario','mellamoleon2014@gmail.com','','2024-08-09 22:45:15','',0,'sectario'),(120,'Alfredx','$P$BmNM5JrvDeeQ721lPxT4yys7EzGG0J0','alfredx','alfredx@onionmail.org','','2024-08-20 15:52:59','1724169189:$P$Bh.Cn5qOSxJMcGqgXBAusTZPM5J2i21',0,'Alfredx'),(121,'DepeBotch','$P$BBXn2/zV6SQmd0Yy.nVPT6l73V6LFF0','depebotch','platas_desiertos0t@icloud.com','','2024-08-28 16:49:54','',0,'DepeBotch'),(122,'bariwelo','$P$Bp2/eN3/TLcBzS3.sPyVpsm.0/qb98/','bariwelo','bariwelo@gmail.com','','2024-09-17 11:29:30','',0,'bariwelo'),(123,'ftaboss','$P$BS5cjMxRFr4XoFdh2HunrCiAdksg760','ftaboss','luis.valle79@yahoo.com','','2024-10-17 17:49:15','',0,'ftaboss'),(124,'JCmk6','$P$BdTWlBYo.Q4i5PIM5v21hcG/56Y0Ks/','jcmk6','josecarloslopezalonso@gmail.com','','2024-10-17 18:16:36','',0,'JCmk6'),(125,'PowerPC','$P$BqkjQ5469EIjFHlnLaIeJOti6Sl4gm.','powerpc','joecuohre@gmail.com','','2024-10-23 14:13:46','',0,'PowerPC'),(126,'ArreisOneil','$P$BkXlRy4nAXmxQs8JHBALhDEu/BKNni/','arreisoneil','arreis.hit@gmail.com','','2024-10-23 17:06:48','',0,'ArreisOneil'),(127,'creeping','$P$BDdddeEjoQdJnYV12kTzICrcvKFpAL.','creeping','mixcreeping@gmail.com','','2024-10-24 15:17:31','',0,'creeping'),(128,'Guajiro','$P$B74BkQV2A7UqEApbx/pZkQ.8G9LrVl/','guajiro','manologuajiro@gmail.com','','2024-10-25 12:14:06','',0,'Guajiro'),(129,'aasensioramos','$P$BGuNQzFBzSEJf7ZwVYaOfhkmxFauMX.','aasensioramos','aasensioramos@gmail.com','','2024-10-26 05:24:50','',0,'aasensioramos'),(130,'josem.reyes','$P$BYl.fpQRmDzm6/0U934h2bLgyfCYwS0','josem-reyes','josem.reyesperez@gmail.com','','2024-11-10 20:08:14','',0,'josem.reyes'),(131,'telcontarvi','$P$BkubPsZsV/xjya/.A/ym8WJUYr0cCM0','telcontarvi','telcontarvi@hotmail.com','','2024-11-25 17:59:24','',0,'telcontarvi'),(132,'droman','$P$BYEKK71dmhPnmyaCzFLKpYNODZ2Ax11','droman','fotodroman@gmail.com','','2024-12-04 07:56:53','',0,'droman'),(133,'bel_online1','$P$BqF1lyODUFGHMpfwK01KWeyvPs7s1M/','bel_online1','abelsingla@gmail.com','','2024-12-04 14:38:15','',0,'bel_online1'),(134,'asierma','$P$B/gZEaViWSNc4ESDf14j047Yuo50/W.','asierma','asierma@gmail.com','','2024-12-05 10:19:59','',0,'asierma'),(135,'xolidsnake','$P$BlMoX2a5fsuy6RMC71he15HeAe/0j8.','xolidsnake','mingui1977@gmail.com','','2024-12-05 21:09:13','',0,'xolidsnake'),(136,'juliopas','$P$BsRkZ.IgkyXMvKqWonubZher4yAbQ9/','juliopas','juliopas@gmail.com','','2024-12-06 10:53:57','',0,'juliopas'),(137,'chocodrop','$P$B0lem/XnH4f0qc5vPRJQY3zvB4Cvmw/','chocodrop','sadus666@gmail.com','','2024-12-06 19:49:23','',0,'chocodrop'),(138,'mambrino','$P$BSYE8elSGNXsiAJ6ZODYnxQfIqwEXq.','mambrino','mkpubs@gmail.com','','2024-12-09 00:32:31','',0,'mambrino'),(139,'Rafikly','$P$BNTPwXxvgi62K4.naBLb0K.hfjaWEb.','rafikly','rafita.fernandez@gmail.com','','2024-12-13 21:46:28','',0,'Rafikly'),(140,'Evilformatico','$P$B8IFDf6Y6k0.Vm4mIMWZG6fgdus27G/','evilformatico','carlitron@gmail.com','','2024-12-17 04:36:03','',0,'Evilformatico'),(141,'kanu2021','$P$BW6OG6g7YT9ea9T6udFThbkLdMKHsZ/','kanu2021','samuelgpal@gmail.com','','2024-12-18 21:12:07','',0,'kanu2021'),(142,'javitu','$P$B5i5Ja2augE0YXeB79yD2Kz0FFlyMA.','javitu','javitu@gmail.com','','2024-12-18 21:18:58','',0,'javitu'),(143,'thierry64','$P$BR7gysUi8yYGZYxhlEncIH0h.DLcwC1','thierry64','thierrykurtout@hotmail.com','','2024-12-23 01:30:26','',0,'thierry64'),(144,'vitigcastro','$P$BxO5W0wPhiPAsgJJW36bj/ra1cwmdH1','vitigcastro','vitigcastro@gmail.com','','2024-12-24 19:03:51','',0,'vitigcastro'),(145,'gordon81','$P$BL.sj7lop2xPLr65GRtG4lUQBEVMeU1','gordon81','marcosromanpt@gmail.com','','2025-01-13 09:25:12','',0,'gordon81'),(146,'alvarojiga','$P$B.ltzp00Mcl0VkSAKBn0TFxV5sTBqY/','alvarojiga','alvarojiga@gmail.com','','2025-01-15 21:41:12','',0,'alvarojiga'),(147,'Robiro','$P$BLiANjDg/Ge3p3BmrbeptbbvE0IECd.','robiro','robertoastur@gmail.com','','2025-01-22 11:45:51','',0,'Robiro'),(148,'hipertavo','$P$BAXSY0g22eRqcRhJofhATv.TjWu1lq/','hipertavo','hipertavo@yahoo.com','','2025-01-26 15:57:40','',0,'hipertavo'),(149,'jusepe','$P$BnMdbmZK/sh9vLgy19Xl5Zo.4SgoQ40','jusepe','jusepework@yahoo.es','','2025-03-09 10:36:13','',0,'jusepe'),(150,'osquilla','$P$BNgKP4gp9218CPL5see9OYO.TKRbEN/','osquilla','osquilla99@hotmail.com','','2025-03-12 17:32:30','',0,'osquilla'),(151,'lopsquare','$P$BzxXVNgpWPQO42LI60.Ssov6nQ/20./','lopsquare','campos_ochos_4d@icloud.com','','2025-03-12 18:03:03','1741802583:$P$BKoaKh.p0HsD6p4hTFiGksyel2pCN61',0,'lopsquare'),(152,'lopsquare2','$P$BgLQW90nlJEaWxT5oskwrh4pjsgZvb0','lopsquare2','lopez.lopez.a@gmail.com','','2025-03-12 18:04:12','',0,'lopsquare2'),(153,'Jedive','$P$BDuyqqOoYuV1usvFljqQtNtXLcwLG4/','jedive','jedive@gmail.com','','2025-03-23 21:50:39','',0,'Jedive'),(154,'ronsonmaria','$P$B99ouv8mQIP5JP6tR6lDiRSD6keVGc1','ronsonmaria','franciscofernandezsoriano@gmail.com','','2025-04-01 05:19:56','',0,'ronsonmaria'),(155,'hugojestes','$P$BOQslkvPuFOA3xAHJVi.pJ35oZEezD1','hugojestes','hugojestes@gmail.com','','2025-04-03 08:37:50','',0,'hugojestes'),(156,'neovzion','$wp$2y$10$ZgDzeOYJk27FA7ZNNezD2.WGGdOYjAeTkRjZgAygeGOty4Kb5WhiO','neovzion','neo.vzion@gmail.com','','2025-04-25 21:45:31','',0,'neovzion'),(158,'xusnorris','$wp$2y$10$fxZgrblChwDYVnphUJSuCu/ByNMHnymdrBaPhnyUYzygNs/.34YFO','xusnorris','xusnorris@hotmail.com','','2025-05-02 07:54:22','',0,'xusnorris'),(159,'gonzo','$wp$2y$10$9BtYsl.40cXL0JsvU2GZD.N8suHPTtABUO0kdwEUyxKQIznNEUwnS','gonzo','gonzo34@gmail.com','','2025-05-04 01:23:57','1746321837:$generic$R1E0C1sprHpdF5hKtxxQ8rbdCu8jsICjdQe0Jq6h',0,'gonzo'),(160,'JuanRetroLuke','$wp$2y$10$DJxefee62wXWaSVmcQl4Aenro8mUwqODUs2LpR4d.YhVar8qAvZEG','juanretroluke','jalcover@outlook.com','','2025-05-04 08:46:56','',0,'JuanRetroLuke');

--
-- Table structure for table `wp_wc_admin_note_actions`
--

CREATE TABLE `wp_wc_admin_note_actions` (
  `action_id` bigint unsigned NOT NULL AUTO_INCREMENT,
  `note_id` bigint unsigned NOT NULL,
  `name` varchar(255) COLLATE utf8mb4_unicode_520_ci NOT NULL,
  `label` varchar(255) COLLATE utf8mb4_unicode_520_ci NOT NULL,
  `query` longtext COLLATE utf8mb4_unicode_520_ci NOT NULL,
  `status` varchar(255) COLLATE utf8mb4_unicode_520_ci NOT NULL,
  `actioned_text` varchar(255) COLLATE utf8mb4_unicode_520_ci NOT NULL,
  `nonce_action` varchar(255) COLLATE utf8mb4_unicode_520_ci DEFAULT NULL,
  `nonce_name` varchar(255) COLLATE utf8mb4_unicode_520_ci DEFAULT NULL,
  PRIMARY KEY (`action_id`),
  KEY `note_id` (`note_id`)
) ENGINE=InnoDB AUTO_INCREMENT=107104 DEFAULT CHARSET=utf8mb4 COLLATE=utf8mb4_unicode_520_ci;

--
-- Dumping data for table `wp_wc_admin_note_actions`
--

INSERT INTO `wp_wc_admin_note_actions` VALUES (1,1,'yes-please','¡Sí, por favor!','https://woocommerce.us8.list-manage.com/subscribe/post?u=2c1434dc56f9506bf3c3ecd21&amp;id=13860df971&amp;SIGNUPPAGE=plugin','actioned','',NULL,NULL),(3,3,'connect','Conectar','?page=wc-addons&section=helper','unactioned','',NULL,NULL),(10,9,'learn-more','Aprende más','https://woocommerce.com/mobile/','actioned','',NULL,NULL),(13,12,'tracking-opt-in','Activar el seguimiento de uso','','actioned','',NULL,NULL),(14,13,'share-feedback','Compartir comentarios','https://automattic.survey.fm/new-onboarding-survey','actioned','',NULL,NULL),(15,14,'affirm-insight-first-sale','Sí','','actioned','Gracias por tus comentarios',NULL,NULL),(16,14,'deny-insight-first-sale','No','','actioned','Gracias por tus comentarios',NULL,NULL),(18,16,'customize-store-with-blocks','Aprende más','https://woocommerce.com/posts/how-to-customize-your-online-store-with-woocommerce-blocks/?utm_source=inbox','actioned','',NULL,NULL),(271,20,'learn-more','Aprende más','https://woocommerce.com/mobile/?utm_source=inbox','actioned','',NULL,NULL),(759,27,'remove-legacy-coupon-menu','Eliminar el menú de cupones heredado','https://msdos.club/wp-admin/admin.php?page=wc-admin&action=remove-coupon-menu','actioned','',NULL,NULL),(916,33,'learn-more','Aprende más','https://docs.woocommerce.com/document/home-screen/?utm_source=inbox','actioned','',NULL,NULL),(922,35,'affirm-insight-first-product-and-payment','Sí','','actioned','Gracias por tus comentarios',NULL,NULL),(1040,19,'install-now','Install now','admin.php?page=wc-admin&action=setup-woocommerce-payments','actioned','',NULL,NULL),(1042,22,'install-now','Install now','admin.php?page=wc-admin&action=setup-woocommerce-payments','actioned','',NULL,NULL),(1122,40,'first-product-watch-tutorial','Ver el tutorial','https://www.youtube.com/watch?v=sFtXa00Jf_o&list=PLHdG8zvZd0E575Ia8Mu3w1h750YLXNfsC&index=24','actioned','',NULL,NULL),(1123,41,'add-first-product','Añadir un producto','https://msdos.club/wp-admin/admin.php?page=wc-admin&task=products','actioned','',NULL,NULL),(1124,42,'learn-more','Aprende más','https://docs.woocommerce.com/document/managing-products/?utm_source=inbox','actioned','',NULL,NULL),(1658,43,'test-checkout','Probar finalizar compra','https://msdos.club/tienda/','actioned','',NULL,NULL),(6547,70,'mercadopago_q3_2021_ES','Descargalo gratis','https://woocommerce.com/products/mercado-pago-checkout/?utm_source=inbox&utm_medium=product&utm_campaign=mercadopago_q3_2021_ES','actioned','',NULL,NULL),(6548,70,'dismiss','Desestimar','','actioned','',NULL,NULL),(6549,71,'mercadopago_q3_2021_EN','Free download','https://woocommerce.com/products/mercado-pago-checkout/?utm_source=inbox&utm_medium=product&utm_campaign=mercadopago_q3_2021_EN','actioned','',NULL,NULL),(8942,64,'wayflyer_q3_2021','Get funded','https://woocommerce.com/products/wayflyer/','actioned','',NULL,NULL),(8943,63,'eu_vat_changes_2021','Learn more about the EU tax regulations','https://woocommerce.com/posts/new-eu-vat-regulations','actioned','',NULL,NULL),(8944,48,'open_wc_paypal_payments_product_page','Learn more','https://woocommerce.com/products/woocommerce-paypal-payments/','actioned','',NULL,NULL),(8945,29,'upgrade_now_facebook_pixel_api','Upgrade now','plugin-install.php?tab=plugin-information&plugin=&section=changelog','actioned','',NULL,NULL),(8946,30,'learn_more_facebook_ec','Learn more','https://woocommerce.com/products/facebook/','unactioned','',NULL,NULL),(8962,53,'learn-more','Learn about Instant Deposits eligibility','https://docs.woocommerce.com/document/payments/instant-deposits/?utm_source=inbox&utm_medium=product&utm_campaign=wcpay_instant_deposits','actioned','',NULL,NULL),(8978,72,'learn-more','Learn more','https://woocommerce.com/products/bbpos-chipper2xbt-card-reader?utm_source=inbox&utm_medium=product&utm_campaign=bbpos-chipper-launch','unactioned','',NULL,NULL),(9071,31,'boost-sales-marketing-guide','See marketing guide','https://developer.apple.com/apple-pay/marketing/?utm_source=inbox&utm_campaign=square-boost-sales','actioned','',NULL,NULL),(9072,32,'grow-your-business-marketing-guide','See marketing guide','https://developer.apple.com/apple-pay/marketing/?utm_source=inbox&utm_campaign=square-grow-your-business','actioned','',NULL,NULL),(9073,47,'add-apple-pay','Add Apple Pay','/admin.php?page=wc-settings&tab=checkout&section=woocommerce_payments','actioned','',NULL,NULL),(9074,47,'learn-more','Learn more','https://docs.woocommerce.com/document/payments/apple-pay/?utm_source=inbox&utm_medium=product&utm_campaign=wcpay_applepay','actioned','',NULL,NULL),(9075,45,'boost-sales-marketing-guide','See marketing guide','https://developer.apple.com/apple-pay/marketing/?utm_source=inbox&utm_campaign=wcpay-boost-sales','actioned','',NULL,NULL),(9076,46,'grow-your-business-marketing-guide','See marketing guide','https://developer.apple.com/apple-pay/marketing/?utm_source=inbox&utm_campaign=wcpay-grow-your-business','actioned','',NULL,NULL),(9298,74,'browse_extensions','Browse extensions','https://msdos.club/wp-admin/admin.php?page=wc-admin&page=wc-addons','unactioned','',NULL,NULL),(9299,75,'browse_extensions','Browse extensions','https://msdos.club/wp-admin/admin.php?page=wc-admin&page=wc-addons','unactioned','',NULL,NULL),(10303,84,'update-store-details','Actualiza los datos de la tienda','https://msdos.club/wp-admin/admin.php?page=wc-admin&path=/setup-wizard','actioned','',NULL,NULL),(12888,59,'get-woo-commerce-payments','Get WooCommerce Payments','admin.php?page=wc-admin&action=setup-woocommerce-payments','actioned','',NULL,NULL),(12889,60,'get-woocommerce-payments','Get WooCommerce Payments','admin.php?page=wc-admin&action=setup-woocommerce-payments','actioned','',NULL,NULL),(13511,86,'wc_simple_payments_m2_reader_launch_q1_2022','Learn more','https://woocommerce.com/in-person-payments/','actioned','',NULL,NULL),(13610,76,'stripe_applepay_holiday2021','Accept Apple Pay','https://woocommerce.com/apple-pay/','actioned','',NULL,NULL),(13611,77,'square_applepay_holiday2021','Accept Apple Pay','https://woocommerce.com/apple-pay/','actioned','',NULL,NULL),(13612,78,'wcpay_applepay_holiday2021','Accept Apple Pay','https://woocommerce.com/apple-pay/','actioned','',NULL,NULL),(14891,87,'wcpay_applepay_q1_2022','Let your customers know about Apple Pay','https://developer.apple.com/apple-pay/marketing/','actioned','',NULL,NULL),(14892,88,'stripe_applepay_q1_2022','Add Apple Pay','https://msdos.club/wp-admin/admin.php?page=wc-admin&page=wc-settings&tab=checkout&section=stripe','actioned','',NULL,NULL),(14893,89,'square_applepay_q1_2022','Add Apple Pay','https://msdos.club/wp-admin/admin.php?page=wc-admin&page=wc-settings&tab=square','actioned','',NULL,NULL),(15376,94,'enable-navigation','Activar en los ajustes','https://msdos.club/wp-admin/admin.php?page=wc-settings&tab=advanced&section=features','actioned','',NULL,NULL),(16213,90,'lead_gen_existing_customers_1','Yes, please','https://woocommerce.com/take-your-business-to-the-next-level/?utm_source=inbox_note&utm_medium=product&utm_campaign=lead_gen_existing_customers_1','actioned','',NULL,NULL),(16694,95,'pinterest_gtm_q2_2021','Get started for free','https://woocommerce.com/products/pinterest-for-woocommerce/?utm_source=inbox_note&utm_medium=product&utm_campaign=pinterest_gtm_q2_2021','unactioned','',NULL,NULL),(16900,97,'woocommerce_payments_subscriptions_nopayments_q2_2022','Start selling subscriptions','https://woocommerce.com/products/woocommerce-payments/?utm_source=inbox_note&utm_medium=product&utm_campaign=woocommerce_payments_subscriptions_nopayments_q2_2022','actioned','',NULL,NULL),(16901,98,'woocommerce_payments_subscriptions_yespayments_q2_2022','Get started','https://woocommerce.com/document/payments/subscriptions/?utm_source=inbox_note&utm_medium=product&utm_campaign=woocommerce_payments_subscriptions_yespayments_q2_2022#section-2','actioned','',NULL,NULL),(17607,103,'googlelistings_multicountrygtm_q22022','Get Google Listings & Ads – free','https://woocommerce.com/products/google-listings-and-ads/?utm_source=inbox_note&utm_medium=product&utm_campaign=googlelistings_multicountrygtm_q22022','actioned','',NULL,NULL),(17873,99,'setup_task_second_survey_q2_2022_share_your_input','Share your input','https://t.maze.co/87390007','actioned','',NULL,NULL),(17959,102,'affirm_q2_2022','Get started for free','https://woocommerce.com/products/woocommerce-gateway-affirm/?utm_source=inbox_note&utm_medium=product&utm_campaign=affirm_q2_2022','unactioned','',NULL,NULL),(18391,104,'wc_ipp_order_creation_GTM_launch_q2_2022','Grow my business on the go','https://woocommerce.com/in-person-payments/?utm_source=inbox_note&utm_medium=product&utm_campaign=wc_ipp_order_creation_GTM_launch_q2_2022','actioned','',NULL,NULL),(19281,101,'wc-admin-EU-consumer-protection','Learn more about these changes','https://ec.europa.eu/info/law/law-topic/consumer-protection-law/review-eu-consumer-law_en#guidance','actioned','',NULL,NULL),(19431,106,'TikTok q2_2022','Promote my products on TikTok','https://woocommerce.com/products/tiktok-for-woocommerce/?utm_source=inbox_note&utm_medium=product&utm_campaign=TikTok%20q2_2022','unactioned','',NULL,NULL),(19790,107,'tiktok-webinar-promo-july2022-button','RSVP Now','https://gettingstartedwithtiktokforwoocommerce.splashthat.com/','actioned','',NULL,NULL),(20712,96,'setup_task_initiative_survey_q2_2022_share_your_input','Share your input','https://t.maze.co/87390007','actioned','',NULL,NULL),(21232,112,'browse','Explorar','https://woocommerce.com/success-stories/?utm_source=inbox&utm_medium=product','actioned','',NULL,NULL),(21479,109,'klarna_q3_2022','Grow with Klarna','https://woocommerce.com/products/klarna-payments?utm_source=inbox_note&utm_medium=product&utm_campaign=klarna_q3_2022','unactioned','',NULL,NULL),(21856,108,'mercado_pago_q3_2022','Free download','https://woocommerce.com/products/mercado-pago-checkout/?utm_source=inbox_note&utm_medium=product&utm_campaign=mercado_pago_q3_2022','unactioned','',NULL,NULL),(21862,113,'mobile_app_order_management_q3_2022','Get the WooCommerce Mobile App','https://woocommerce.com/mobile/?utm_source=inbox_note&utm_medium=product&utm_campaign=mobile_app_order_management_q3_2022','actioned','',NULL,NULL),(22444,115,'product_creation_usability_test_6_months_take_a_look','Try it now','https://t.maze.co/103446424','unactioned','',NULL,NULL),(22445,116,'product_creation_usability_test_12_months_take_a_look','Try it now','https://t.maze.co/103446424','unactioned','',NULL,NULL),(22446,114,'product_creation_usability_test_3_months_take_a_look','Try it now','https://t.maze.co/103446424','unactioned','',NULL,NULL),(22565,117,'cta_customize_your_deposits','Customize your deposits','https://woocommerce.com/payments/?utm_source=inbox_note&utm_medium=product&utm_campaign=cta_customize_your_deposits','actioned','',NULL,NULL),(22566,117,'dismiss_customize_your_deposits','Dismiss','','actioned','',NULL,NULL),(23339,120,'pre-black-friday-sale-2022-announcement','Shop the sale','https://woocommerce.com/marketplace-sale/?utm_source=inbox_note&utm_medium=product&utm_campaign=pre-black-friday-sale-2022-announcement','actioned','',NULL,NULL),(23602,118,'googlelistings_signals2022_hasGLA_click','Connect Google Listings & Ads','https://msdos.club/wp-admin/admin.php?page=wc-admin&path=marketing','unactioned','',NULL,NULL),(23603,119,'googlelistings_signals2022_noGLA','Connect Google Listings & Ads','https://woocommerce.com/products/google-listings-and-ads/?utm_medium=product&utm_source=inbox_note&utm_campaign=googlelistings_signals2022_noGLA','unactioned','',NULL,NULL),(24071,122,'facebook_q4-2022_hasFB-click','Drive more demand','https://msdos.club/wp-admin/admin.php?page=wc-facebook','unactioned','',NULL,NULL),(24166,123,'facebook_q4-2022_noFB-click','Get started','https://woocommerce.com/products/facebook/?utm_source=inbox_note&utm_medium=product&utm_campaign=facebook_q4-2022_noFB-click','unactioned','',NULL,NULL),(24281,81,'wc_shipping_mobile_app_q4_2021','Get the WooCommerce Mobile App','https://woocommerce.com/mobile/?utm_source=inbox_note&utm_medium=product&utm_campaign=wc_shipping_mobile_app_q4_2021','actioned','',NULL,NULL),(24282,6,'set-up-concierge','Schedule free session','https://wordpress.com/me/concierge','actioned','',NULL,NULL),(24284,8,'learn-more-ecomm-unique-shopping-experience','Learn more','https://docs.woocommerce.com/document/product-add-ons/?utm_source=inbox','actioned','',NULL,NULL),(24285,25,'watch-the-webinar','Watch the webinar','https://youtu.be/V_2XtCOyZ7o','actioned','',NULL,NULL),(24288,37,'learn-more','Learn more','https://woocommerce.com/posts/first-things-customize-woocommerce/?utm_source=inbox_note&utm_medium=product&utm_campaign=learn-more','unactioned','',NULL,NULL),(26506,121,'shipping_category_q4_2022_click','Automate my shipping','https://woocommerce.com/product-category/woocommerce-extensions/shipping-delivery-and-fulfillment/?categoryIds=28685&collections=product&page=1&utm_source=inbox_note&utm_medium=product&utm_campaign=shipping_category_q4_2022_click','unactioned','',NULL,NULL),(26761,132,'meta-hasFB-dec-q4-2022','Connect your store','https://msdos.club/wp-admin/admin.php?page=wc-facebook','unactioned','',NULL,NULL),(27018,133,'meta-noFB-dec-q4-2022','Get started','https://woocommerce.com/products/facebook/?utm_source=inbox_note&utm_medium=product&utm_campaign=meta-noFB-dec-q4-2022','unactioned','',NULL,NULL),(27331,129,'wc-admin-manualauthcapture','Learn more','https://woocommerce.com/document/woocommerce-payments/settings-guide/authorize-and-capture/?utm_source=inbox_note&utm_medium=product&utm_campaign=wc-admin-manualauthcapture','actioned','',NULL,NULL),(27786,124,'tiktok-targeted-q4-2022-click','Launch a campaign','https://woocommerce.com/products/tiktok-for-woocommerce/?utm_source=inbox_note&utm_medium=product&utm_campaign=tiktok-targeted-q4-2022-click','unactioned','',NULL,NULL),(27790,130,'apple_pay_square_q422','Enable Apple Pay','https://msdos.club/wp-admin/wp-admin/admin.php?page=wc-settings&tab=checkout&section=square_credit_card','unactioned','',NULL,NULL),(27791,131,'apple_pay_wcpay_q422','Enable Apple Pay','https://msdos.club/wp-admin/wp-admin/admin.php?page=wc-settings&tab=checkout&section=woocommerce_payments','unactioned','',NULL,NULL),(28019,85,'share-navigation-survey-feedback','Share feedback','https://automattic.survey.fm/feedback-on-woocommerce-navigation','actioned','',NULL,NULL),(29014,136,'storeediting_feedback_jan_2023','Share your input','https://t.maze.co/135212793','actioned','',NULL,NULL),(29217,127,'woocommerce_admin_deprecation_q4_2022','Deactivate WooCommerce Admin','https://msdos.club/wp-admin/plugins.php','actioned','',NULL,NULL),(29218,125,'paypal_paylater_g3_q4_22','Instalar Pagos con PayPal','https://woocommerce.com/products/woocommerce-paypal-payments/?utm_source=inbox_note&utm_medium=product&utm_campaign=paypal_paylater_g3_q4_22','unactioned','',NULL,NULL),(29259,126,'paypal_paylater_g2_q4_22','Install PayPal Payments','https://woocommerce.com/products/woocommerce-paypal-payments/?utm_source=inbox_note&utm_medium=product&utm_campaign=paypal_paylater_g2_q4_22','unactioned','',NULL,NULL),(31214,138,'affirm_q1_2023','Get started with Affirm','https://woocommerce.com/products/woocommerce-gateway-affirm/?utm_source=inbox_note&utm_medium=product&utm_campaign=affirm_q1_2023','actioned','',NULL,NULL),(33492,158,'test-leo-rin-27-apr-2023-dismiss-button','Welcome','#','actioned','',NULL,NULL),(35615,157,'wc-admin-BNPL-WCPay-coming-soon','Sign up now','https://woocommerce.com/buy-now-pay-later-for-woocommerce-payments/?utm_source=inbox_note&utm_medium=product&utm_campaign=wc-admin-BNPL-WCPay-coming-soon','actioned','',NULL,NULL),(35989,171,'payoneer_q2_2023','Get started with Payoneer','https://woocommerce.com/products/payoneer-checkout?utm_source=inbox_note&utm_medium=product&utm_campaign=payoneer_q2_2023','actioned','',NULL,NULL),(36116,139,'google_listings_ads_pmax_i1_q1_2023_no_gla','Boost my business with Google','https://woocommerce.com/products/google-listings-and-ads/?utm_source=inbox_note&utm_medium=product&utm_campaign=google_listings_ads_pmax_i1_q1_2023_no_gla','actioned','',NULL,NULL),(36117,140,'google_listings_ads_pmax_i1_q1_2023_with_gla','Create a new ad','https://woocommerce.com/products/google-listings-and-ads/?utm_source=inbox_note&utm_medium=product&utm_campaign=google_listings_ads_pmax_i1_q1_2023_with_gla','actioned','',NULL,NULL),(36782,145,'wc-admin-wcpay-denmark-Q2-2023','Simplify my payments','https://woocommerce.com/payments/denmark/?utm_source=inbox_note&utm_medium=product&utm_campaign=wc-admin-wcpay-denmark-Q2-2023','actioned','',NULL,NULL),(36783,146,'wc-admin-wcpay-greece-Q2-2023','Simplify my payments','https://woocommerce.com/payments/greece/?utm_source=inbox_note&utm_medium=product&utm_campaign=wc-admin-wcpay-greece-Q2-2023','actioned','',NULL,NULL),(36784,147,'wc-admin-wcpay-norway-Q2-2023','Simplify my payments','https://woocommerce.com/payments/norway/?utm_source=inbox_note&utm_medium=product&utm_campaign=wc-admin-wcpay-norway-Q2-2023','actioned','',NULL,NULL),(36785,148,'wc-admin-wcpay-slovakia-Q2-2023','Simplify my payments','https://woocommerce.com/payments/slovakia/?utm_source=inbox_note&utm_medium=product&utm_campaign=wc-admin-wcpay-slovakia-Q2-2023','actioned','',NULL,NULL),(36786,149,'wc-admin-wcpay-finland-Q2-2023','Simplify my payments','https://woocommerce.com/payments/finland/?utm_source=inbox_note&utm_medium=product&utm_campaign=wc-admin-wcpay-finland-Q2-2023','actioned','',NULL,NULL),(36787,150,'wc-admin-wcpay-estonia-Q2-2023','Simplify my payments','https://woocommerce.com/payments/estonia/?utm_source=inbox_note&utm_medium=product&utm_campaign=wc-admin-wcpay-estonia-Q2-2023','actioned','',NULL,NULL),(36788,151,'wc-admin-wcpay-lithuania-Q2-2023','Simplify my payments','https://woocommerce.com/payments/lithuania/?utm_source=inbox_note&utm_medium=product&utm_campaign=wc-admin-wcpay-lithuania-Q2-2023','actioned','',NULL,NULL),(36789,152,'wc-admin-wcpay-slovenia-Q2-2023','Simplify my payments','https://woocommerce.com/payments/slovenia/?utm_source=inbox_note&utm_medium=product&utm_campaign=wc-admin-wcpay-slovenia-Q2-2023','actioned','',NULL,NULL),(36790,153,'wc-admin-wcpay-latvia-Q2-2023','Simplify my payments','https://woocommerce.com/payments/latvia/?utm_source=inbox_note&utm_medium=product&utm_campaign=wc-admin-wcpay-latvia-Q2-2023','actioned','',NULL,NULL),(36791,154,'wc-admin-wcpay-cyprus-Q2-2023','Simplify my payments','https://woocommerce.com/payments/cyprus/?utm_source=inbox_note&utm_medium=product&utm_campaign=wc-admin-wcpay-cyprus-Q2-2023','actioned','',NULL,NULL),(36792,155,'wc-admin-wcpay-malta-Q2-2023','Simplify my payments','https://woocommerce.com/payments/malta/?utm_source=inbox_note&utm_medium=product&utm_campaign=wc-admin-wcpay-malta-Q2-2023','actioned','',NULL,NULL),(36793,156,'wc-admin-wcpay-luxembourg-Q2-2023','Simplify my payments','https://woocommerce.com/payments/luxembourg/?utm_source=inbox_note&utm_medium=product&utm_campaign=wc-admin-wcpay-luxembourg-Q2-2023','actioned','',NULL,NULL),(36816,174,'product_management_card_sorting','Get started','https://t.maze.co/163892579','unactioned','',NULL,NULL),(39578,187,'tiktok-spc_june-2023','Optimize my advertising','https://woocommerce.com/products/tiktok-for-woocommerce/?utm_source=inbox_note&utm_medium=product&utm_campaign=tiktok-spc_june-2023','actioned','',NULL,NULL),(40469,82,'browse_extensions','Browse extensions','https://msdos.club/wp-admin/admin.php?page=wc-addons','unactioned','',NULL,NULL),(40587,105,'wc-admin-wisepad3','Grow my business offline','https://woocommerce.com/products/wisepad3-card-reader/?utm_source=inbox_note&utm_medium=product&utm_campaign=wc-admin-wisepad3','actioned','',NULL,NULL),(41126,128,'google_listings_ads_custom_attribute_mapping_q4_2022','Learn more','https://woocommerce.com/document/google-listings-and-ads/?utm_source=inbox_note&utm_medium=product&utm_campaign=google_listings_ads_custom_attribute_mapping_q4_2022#attribute-mapping','actioned','',NULL,NULL),(41971,179,'woocommerce_hpos_1st_notification_q2_2023','Learn more about HPOS','https://woocommerce.com/posts/platform-update-high-performance-order-storage-for-woocommerce/?utm_source=inbox_note&utm_medium=product&utm_campaign=woocommerce_hpos_1st_notification_q2_2023','actioned','',NULL,NULL),(42249,191,'square_button_q3_2023','Get started with Square','https://woocommerce.com/products/square/?utm_source=inbox_note&utm_medium=product&utm_campaign=square_button_q3_2023','actioned','',NULL,NULL),(42610,192,'wc-admin-woopayments-rebrand','Learn more about WooPayments','https://woocommerce.com/payments/?utm_source=inbox_note&utm_medium=product&utm_campaign=wc-admin-woopayments-rebrand','actioned','',NULL,NULL),(42711,197,'tiktok-apac-webinar-2023','RSVP today','https://unlockingtiktokwithwoocommerce.splashthat.com/','actioned','',NULL,NULL),(43368,199,'avalara_q3-2023_withAvaTax','Learn more about VAT settings','https://woocommerce.com/document/avalara-avatax/?utm_source=inbox_note&utm_medium=product&utm_campaign=avalara_q3-2023_withAvaTax#section-15','unactioned','',NULL,NULL),(43464,200,'google_uxstudy_recruitment_q3-2023','Take the survey','https://eachandother.fra1.qualtrics.com/jfe/form/SV_0W118szcJOtIkzc','unactioned','',NULL,NULL),(43919,181,'wc-admin-wcpay-bulgaria-Q2-2023','Simplify my payments','https://woocommerce.com/payments/bulgaria/?utm_source=inbox_note&utm_medium=product&utm_campaign=wc-admin-wcpay-bulgaria-Q2-2023','actioned','',NULL,NULL),(43920,182,'wc-admin-wcpay-czechia-Q2-2023','Simplify my payments','https://woocommerce.com/payments/czechia/?utm_source=inbox_note&utm_medium=product&utm_campaign=wc-admin-wcpay-czechia-Q2-2023','actioned','',NULL,NULL),(43921,183,'wc-admin-wcpay-croatia-Q2-2023','Simplify my payments','https://woocommerce.com/payments/croatia/?utm_source=inbox_note&utm_medium=product&utm_campaign=wc-admin-wcpay-croatia-Q2-2023','actioned','',NULL,NULL),(43922,184,'wc-admin-wcpay-hungary-Q2-2023','Simplify my payments','https://woocommerce.com/payments/hungary/?utm_source=inbox_note&utm_medium=product&utm_campaign=wc-admin-wcpay-hungary-Q2-2023','actioned','',NULL,NULL),(43923,185,'wc-admin-wcpay-romania-Q2-2023','Simplify my payments','https://woocommerce.com/payments/romania/?utm_source=inbox_note&utm_medium=product&utm_campaign=wc-admin-wcpay-romania-Q2-2023','actioned','',NULL,NULL),(43924,186,'wc-admin-wcpay-sweden-Q2-2023','Simplify my payments','https://woocommerce.com/payments/sweden/?utm_source=inbox_note&utm_medium=product&utm_campaign=wc-admin-wcpay-sweden-Q2-2023','actioned','',NULL,NULL),(44771,143,'tap_to_pay_iphone_q2_2023_with_wcpay','Set up Tap to Pay on iPhone','https://woocommerce.com/document/woopayments/in-person-payments/tap-to-pay-iphone?utm_source=inbox_note&utm_medium=product&utm_campaign=tap_to_pay_iphone_q2_2023_with_wcpay','actioned','',NULL,NULL),(45410,172,'ipp_refresh_q2_2023_us_inbox_notification','Grow my business on the go','https://woocommerce.com/in-person-payments/?utm_source=inbox_note&utm_medium=product&utm_campaign=ipp_refresh_q2_2023_us_inbox_notification','actioned','',NULL,NULL),(45411,173,'ipp_refresh_q2_2023_ca_inbox_notification','Grow my business on the go','https://woocommerce.com/in-person-payments/?utm_source=inbox_note&utm_medium=product&utm_campaign=ipp_refresh_q2_2023_ca_inbox_notification','actioned','',NULL,NULL),(46039,202,'tiktok_shopGTM_q3-2023_hasTikTok','Learn more','https://woocommerce.com/document/tiktok-for-woocommerce/?utm_source=inbox_note&utm_medium=product&utm_campaign=tiktok_shopGTM_q3-2023_hasTikTok','unactioned','',NULL,NULL),(46126,203,'tiktok_shopGTM_q3-2023_noTikTok','Learn more','https://woocommerce.com/products/tiktok-for-woocommerce/?utm_source=inbox_note&utm_medium=product&utm_campaign=tiktok_shopGTM_q3-2023_noTikTok','unactioned','',NULL,NULL),(46733,204,'klaviyo_q3_2023','Integrate in minutes','https://woocommerce.com/products/klaviyo-for-woocommerce/?utm_source=inbox_note&utm_medium=product&utm_campaign=klaviyo_q3_2023','unactioned','',NULL,NULL),(48309,205,'wc_admin_BNPL_WCPay_Q3_2023','Enable buy now, pay later','https://woocommerce.com/?post_type=documentation&p=18734002212927&preview=true&utm_source=inbox_note&utm_medium=product&utm_campaign=wc_admin_BNPL_WCPay_Q3_2023','actioned','',NULL,NULL),(48310,206,'wc_admin_afterpay_WCPay_Q3_2023','Enable buy now, pay later','https://woocommerce.com/?post_type=documentation&p=18734002212927&preview=true&utm_source=inbox_note&utm_medium=product&utm_campaign=wc_admin_afterpay_WCPay_Q3_2023','actioned','',NULL,NULL),(49417,208,'Klarna_Enable_CTA_10OCT23','Enable Klarna','https://msdos.club/wp-admin/wp-admin/admin.php?page=wc-settings&tab=checkout&section=woocommerce_payments/#payment-methods','actioned','',NULL,NULL),(49418,208,'Klarna_Update_CTA_10OCT23','Update WooPayments','https://msdos.club/wp-admin/wp-admin/plugins.php?s=woocommercepayments&plugin_status=all','actioned','',NULL,NULL),(51291,209,'wc_com_in_person_payments_card_sale_US_inbox_note_q4_23','Save 35%','https://woocommerce.com/products/m2-card-reader/?utm_source=inbox_note&utm_medium=product&utm_campaign=wc_com_in_person_payments_card_sale_US_inbox_note_q4_23','actioned','',NULL,NULL),(51292,210,'wc_com_in_person_payments_card_sale_UK_inbox_note_q4_23','Save 35%','https://woocommerce.com/products/wisepad3-card-reader/?utm_source=inbox_note&utm_medium=product&utm_campaign=wc_com_in_person_payments_card_sale_UK_inbox_note_q4_23','actioned','',NULL,NULL),(51293,211,'wc_com_in_person_payments_card_sale_CA_inbox_note_q4_23','Save 35%','https://woocommerce.com/products/wisepad3-card-reader/?utm_source=inbox_note&utm_medium=product&utm_campaign=wc_com_in_person_payments_card_sale_CA_inbox_note_q4_23','actioned','',NULL,NULL),(51296,213,'wc_admin_WooPay_Q4_2023','Get started today','https://msdos.club/wp-admin/https://woocommerce.com/document/woopay-merchant-documentation/?utm_source=inbox_note&utm_medium=product&utm_campaign=wc_admin_WooPay_Q4_2023','actioned','',NULL,NULL),(52112,215,'paypal_paylater_g2_q4_22','Install PayPal Payments','https://woo.com/products/woocommerce-paypal-payments/?utm_source=inbox_note&utm_medium=product&utm_campaign=paypal_paylater_g2_q4_22','unactioned','',NULL,NULL),(52574,214,'wc_admin_WooPay_Oct30_2023','Get started today','https://woo.com/document/woopay-merchant-documentation/?utm_source=inbox_note&utm_medium=product&utm_campaign=wc_admin_WooPay_Oct30_2023','actioned','',NULL,NULL),(56538,217,'tap_to_pay_iphone_q4_2023_no_woopayments','Simplify my payments','https://woo.com/products/woopayments/?utm_source=inbox_note&utm_medium=product&utm_campaign=tap_to_pay_iphone_q4_2023_no_woopayments','actioned','',NULL,NULL),(56539,218,'tap_to_pay_iphone_q4_2023_with_woopayments','Set up Tap to Pay on iPhone','https://woo.com/document/woopayments/in-person-payments/tap-to-pay-iphone/?utm_source=inbox_note&utm_medium=product&utm_campaign=tap_to_pay_iphone_q4_2023_with_woopayments','actioned','',NULL,NULL),(63246,223,'view-report','Ver informe','?page=wc-admin&path=/analytics/revenue&period=custom&compare=previous_year&after=2024-02-18&before=2024-02-18','actioned','',NULL,NULL),(63536,222,'custom_order_attribution_inbox_q1_2024','Find more clarity','https://woo.com/document/order-attribution-tracking/?utm_source=inbox_note&utm_medium=product&utm_campaign=custom_order_attribution_inbox_q1_2024','actioned','',NULL,NULL),(65549,110,'learn-more','Find out more','https://developer.woocommerce.com/2022/08/09/woocommerce-payments-3-9-4-4-5-1-security-releases/','unactioned','',NULL,NULL),(65550,110,'dismiss','Dismiss','','actioned','',NULL,NULL),(65551,111,'learn-more','Find out more','https://developer.woocommerce.com/2022/08/09/woocommerce-payments-3-9-4-4-5-1-security-releases/','unactioned','',NULL,NULL),(65552,111,'dismiss','Dismiss','','actioned','',NULL,NULL),(66679,224,'wc_admin_UKpricingchange_WCPay_Q1_2024','See related fees for each country','https://woo.com/document/woopayments/fees-and-debits/fees/?utm_source=inbox_note&utm_medium=product&utm_campaign=wc_admin_UKpricingchange_WCPay_Q1_2024#countries-in-europe','actioned','',NULL,NULL),(67080,221,'amazon_pay_ext-link_q1-24','Register your account now','https://eu.amazonpayments.com/2024-uk-woopricepromoregistration?utm_campaign=woo_price_promo&utm_medium=EM&utm_source=direct&utm_content=cta&utm_creative=&ld=EMUKAPA-woo_price_promo-direct-24Q1','actioned','',NULL,NULL),(69399,69,'learn-more','Aprender más','https://woocommerce.com/mobile/?utm_source=inbox&utm_medium=product','actioned','',NULL,NULL),(69400,51,'learn-more','Aprender más','https://woocommerce.com/posts/pre-launch-checklist-the-essentials/?utm_source=inbox&utm_medium=product','actioned','',NULL,NULL),(69401,39,'learn-more','Aprender más','https://woocommerce.com/mobile/?utm_source=inbox&utm_medium=product','actioned','',NULL,NULL),(69402,55,'learn-more','Aprender más','https://woocommerce.com/mobile/?utm_source=inbox&utm_medium=product','actioned','',NULL,NULL),(70734,227,'affirm_q2_2024','Power up your payments','https://woocommerce.com/products/woocommerce-gateway-affirm/?utm_source=inbox_note&utm_medium=product&utm_campaign=affirm_q2_2024','actioned','',NULL,NULL),(71446,225,'airwallex_q1_2024','Get started with Airwallex','https://woocommerce.com/products/airwallexpayments/?utm_source=inbox_note&utm_medium=product&utm_campaign=airwallex_q1_2024','actioned','',NULL,NULL),(71615,175,'woocommerce-WCStripe-May-2023-updated-needed-Plugin-Settings','See available updates','https://msdos.club/wp-admin/plugins.php?plugin_status=all','unactioned','',NULL,NULL),(71616,175,'woocommerce-WCStripe-May-2023-updated-needed-Plugin-Settings-dismiss','Dismiss','#','actioned','',NULL,NULL),(71617,177,'woocommerce-WCPayments-June-2023-updated-needed-Plugin-Settings','See available updates','https://msdos.club/wp-admin/plugins.php?plugin_status=all','unactioned','',NULL,NULL),(71618,177,'woocommerce-WCPayments-June-2023-updated-needed-Dismiss','Dismiss','#','actioned','',NULL,NULL),(71633,195,'woocommerce-WooPayments-Aug-2023-update-needed','See available updates','https://msdos.club/wp-admin/update-core.php?','unactioned','',NULL,NULL),(71634,195,'dismiss','Dismiss','#','actioned','',NULL,NULL),(72680,226,'checkout_survey_new_users_share_feedback','Share feedback','https://automattic.survey.fm/woocommerce-checkout-survey','unactioned','',NULL,NULL),(72681,228,'checkout_survey_new_users_no_orders_share_feedback','Share feedback','https://automattic.survey.fm/woocommerce-checkout-survey','unactioned','',NULL,NULL),(75147,230,'mailchimp_q2_2024','Connect now','https://woocommerce.com/products/mailchimp-for-woocommerce/?utm_source=inbox_note&utm_medium=product&utm_campaign=mailchimp_q2_2024','actioned','',NULL,NULL),(75325,231,'WC-order-attribution-update-June-2024-click','See available updates','https://msdos.club/wp-admin/update-core.php?','unactioned','',NULL,NULL),(75326,231,'WC-order-attribution-update-June-2024-dismiss','Dismiss','https://msdos.club/wp-admin/#','actioned','',NULL,NULL),(77831,233,'bfcm-survey-jul2024-click','Take the Survey','https://2yp7yqymm1z.typeform.com/holidaysurvey','unactioned','',NULL,NULL),(78585,234,'stripe_newcheckout_q3_2024_click','Get the new checkout','https://woocommerce.com/document/stripe/admin-experience/new-checkout-experience/?utm_source=inbox_note&utm_medium=product&utm_campaign=stripe_newcheckout_q3_2024_click','unactioned','',NULL,NULL),(78891,229,'woocommerce-payfast-may-2024-update-needed-click','See available updates','https://msdos.club/wp-admin/update-core.php?','unactioned','',NULL,NULL),(78892,229,'woocommerce-payfast-may-2024-update-needed-dismiss','Dismiss','https://msdos.club/wp-admin/#','actioned','',NULL,NULL),(78893,232,'checkout_block_update_july_2024','Learn more','https://woocommerce.com/document/cart-checkout-blocks-status/changes-in-woocommerce-9-0/?utm_source=inbox_note&utm_medium=product&utm_campaign=checkout_block_update_july_2024','actioned','',NULL,NULL),(81747,235,'klaviyo_q4_2024','Try Klaviyo for free','https://woocommerce.com/products/klaviyo-for-woocommerce/?utm_source=inbox_note&utm_medium=product&utm_campaign=klaviyo_q4_2024','actioned','',NULL,NULL),(81916,7,'learn-more','Learn more','https://docs.woocommerce.com/document/woocommerce-shipping-and-tax/?utm_source=inbox','unactioned','',NULL,NULL),(82575,236,'wnww-recap-july-button','See what’s new','https://woocommerce.com/posts/new-with-woo-july-2024/?utm_source=inbox_note&utm_medium=product&utm_campaign=wnww-recap-july-button','unactioned','',NULL,NULL),(83079,201,'woo-activation-survey-blockers-survey-button-22AUG23','Take our short survey','https://woocommerce.survey.fm/getting-started-with-woo','unactioned','',NULL,NULL),(84745,237,'bfcm2024-landing-page-button','Read the report','https://woocommerce.com/black-friday-trends?utm_source=inbox_note&utm_medium=product&utm_campaign=bfcm2024-landing-page-button','unactioned','',NULL,NULL),(87554,239,'paypal_cta_q3_2024','Activar PayPal Payments','https://woocommerce.com/products/woocommerce-paypal-payments/?utm_source=inbox_note&utm_medium=product&utm_campaign=paypal_cta_q3_2024','unactioned','',NULL,NULL),(89462,238,'stripe_securityupdate_q4_2024_click','Review and update','https://woocommerce.com/document/stripe/admin-experience/updated-requirements-for-stripe-plugin-mid-2024/?utm_source=inbox_note&utm_medium=product&utm_campaign=stripe_securityupdate_q4_2024_click','unactioned','',NULL,NULL),(89903,241,'paypal_cta_q3_2024_v2','Activar PayPal Payments','https://woocommerce.com/products/woocommerce-paypal-payments/?utm_source=inbox_note&utm_medium=product&utm_campaign=paypal_cta_q3_2024_v2','unactioned','',NULL,NULL),(90085,240,'mollie_q4_2024','Get paid with Mollie','https://woocommerce.com/products/mollie-payments-for-woocommerce/?utm_source=inbox_note&utm_medium=product&utm_campaign=mollie_q4_2024','unactioned','',NULL,NULL),(91433,242,'Renewal_notification_emails_Woosubscriptions_button_Nov2024','Set up automatic subscription reminders','https://woocommerce.com/document/subscriptions/subscriptions-notifications/?utm_source=inbox_note&utm_medium=product&utm_campaign=Renewal_notification_emails_Woosubscriptions_button_Nov2024','unactioned','',NULL,NULL),(92355,243,'paypal_promo_Q4_2024','Add PayPal today','https://woocommerce.com/products/woocommerce-paypal-payments/?utm_source=inbox_note&utm_medium=product&utm_campaign=paypal_promo_Q4_2024','unactioned','',NULL,NULL),(93818,246,'Announce-UPS-WCShipping-button-Dec2024','Ship with UPS on WooCommerce','https://woocommerce.com/ups-and-woocommerce/?utm_source=inbox_note&utm_medium=product&utm_campaign=Announce-UPS-WCShipping-button-Dec2024','unactioned','',NULL,NULL),(94348,245,'usps-mail-service-to-canada-suspended-dec-2024','Stay up to date','https://about.usps.com/newsroom/service-alerts/international/canada-suspension.htm','unactioned','',NULL,NULL),(94531,247,'account-creation-after-checkout-button-dec2024','Enable it today','https://woocommerce.com/document/woocommerce-store-editing/customizing-order-confirmation-page/?utm_source=inbox_note&utm_medium=product&utm_campaign=account-creation-after-checkout-button-dec2024','unactioned','',NULL,NULL),(98684,249,'affirm_promo_Q1_2025','Save with Affirm','https://woocommerce.com/products/woocommerce-gateway-affirm/?utm_source=inbox_note&utm_medium=product&utm_campaign=affirm_promo_Q1_2025','unactioned','',NULL,NULL),(99115,250,'new-woo-brand-announcement-feb4-2025-button','Read the blog','https://woocommerce.com/posts/introducing-the-new-woo-brand/?utm_source=inbox_note&utm_medium=product&utm_campaign=new-woo-brand-announcement-feb4-2025-button','unactioned','',NULL,NULL),(99711,251,'paypal_bnpl_au_promo_Q1_2025_button','Enable “Pay in 4” now','https://woocommerce.com/document/woocommerce-paypal-payments/?utm_source=inbox_note&utm_medium=product&utm_campaign=paypal_bnpl_au_promo_Q1_2025_button#pay-later-tab','unactioned','',NULL,NULL),(100489,252,'stripe_stripetax_q1_2025_click','Automate my taxes with Stripe','https://woocommerce.com/products/stripe-tax/?utm_source=inbox_note&utm_medium=product&utm_campaign=stripe_stripetax_q1_2025_click','unactioned','',NULL,NULL),(101168,253,'printful_promo_q1_2025','Get started for free','https://woocommerce.com/products/printful/?utm_source=inbox_note&utm_medium=product&utm_campaign=printful_promo_q1_2025','unactioned','',NULL,NULL),(103105,255,'woo-marketplace-two-year-subscriptions-rin-2025-03-17','Browse the Marketplace','https://woocommerce.com/products/?utm_source=inbox_note&utm_medium=product&utm_campaign=woo-marketplace-two-year-subscriptions-rin-2025-03-17','actioned','',NULL,NULL),(104440,256,'viva_wallet_migration_q1_2025_click','Get Viva.com Smart Checkout','https://woocommerce.com/it/products/viva-com-smart-for-woocommerce/?utm_source=inbox_note&utm_medium=product&utm_campaign=viva_wallet_migration_q1_2025_click','actioned','',NULL,NULL),(105677,257,'stripe_nocapture_q2_2025_click','Update now','https://woocommerce.com/products/woocommerce-order-status-manager/?utm_source=inbox_note&utm_medium=product&utm_campaign=stripe_nocapture_q2_2025_click','unactioned','',NULL,NULL),(105862,258,'WooCommerce-Stripe-Gateway-Update-April-2025','See available updates','https://msdos.club/wp-admin/update-core.php?','actioned','',NULL,NULL),(105863,259,'WooCommerce-Stripe-Gateway-Update-Info-April-2025','Dismiss','#','actioned','',NULL,NULL),(106924,17,'update-db_run','Actualizar la base de datos de WooCommerce','https://msdos.club/wp-admin/?do_update_woocommerce=true&return_url=https://msdos.club/wp-admin/admin.php?page=printful-dashboard','unactioned','wc_db_update','wc_db_update','wc_db_update_nonce'),(106925,17,'update-db_learn-more','Aprende más acerca de las actualizaciones','https://woocommerce.com/document/how-to-update-woocommerce/','unactioned','',NULL,NULL),(107007,260,'klaviyo_q2_2025','Try Klaviyo today','https://woocommerce.com/products/klaviyo-for-woocommerce/?utm_source=inbox_note&utm_medium=product&utm_campaign=klaviyo_q2_2025','actioned','',NULL,NULL),(107013,263,'try-the-new-templates','Prueba las nuevas plantillas','?page=wc-settings&tab=email&try-new-templates','actioned','',NULL,NULL),(107014,79,'wayflyer_bnpl_q4_2021','Level up with funding','https://woocommerce.com/products/wayflyer/?utm_source=inbox_note&utm_medium=product&utm_campaign=wayflyer_bnpl_q4_2021','actioned','',NULL,NULL),(107015,80,'wc_shipping_mobile_app_usps_q4_2021','Get WooCommerce Shipping','https://woocommerce.com/woocommerce-shipping/?utm_source=inbox_note&utm_medium=product&utm_campaign=wc_shipping_mobile_app_usps_q4_2021','actioned','',NULL,NULL),(107016,24,'learn-more','Learn more','https://woocommerce.com/posts/ecommerce-shipping-solutions-guide/?utm_source=inbox_note&utm_medium=product&utm_campaign=learn-more','actioned','',NULL,NULL),(107017,36,'optimizing-the-checkout-flow','Learn more','https://woocommerce.com/posts/optimizing-woocommerce-checkout?utm_source=inbox_note&utm_medium=product&utm_campaign=optimizing-the-checkout-flow','actioned','',NULL,NULL),(107018,49,'qualitative-feedback-from-new-users','Share feedback','https://automattic.survey.fm/woopayments-new-user-feedback','actioned','',NULL,NULL),(107019,52,'share-feedback','Share feedback','http://automattic.survey.fm/paypal-feedback','unactioned','',NULL,NULL),(107020,57,'get-started','Get started','https://woocommerce.com/products/google-listings-and-ads?utm_source=inbox_note&utm_medium=product&utm_campaign=get-started','actioned','',NULL,NULL),(107021,56,'update-wc-subscriptions-3-0-15','View latest version','https://msdos.club/wp-admin/&page=wc-addons&section=helper','actioned','',NULL,NULL),(107022,58,'update-wc-core-5-4-0','How to update WooCommerce','https://docs.woocommerce.com/document/how-to-update-woocommerce/','actioned','',NULL,NULL),(107023,61,'ppxo-pps-install-paypal-payments-1','View upgrade guide','https://docs.woocommerce.com/document/woocommerce-paypal-payments/paypal-payments-upgrade-guide/','actioned','',NULL,NULL),(107024,62,'ppxo-pps-install-paypal-payments-2','View upgrade guide','https://docs.woocommerce.com/document/woocommerce-paypal-payments/paypal-payments-upgrade-guide/','actioned','',NULL,NULL),(107025,65,'learn-more','Learn more','https://woocommerce.com/posts/critical-vulnerability-detected-july-2021/?utm_source=inbox_note&utm_medium=product&utm_campaign=learn-more','unactioned','',NULL,NULL),(107026,65,'dismiss','Dismiss','','actioned','',NULL,NULL),(107027,66,'learn-more','Learn more','https://woocommerce.com/posts/critical-vulnerability-detected-july-2021/?utm_source=inbox_note&utm_medium=product&utm_campaign=learn-more','unactioned','',NULL,NULL),(107028,66,'dismiss','Dismiss','','actioned','',NULL,NULL),(107029,67,'learn-more','Learn more','https://woocommerce.com/posts/critical-vulnerability-detected-july-2021/?utm_source=inbox_note&utm_medium=product&utm_campaign=learn-more','unactioned','',NULL,NULL),(107030,67,'dismiss','Dismiss','','actioned','',NULL,NULL),(107031,68,'learn-more','Learn more','https://woocommerce.com/posts/critical-vulnerability-detected-july-2021/?utm_source=inbox_note&utm_medium=product&utm_campaign=learn-more','unactioned','',NULL,NULL),(107032,68,'dismiss','Dismiss','','actioned','',NULL,NULL),(107033,73,'share-feedback','Share feedback','https://automattic.survey.fm/store-management','unactioned','',NULL,NULL),(107034,91,'learn-more','Learn more','https://developer.woocommerce.com/2022/03/10/woocommerce-3-5-10-6-3-1-security-releases/','unactioned','',NULL,NULL),(107035,91,'woocommerce-core-paypal-march-2022-dismiss','Dismiss','','actioned','',NULL,NULL),(107036,92,'learn-more','Learn more','https://developer.woocommerce.com/2022/03/10/woocommerce-3-5-10-6-3-1-security-releases/','unactioned','',NULL,NULL),(107037,92,'dismiss','Dismiss','','actioned','',NULL,NULL),(107038,93,'pinterest_03_2022_update','Update Instructions','https://woocommerce.com/document/pinterest-for-woocommerce/?utm_source=inbox_note&utm_medium=product&utm_campaign=pinterest_03_2022_update#section-3','actioned','',NULL,NULL),(107039,100,'store_setup_survey_survey_q2_2022_share_your_thoughts','Tell us how it’s going','https://automattic.survey.fm/store-setup-survey-2022','actioned','',NULL,NULL),(107040,134,'needs-update-eway-payment-gateway-rin-action-button-2022-12-20','See available updates','https://msdos.club/wp-admin/update-core.php','unactioned','',NULL,NULL),(107041,134,'needs-update-eway-payment-gateway-rin-dismiss-button-2022-12-20','Dismiss','#','actioned','',NULL,NULL),(107042,135,'updated-eway-payment-gateway-rin-action-button-2022-12-20','See all updates','https://msdos.club/wp-admin/update-core.php','unactioned','',NULL,NULL),(107043,135,'updated-eway-payment-gateway-rin-dismiss-button-2022-12-20','Dismiss','#','actioned','',NULL,NULL),(107044,137,'share-navigation-survey-feedback','Share feedback','https://automattic.survey.fm/new-ecommerce-plan-navigation','actioned','',NULL,NULL),(107045,161,'woopay-beta-merchantrecruitment-activate-04MAY23','Activate WooPay','https://msdos.club/wp-admin/admin.php?page=wc-settings&tab=checkout&section=woocommerce_payments&method=platform_checkout','actioned','',NULL,NULL),(107046,161,'woopay-beta-merchantrecruitment-activate-learnmore-04MAY23','Learn More','https://woocommerce.com/woopay-businesses/?utm_source=inbox_note&utm_medium=product&utm_campaign=woopay-beta-merchantrecruitment-activate-learnmore-04MAY23','unactioned','',NULL,NULL),(107047,141,'woocommerce-wcpay-march-2023-update-needed-button','See Blog Post','https://developer.woocommerce.com/2023/03/23/critical-vulnerability-detected-in-woocommerce-payments-what-you-need-to-know','unactioned','',NULL,NULL),(107048,141,'woocommerce-wcpay-march-2023-update-needed-dismiss-button','Dismiss','#','actioned','',NULL,NULL),(107049,142,'tap_to_pay_iphone_q2_2023_no_wcpay','Simplify my payments','https://woocommerce.com/products/woocommerce-payments/?utm_source=inbox_note&utm_medium=product&utm_campaign=tap_to_pay_iphone_q2_2023_no_wcpay','actioned','',NULL,NULL),(107050,144,'extension-settings','See available updates','https://msdos.club/wp-admin/update-core.php','unactioned','',NULL,NULL),(107051,144,'dismiss','Dismiss','#','actioned','',NULL,NULL),(107052,162,'woopay-beta-merchantrecruitment-update-WCPay-04MAY23','Update WooCommerce Payments','https://msdos.club/wp-admin/plugins.php?plugin_status=all','unactioned','',NULL,NULL),(107053,162,'woopay-beta-merchantrecruitment-update-activate-04MAY23','Activate WooPay','https://msdos.club/wp-admin/admin.php?page=wc-settings&tab=checkout&section=woocommerce_payments&method=platform_checkout','actioned','',NULL,NULL),(107054,159,'woopay-beta-existingmerchants-noaction-documentation-27APR23','Documentation','https://woocommerce.com/document/woopay-merchant-documentation/?utm_source=inbox_note&utm_medium=product&utm_campaign=woopay-beta-existingmerchants-noaction-documentation-27APR23','actioned','',NULL,NULL),(107055,160,'woopay-beta-existingmerchants-update-WCPay-27APR23','Update WooCommerce Payments','https://msdos.club/wp-admin/plugins.php?plugin_status=all','actioned','',NULL,NULL),(107056,163,'woopay-beta-merchantrecruitment-short-activate-04MAY23','Activate WooPay','https://msdos.club/wp-admin/admin.php?page=wc-settings&tab=checkout&section=woocommerce_payments&method=platform_checkout','actioned','',NULL,NULL),(107057,163,'woopay-beta-merchantrecruitment-short-activate-learnmore-04MAY23','Learn More','https://woocommerce.com/woopay-businesses/?utm_source=inbox_note&utm_medium=product&utm_campaign=woopay-beta-merchantrecruitment-short-activate-learnmore-04MAY23','actioned','',NULL,NULL),(107058,164,'woopay-beta-merchantrecruitment-short-update-WCPay-04MAY23','Update WooCommerce Payments','https://msdos.club/wp-admin/plugins.php?plugin_status=all','unactioned','',NULL,NULL),(107059,164,'woopay-beta-merchantrecruitment-short-update-activate-04MAY23','Activate WooPay','https://msdos.club/wp-admin/admin.php?page=wc-settings&tab=checkout&section=woocommerce_payments&method=platform_checkout','actioned','',NULL,NULL),(107060,165,'woopay-beta-merchantrecruitment-short-activate-06MAY23-TESTA','Activate WooPay Test A','https://msdos.club/wp-admin/admin.php?page=wc-settings&tab=checkout&section=woocommerce_payments&method=platform_checkout','unactioned','',NULL,NULL),(107061,165,'woopay-beta-merchantrecruitment-short-activate-learnmore-06MAY23-TESTA','Learn More','https://woocommerce.com/woopay-businesses/?utm_source=inbox_note&utm_medium=product&utm_campaign=woopay-beta-merchantrecruitment-short-activate-learnmore-06MAY23-TESTA','unactioned','',NULL,NULL),(107062,166,'woopay-beta-merchantrecruitment-short-activate-06MAY23-TESTB','Activate WooPay Test B','https://msdos.club/wp-admin/admin.php?page=wc-settings&tab=checkout&section=woocommerce_payments&method=platform_checkout','unactioned','',NULL,NULL),(107063,166,'woopay-beta-merchantrecruitment-short-activate-learnmore-06MAY23-TESTA','Learn More','https://woocommerce.com/woopay-businesses/?utm_source=inbox_note&utm_medium=product&utm_campaign=woopay-beta-merchantrecruitment-short-activate-learnmore-06MAY23-TESTA','unactioned','',NULL,NULL),(107064,167,'woopay-beta-merchantrecruitment-short-activate-06MAY23-TESTC','Activate WooPay Test C','https://msdos.club/wp-admin/admin.php?page=wc-settings&tab=checkout&section=woocommerce_payments&method=platform_checkout','unactioned','',NULL,NULL),(107065,167,'woopay-beta-merchantrecruitment-short-activate-learnmore-06MAY23-TESTC','Learn More','https://woocommerce.com/woopay-businesses/?utm_source=inbox_note&utm_medium=product&utm_campaign=woopay-beta-merchantrecruitment-short-activate-learnmore-06MAY23-TESTC','unactioned','',NULL,NULL),(107066,168,'woopay-beta-merchantrecruitment-short-activate-06MAY23-TESTD','Activate WooPay Test D','https://msdos.club/wp-admin/admin.php?page=wc-settings&tab=checkout&section=woocommerce_payments&method=platform_checkout','unactioned','',NULL,NULL),(107067,168,'woopay-beta-merchantrecruitment-short-activate-learnmore-06MAY23-TESTD','Learn More','https://woocommerce.com/woopay-businesses/?utm_source=inbox_note&utm_medium=product&utm_campaign=woopay-beta-merchantrecruitment-short-activate-learnmore-06MAY23-TESTD','unactioned','',NULL,NULL),(107068,169,'woopay-beta-merchantrecruitment-short-activate-button-09MAY23','Activate WooPay','https://msdos.club/wp-admin/admin.php?page=wc-settings&tab=checkout&section=woocommerce_payments&method=platform_checkout','unactioned','',NULL,NULL),(107069,169,'woopay-beta-merchantrecruitment-short-activate-learnmore-button2-09MAY23','Learn More','https://woocommerce.com/woopay-businesses/?utm_source=inbox_note&utm_medium=product&utm_campaign=woopay-beta-merchantrecruitment-short-activate-learnmore-button2-09MAY23','unactioned','',NULL,NULL),(107070,170,'woopay-beta-merchantrecruitment-short-update-WCPay-09MAY23','Update WooCommerce Payments','https://msdos.club/wp-admin/plugins.php?plugin_status=all','unactioned','',NULL,NULL),(107071,170,'woopay-beta-merchantrecruitment-short-update-activate-09MAY23','Activate WooPay','https://msdos.club/wp-admin/admin.php?page=wc-settings&tab=checkout&section=woocommerce_payments&method=platform_checkout','unactioned','',NULL,NULL),(107072,178,'woocommerce-WCSubscriptions-June-2023-updated-needed-Plugin-Settings','See available updates','https://msdos.club/wp-admin/plugins.php?plugin_status=all','unactioned','',NULL,NULL),(107073,178,'woocommerce-WCSubscriptions-June-2023-updated-needed-dismiss','Dismiss','#','actioned','',NULL,NULL),(107074,176,'woocommerce-WCReturnsWarranty-June-2023-updated-needed','See available updates','https://msdos.club/wp-admin/plugins.php?plugin_status=all','unactioned','',NULL,NULL),(107075,176,'woocommerce-WCReturnsWarranty-June-2023-updated-needed','Dismiss','#','actioned','',NULL,NULL),(107076,180,'woocommerce-WCOPC-June-2023-updated-needed','See available updates','https://msdos.club/wp-admin/plugins.php?plugin_status=all','actioned','',NULL,NULL),(107077,180,'woocommerce-WCOPC-June-2023-updated-needed','Dismiss','https://msdos.club/wp-admin/#','actioned','',NULL,NULL),(107078,188,'woocommerce-WCGC-July-2023-update-needed','See available updates','https://msdos.club/wp-admin/plugins.php?plugin_status=all','unactioned','',NULL,NULL),(107079,188,'woocommerce-WCGC-July-2023-update-needed','Dismiss','#','actioned','',NULL,NULL),(107080,189,'learn-more','Learn more','https://woocommerce.com/document/fedex/?utm_medium=product&utm_source=inbox_note&utm_campaign=learn-more#july-2023-api-outage','unactioned','',NULL,NULL),(107081,190,'plugin-list','See available updates','https://msdos.club/wp-admin/plugins.php?plugin_status=all','unactioned','',NULL,NULL),(107082,190,'dismiss','Dismiss','https://msdos.club/wp-admin/admin.php?page=wc-admin','actioned','',NULL,NULL),(107083,193,'woocommerce-WCStripe-Aug-2023-update-needed','See available updates','https://msdos.club/wp-admin/update-core.php?','unactioned','',NULL,NULL),(107084,193,'dismiss','Dismiss','#','actioned','',NULL,NULL),(107085,194,'dismiss','Dismiss','#','actioned','',NULL,NULL),(107086,196,'dismiss','Dismiss','#','actioned','',NULL,NULL),(107087,198,'avalara_q3-2023_noAvaTax','Automate my sales tax','https://woocommerce.com/products/woocommerce-avatax/?utm_source=inbox_note&utm_medium=product&utm_campaign=avalara_q3-2023_noAvaTax','unactioned','',NULL,NULL),(107088,207,'woocommerce-usermeta-Sept2023-productvendors','See available updates','https://msdos.club/wp-admin/plugins.php','unactioned','',NULL,NULL),(107089,207,'dismiss','Dismiss','https://msdos.club/wp-admin/#','actioned','',NULL,NULL),(107090,212,'woocommerce-STRIPE-Oct-2023-update-needed','See available updates','https://msdos.club/wp-admin/update-core.php','unactioned','',NULL,NULL),(107091,212,'dismiss','Dismiss','#','actioned','',NULL,NULL),(107092,219,'amazon-mcf-review-button-2023-12-07','Leave a review','https://woocommerce.com/products/woocommerce-amazon-fulfillment/?review&utm_source=inbox_note&utm_medium=product&utm_campaign=amazon-mcf-review-button-2023-12-07','actioned','',NULL,NULL),(107093,219,'amazon-mcf-support-button-2023-12-07','Request support','https://woocommerce.com/my-account/contact-support/?utm_source=inbox_note&utm_medium=product&utm_campaign=amazon-mcf-support-button-2023-12-07','actioned','',NULL,NULL),(107094,220,'view_docs','Learn about Deposit schedules','https://woocommerce.com/document/woopayments/deposits/deposit-schedule/?utm_source=inbox_note&utm_medium=product&utm_campaign=view_docs#available-funds','unactioned','',NULL,NULL),(107095,244,'sirt-woo-2024-11-xss-admin','See available updates','https://msdos.club/wp-admin/update-core.php?','unactioned','',NULL,NULL),(107096,244,'sirt-woo-2024-11-xss-admin','Dismiss','#','actioned','',NULL,NULL),(107097,248,'woocommerce-analytics-order-attribution-promotions-december-2024-find-out-more','Find out more','https://wordpress.org/plugins/woocommerce-analytics','actioned','',NULL,NULL),(107098,254,'paypal-braintree-sdk-depreciation-2025-02-20-button','Upgrade now','https://msdos.club/wp-admin/wp-admin/plugins.php','actioned','',NULL,NULL),(107099,262,'uk-vat-notice-button-2025-04-30','Learn more about this extension','https://wordpress.org/plugins/eu-vat-for-woocommerce/','actioned','',NULL,NULL),(107100,264,'payson-retirement-2025','Explore alternative payment methods','https://woocommerce.com/product-category/woocommerce-extensions/payment-gateways/?categoryIds=28680&collections=product&page=1&country=Sweden&utm_source=inbox_note&utm_medium=product&utm_campaign=payson-retirement-2025','actioned','',NULL,NULL),(107101,265,'paypal-braintree-sdk-depreciation-2025-05-30-button','Update now','https://msdos.club/wp-admin/wp-admin/plugins.php','unactioned','',NULL,NULL),(107102,266,'woohoo10-coupon','Get 10% off now','https://woocommerce.com/products/?utm_source=inbox_note&utm_medium=product&utm_campaign=woohoo10-coupon','unactioned','',NULL,NULL),(107103,267,'paypaladvantage_q3_2025','Activate & Save Now','https://woocommerce.com/products/woocommerce-paypal-payments/?utm_source=inbox_note&utm_medium=product&utm_campaign=paypaladvantage_q3_2025','actioned','',NULL,NULL);

--
-- Table structure for table `wp_wc_admin_notes`
--

CREATE TABLE `wp_wc_admin_notes` (
  `note_id` bigint unsigned NOT NULL AUTO_INCREMENT,
  `name` varchar(255) COLLATE utf8mb4_unicode_520_ci NOT NULL,
  `type` varchar(20) COLLATE utf8mb4_unicode_520_ci NOT NULL,
  `locale` varchar(20) COLLATE utf8mb4_unicode_520_ci NOT NULL,
  `title` longtext COLLATE utf8mb4_unicode_520_ci NOT NULL,
  `content` longtext COLLATE utf8mb4_unicode_520_ci NOT NULL,
  `content_data` longtext COLLATE utf8mb4_unicode_520_ci,
  `status` varchar(200) COLLATE utf8mb4_unicode_520_ci NOT NULL,
  `source` varchar(200) COLLATE utf8mb4_unicode_520_ci NOT NULL,
  `date_created` datetime NOT NULL DEFAULT '0000-00-00 00:00:00',
  `date_reminder` datetime DEFAULT NULL,
  `is_snoozable` tinyint(1) NOT NULL DEFAULT '0',
  `layout` varchar(20) COLLATE utf8mb4_unicode_520_ci NOT NULL DEFAULT '',
  `image` varchar(200) COLLATE utf8mb4_unicode_520_ci DEFAULT NULL,
  `is_deleted` tinyint(1) NOT NULL DEFAULT '0',
  `icon` varchar(200) COLLATE utf8mb4_unicode_520_ci NOT NULL DEFAULT 'info',
  `is_read` tinyint(1) NOT NULL DEFAULT '0',
  PRIMARY KEY (`note_id`)
) ENGINE=InnoDB AUTO_INCREMENT=268 DEFAULT CHARSET=utf8mb4 COLLATE=utf8mb4_unicode_520_ci;

--
-- Dumping data for table `wp_wc_admin_notes`
--

INSERT INTO `wp_wc_admin_notes` VALUES (1,'wc-admin-onboarding-email-marketing','info','en_US','Trucos, actualizaciones de productos e inspiración','Estamos aquí para ti - consigue trucos, actualizaciones de productos e inspiración en tu buzón','{}','unactioned','woocommerce-admin','2020-08-26 17:04:09',NULL,0,'plain','',0,'info',1),(3,'wc-admin-wc-helper-connection','info','en_US','Conectar con WooCommerce.com','Conéctate para recibir avisos y actualizaciones importantes de productos.','{}','unactioned','woocommerce-admin','2020-08-26 17:04:09',NULL,0,'plain','',0,'info',1),(6,'ecomm-need-help-setting-up-your-store','info','en_US','Need help setting up your Store?','Schedule a free 30-min <a href=\"https://wordpress.com/support/concierge-support/\">quick start session</a> and get help from our specialists. We’re happy to walk through setup steps, show you around the WordPress.com dashboard, troubleshoot any issues you may have, and help you the find the features you need to accomplish your goals for your site.','{}','pending','woocommerce.com','2020-08-26 17:07:31',NULL,0,'plain','',0,'info',1),(7,'woocommerce-services','info','en_US','WooCommerce Shipping & Tax','WooCommerce Shipping &amp; Tax helps get your store \"ready to sell\" as quickly as possible. You create your products. We take care of tax calculation, payment processing, and shipping label printing! Learn more about the extension that you just installed.','{}','pending','woocommerce.com','2020-08-26 17:07:32',NULL,0,'plain','',0,'info',1),(8,'ecomm-unique-shopping-experience','info','en_US','For a shopping experience as unique as your customers','Product Add-Ons allow your customers to personalize products while they\'re shopping on your online store. No more follow-up email requests—customers get what they want, before they\'re done checking out. Learn more about this extension that comes included in your plan.','{}','pending','woocommerce.com','2020-08-26 17:07:32',NULL,0,'plain','',0,'info',1),(9,'wc-admin-mobile-app','info','en_US','Instala la aplicación móvil WooCommerce','Instala la aplicación móvil de WooCommerce para gestionar pedidos, recibir avisos de ventas y ver métricas clave – allí donde estés.','{}','unactioned','woocommerce-admin','2020-08-28 17:27:20',NULL,0,'plain','',0,'info',1),(12,'wc-admin-usage-tracking-opt-in','info','en_US','Ayuda a WooCommerce a mejorar con el seguimiento de uso','Recopilar datos de uso nos permite mejorar WooCommerce. Se tendrá en cuenta a tu tienda a medida que evaluamos nuevas características, juzgamos la calidad de una actualización o determinamos si una mejora tiene sentido. Siempre puedes visitar los <a href=\"https://msdos.club/wp-admin/admin.php?page=wc-settings&#038;tab=advanced&#038;section=woocommerce_com\" target=\"_blank\">Ajustes</a> y elegir dejar de compartir datos. <a href=\"https://woocommerce.com/usage-tracking\" target=\"_blank\">Lee más</a> sobre los datos que recopilamos.','{}','unactioned','woocommerce-admin','2020-09-02 17:04:24',NULL,0,'plain','',0,'info',1),(13,'wc-admin-store-notice-giving-feedback-2','info','en_US','Da tu opinión','Ahora que nos has elegido como socio, nuestro objetivo es asegurarnos de que proporcionemos las herramientas adecuadas para satisfacer tus necesidades. Esperamos recibir tus comentarios sobre la experiencia de configuración de la tienda para que podamos mejorarla en el futuro.','{}','unactioned','woocommerce-admin','2020-09-03 17:04:45',NULL,0,'plain','',0,'info',1),(16,'wc-admin-customize-store-with-blocks','info','en_US','Personaliza tu tienda online con bloques de WooCommerce','Con nuestros bloques puedes seleccionar y mostrar productos, categorías, filtros y más, virtualmente en cualquier parte de tu sitio – sin necesidad de usar shortcodes o editar líneas de código. Aprende más sobre cómo usar cada uno de ellos.','{}','unactioned','woocommerce-admin','2020-09-09 17:09:26',NULL,0,'plain','',0,'info',1),(17,'wc-update-db-reminder','update','en_US','Actualización obligatoria de la base de datos de WooCommerce ','¡WooCommerce se ha actualizado! Para que todo funcione correctamente tenemos que actualizar tu base de datos a la versión más reciente. El proceso de actualización de la base de datos se ejecuta en segundo plano y puede tardar un poco, así que, por favor, ten paciencia. Los usuarios avanzados pueden actualizar a través de <a href=\"https://github.com/woocommerce/woocommerce/wiki/Upgrading-the-database-using-WP-CLI\">WP CLI</a>.','{}','unactioned','woocommerce-core','2020-09-10 15:04:37',NULL,0,'plain','',1,'info',1),(18,'wcpay-promo-2020-11','marketing','en_US','wcpay-promo-2020-11','wcpay-promo-2020-11','{}','pending','woocommerce.com','2020-11-20 17:06:20',NULL,0,'plain','',0,'info',1),(19,'wcpay-subscriptions-2020-11','marketing','en_US','Manage subscriber payments from your store\'s dashboard','Securely accept cards and manage transactions right from your dashboard with <a href=\"https://woocommerce.com/payments/?utm_medium=notification&amp;utm_source=product&amp;utm_campaign=wcpay_ctrl20\" target=\"_blank\">WooCommerce Payments</a>  – now supporting <a href=\"https://woocommerce.com/products/woocommerce-subscriptions/?utm_medium=notification&amp;utm_source=product&amp;utm_campaign=wcpay_ctrl20\" target=\"_blank\">WooCommerce Subscriptions</a>! <br /><br /><em>By clicking \"Install now,\" you agree to our <a href=\"https://wordpress.com/tos/?utm_medium=notification&amp;utm_source=product&amp;utm_campaign=wcpay_ctrl20\" target=\"_blank\">Terms of Service</a>.</em>','{}','pending','woocommerce.com','2020-11-20 17:06:20',NULL,0,'plain','',0,'info',1),(20,'wc-admin-real-time-order-alerts','info','en_US','Recibe alertas de pedidos en tiempo real en cualquier lugar','Recibe avisos sobre la actividad de la tienda, incluidos nuevos pedidos y reseñas de productos directamente en tus dispositivos móviles con la aplicación Woo.','{}','unactioned','woocommerce-admin','2020-11-24 17:11:00',NULL,0,'plain','',0,'info',1),(21,'wcpay-promo-2020-12','marketing','en_US','wcpay-promo-2020-12','wcpay-promo-2020-12','{}','pending','woocommerce.com','2020-12-10 17:04:22',NULL,0,'plain','',0,'info',1),(22,'wcpay-subscriptions-2020-12','marketing','en_US','Manage payments from your store\'s dashboard','Securely accept cards and manage transactions right from your dashboard with <a href=\"https://woocommerce.com/payments/?utm_medium=notification&amp;utm_source=product&amp;utm_campaign=wcpay_ctrl20\" target=\"_blank\">WooCommerce Payments</a>! Zero setup fees or monthly fees. Just pay-as-you-go, starting at just 2.9% + $0.30 per transaction for U.S.-issued cards. <br /><br /><em>By clicking \"Install now,\" you agree to our <a href=\"https://wordpress.com/tos/?utm_medium=notification&amp;utm_source=product&amp;utm_campaign=wcpay_ctrl20\" target=\"_blank\">Terms of Service</a>.</em>','{}','pending','woocommerce.com','2020-12-10 17:04:22',NULL,0,'plain','',0,'info',1),(24,'your-first-product','info','en_US','Your first product','That’s huge! You’re well on your way to building a successful online store — now it’s time to think about how you’ll fulfill your orders.<br /><br />Read our shipping guide to learn best practices and options for putting together your shipping strategy. And for WooCommerce stores in the United States, you can print discounted shipping labels via USPS with <a href=\"https://href.li/?https://woocommerce.com/shipping\" target=\"_blank\">WooCommerce Shipping</a>.','{}','unactioned','woocommerce.com','2021-04-21 15:52:36',NULL,0,'plain','',0,'info',1),(25,'wc-admin-getting-started-in-ecommerce','info','en_US','Getting Started in eCommerce - webinar','We want to make eCommerce and this process of getting started as easy as possible for you. Watch this webinar to get tips on how to have our store up and running in a breeze.','{}','pending','woocommerce.com','2021-01-27 17:04:16',NULL,0,'plain','',0,'info',1),(27,'wc-admin-coupon-page-moved','update','en_US','¡La gestión de cupones se ha movido!','Los cupones ahora se pueden gestionar desde Marketing &gt; Cupones. Haz clic en el botón a continuación para eliminar el elemento de menú heredado WooCommerce &gt; Cupones.','{}','actioned','woocommerce-admin','2021-02-02 23:38:31',NULL,0,'plain','',0,'info',1),(29,'facebook_pixel_api_2021','marketing','en_US','Improve the performance of your Facebook ads','Enable Facebook Pixel and Conversions API through the latest version of Facebook for WooCommerce for improved measurement and ad targeting capabilities.','{}','pending','woocommerce.com','2021-02-12 17:04:12',NULL,0,'plain','',0,'info',1),(30,'facebook_ec_2021','marketing','en_US','Sync your product catalog with Facebook to help boost sales','A single click adds all products to your Facebook Business Page shop. Product changes are automatically synced, with the flexibility to control which products are listed.','{}','pending','woocommerce.com','2021-02-12 17:04:12',NULL,0,'plain','',0,'info',1),(31,'wc-square-apple-pay-boost-sales','marketing','en_US','Boost sales with Apple Pay','Now that you accept Apple Pay® with Square you can increase conversion rates by letting your customers know that Apple Pay® is available. Here’s a marketing guide to help you get started.','{}','pending','woocommerce.com','2021-02-12 17:04:12',NULL,0,'plain','',0,'info',1),(32,'wc-square-apple-pay-grow-your-business','marketing','en_US','Grow your business with Square and Apple Pay ','Now more than ever, shoppers want a fast, simple, and secure online checkout experience. Increase conversion rates by letting your customers know that you now accept Apple Pay®.','{}','pending','woocommerce.com','2021-02-12 17:04:12',NULL,0,'plain','',0,'info',1),(36,'wc-admin-optimizing-the-checkout-flow','info','en_US','Optimizing the checkout flow','It’s crucial to get your store’s checkout as smooth as possible to avoid losing sales. Let’s take a look at how you can optimize the checkout experience for your shoppers.','{}','unactioned','woocommerce.com','2021-03-10 17:05:43',NULL,0,'plain','',0,'info',1),(37,'wc-admin-first-five-things-to-customize','info','en_US','The first 5 things to customize in your store','Deciding what to start with first is tricky. To help you properly prioritize, we’ve put together this short list of the first few things you should customize in WooCommerce.','{}','unactioned','woocommerce.com','2021-02-17 17:04:16',NULL,0,'plain','',0,'info',1),(39,'wc-admin-manage-orders-on-the-go','info','en_US','Gestiona tus pedidos desde cualquier lugar','Busca pedidos, información de clientes y procesa reembolsos en un clic con la app de Woo.','{}','unactioned','woocommerce-admin','2021-02-22 17:06:44',NULL,0,'plain','',0,'info',1),(40,'wc-admin-first-product','info','en_US','¿Necesitas ayuda para añadir tu primer producto?','Este tutorial en video te ayudará en el proceso de añadir tu primer producto en WooCommerce.','{}','unactioned','woocommerce-admin','2021-03-04 17:06:28',NULL,0,'plain','',0,'info',1),(43,'wc-admin-test-checkout','info','en_US','No olvides probar tu página de finalizar compra','Asegúrate de que tu página de finalizar compra funciona correctamente antes de lanzar tu tienda. Ve al proceso de finalización de compra en su totalidad: desde añadir un producto al carrito, elegir una ubicación de envío y hacer un pago.','{}','unactioned','woocommerce-admin','2021-03-14 11:22:50',NULL,0,'plain','',0,'info',1),(45,'wcpay-apple-pay-boost-sales','marketing','en_US','Boost sales with Apple Pay','Now that you accept Apple Pay® with WooCommerce Payments you can increase conversion rates by letting your customers know that Apple Pay® is available. Here’s a marketing guide to help you get started.','{}','pending','woocommerce.com','2021-03-20 17:07:59',NULL,0,'plain','',0,'info',1),(46,'wcpay-apple-pay-grow-your-business','marketing','en_US','Grow your business with WooCommerce Payments and Apple Pay','Now more than ever, shoppers want a fast, simple, and secure online checkout experience. Increase conversion rates by letting your customers know that you now accept Apple Pay®.','{}','pending','woocommerce.com','2021-03-20 17:07:59',NULL,0,'plain','',0,'info',1),(47,'wcpay-apple-pay-is-now-available','marketing','en_US','Apple Pay is now available with WooCommerce Payments!','Increase your conversion rate by offering a fast and secure checkout with <a href=\"https://woocommerce.com/apple-pay/?utm_source=inbox&amp;utm_medium=product&amp;utm_campaign=wcpay_applepay\" target=\"_blank\">Apple Pay</a>®. It’s free to get started with <a href=\"https://woocommerce.com/payments/?utm_source=inbox&amp;utm_medium=product&amp;utm_campaign=wcpay_applepay\" target=\"_blank\">WooCommerce Payments</a>.','{}','pending','woocommerce.com','2021-03-31 17:05:07',NULL,0,'plain','',0,'info',1),(48,'paypal_ppcp_gtm_2021','marketing','en_US','Offer more options with the new PayPal','Get the latest PayPal extension for a full suite of payment methods with extensive currency and country coverage.','{}','pending','woocommerce.com','2021-04-01 17:07:09',NULL,0,'plain','',0,'info',1),(49,'wc-payments-qualitative-feedback','info','en_US','WooPayments setup - let us know what you think','Congrats on enabling WooPayments for your store. Please share your feedback in this 2 minute survey to help us improve the setup process.','{}','pending','woocommerce.com','2021-04-16 17:06:19',NULL,0,'plain','',0,'info',1),(51,'wc-admin-launch-checklist','info','en_US','¿Estás preparado para lanzar tu tienda?','Para asegurarnos de que nunca tengas esa sensación de «¿Qué se me olvidó?» hemos preparado la lista de comprobación esencial de despegue.','{}','unactioned','woocommerce-admin','2021-04-21 17:04:11',NULL,0,'plain','',0,'info',1),(52,'share-your-feedback-on-paypal','info','en_US','Share your feedback on PayPal','Share your feedback in this 2 minute survey about how we can make the process of accepting payments more useful for your store.','{}','pending','woocommerce.com','2021-05-14 17:04:44',NULL,0,'plain','',0,'info',1),(53,'wcpay_instant_deposits_gtm_2021','marketing','en_US','Get paid within minutes – Instant Deposits for WooCommerce Payments','Stay flexible with immediate access to your funds when you need them – including nights, weekends, and holidays. With <a href=\"https://woocommerce.com/products/woocommerce-payments/?utm_source=inbox&amp;utm_medium=product&amp;utm_campaign=wcpay_instant_deposits\">WooCommerce Payments\'</a> new Instant Deposits feature, you’re able to transfer your earnings to a debit card within minutes.','{}','pending','woocommerce.com','2021-05-14 17:04:44',NULL,0,'plain','',0,'info',1),(55,'wc-admin-performance-on-mobile','info','en_US','Haz seguimiento del rendimiento de tu tienda en tu móvil','Supervisa tus ventas y los productos de alto rendimiento con la aplicación de Woo. ','{}','unactioned','woocommerce-admin','2021-05-23 17:04:08',NULL,0,'plain','',0,'info',1),(56,'wc-subscriptions-security-update-3-0-15','info','en_US','WooCommerce Subscriptions security update!','We recently released an important security update to WooCommerce Subscriptions. To ensure your site’s data is protected, please upgrade <strong>WooCommerce Subscriptions to version 3.0.15</strong> or later.<br /><br />Click the button below to view and update to the latest Subscriptions version, or log in to <a href=\"https://woocommerce.com/my-dashboard\">WooCommerce.com Dashboard</a> and navigate to your <strong>Downloads</strong> page.<br /><br />We recommend always using the latest version of WooCommerce Subscriptions, and other software running on your site, to ensure maximum security.<br /><br />If you have any questions we are here to help — just <a href=\"https://woocommerce.com/my-account/create-a-ticket/\">open a ticket</a>.','{}','pending','woocommerce.com','2021-05-31 17:04:15',NULL,0,'plain','',0,'info',1),(57,'google_listings_and_ads_install','marketing','en_US','Drive traffic and sales with Google','Reach online shoppers to drive traffic and sales for your store by showcasing products across Google, for free or with ads.','{}','unactioned','woocommerce.com','2023-01-14 17:04:23',NULL,0,'plain','',0,'info',1),(58,'woocommerce-core-update-5-4-0','info','en_US','Update to WooCommerce 5.4.1 now','WooCommerce 5.4.1 addresses a checkout issue discovered in WooCommerce 5.4. We recommend upgrading to WooCommerce 5.4.1 as soon as possible.','{}','unactioned','woocommerce.com','2021-06-10 17:04:53',NULL,0,'plain','',0,'info',1),(59,'wcpay-promo-2021-6-incentive-1','marketing','en_US','Simplify the payments process for you and your customers with WooCommerce Payments','With <a href=\"https://woocommerce.com/payments/?utm_medium=notification&amp;utm_source=product&amp;utm_campaign=wcpay601\">WooCommerce Payments</a>, you can securely accept all major cards, Apple Pay®, and recurring revenue in over 100 currencies.\n				Built into your store’s WooCommerce dashboard, track cash flow and manage all of your transactions in one place – with no setup costs or monthly fees.\n				<br /><br />\n				By clicking \"Get WooCommerce Payments,\" you agree to the <a href=\"https://wordpress.com/tos/?utm_medium=notification&amp;utm_source=product&amp;utm_campaign=wcpay601\">Terms of Service</a>\n				and acknowledge you have read the <a href=\"https://automattic.com/privacy/\">Privacy Policy</a>.\n				','{}','pending','woocommerce.com','2021-06-12 17:04:40',NULL,0,'plain','',0,'info',1),(60,'wcpay-promo-2021-6-incentive-2','marketing','en_US','Simplify the payments process for you and your customers with WooCommerce Payments','With <a href=\"https://woocommerce.com/payments/?utm_medium=notification&amp;utm_source=product&amp;utm_campaign=wcpay601\">WooCommerce Payments</a>, you can securely accept all major cards, Apple Pay®, and recurring revenue in over 100 currencies.\n				Built into your store’s WooCommerce dashboard, track cash flow and manage all of your transactions in one place – with no setup costs or monthly fees.\n				<br /><br />\n				By clicking \"Get WooCommerce Payments,\" you agree to the <a href=\"https://wordpress.com/tos/?utm_medium=notification&amp;utm_source=product&amp;utm_campaign=wcpay601\">Terms of Service</a>\n				and acknowledge you have read the <a href=\"https://automattic.com/privacy/\">Privacy Policy</a>.\n				','{}','pending','woocommerce.com','2021-06-12 17:04:40',NULL,0,'plain','',0,'info',1),(61,'ppxo-pps-upgrade-paypal-payments-1','info','en_US','Get the latest PayPal extension for WooCommerce','Heads up! There’s a new PayPal on the block!<br /><br />Now is a great time to upgrade to our latest <a href=\"https://woocommerce.com/products/woocommerce-paypal-payments/\" target=\"_blank\">PayPal extension</a> to continue to receive support and updates with PayPal.<br /><br />Get access to a full suite of PayPal payment methods, extensive currency and country coverage, and pay later options with the all-new PayPal extension for WooCommerce.','{}','unactioned','woocommerce.com','2021-06-22 17:05:03',NULL,0,'plain','',0,'info',1),(62,'ppxo-pps-upgrade-paypal-payments-2','info','en_US','Upgrade your PayPal experience!','Get access to a full suite of PayPal payment methods, extensive currency and country coverage, offer subscription and recurring payments, and the new PayPal pay later options.<br /><br />Start using our <a href=\"https://woocommerce.com/products/woocommerce-paypal-payments/\" target=\"_blank\">latest PayPal today</a> to continue to receive support and updates.','{}','pending','woocommerce.com','2021-06-22 17:05:03',NULL,0,'plain','',0,'info',1),(63,'eu_vat_changes_2021','marketing','en_US','Get your business ready for the new EU tax regulations','On July 1, 2021, new taxation rules will come into play when the <a href=\"https://ec.europa.eu/taxation_customs/business/vat/modernising-vat-cross-border-ecommerce_en\">European Union (EU) Value-Added Tax (VAT) eCommerce package</a> takes effect.<br /><br />The new regulations will impact virtually every B2C business involved in cross-border eCommerce trade with the EU.<br /><br />We therefore recommend <a href=\"https://woocommerce.com/posts/new-eu-vat-regulations\">familiarizing yourself with the new updates</a>, and consult with a tax professional to ensure your business is following regulations and best practice.','{}','unactioned','woocommerce.com','2021-06-24 17:04:14',NULL,0,'plain','',0,'info',1),(64,'wayflyer_q3_2021','marketing','en_US','Grow your revenue with Wayflyer financing and analytics','Flexible financing tailored to your needs by <a href=\"https://woocommerce.com/products/wayflyer/\">Wayflyer</a> – one fee, no interest rates, penalties, equity, or personal guarantees. Based on your store\'s performance, Wayflyer can provide the financing you need to grow and the analytical insights to help you spend it.','{}','pending','woocommerce.com','2021-07-15 17:04:14',NULL,0,'plain','',0,'info',1),(65,'woocommerce-core-sqli-july-2021-need-to-update','update','en_US','Action required: Critical vulnerabilities in WooCommerce','In response to a critical vulnerability identified on July 13, 2021, we are working with the WordPress Plugins Team to deploy software updates to stores running WooCommerce (versions 3.3 to 5.5) and the WooCommerce Blocks feature plugin (versions 2.5 to 5.5).<br /><br />Our investigation into this vulnerability is ongoing, but <strong>we wanted to let you know now about the importance of updating immediately</strong>.<br /><br />For more information on which actions you should take, as well as answers to FAQs, please urgently review our blog post detailing this issue.','{}','pending','woocommerce.com','2021-07-15 17:04:14',NULL,0,'plain','',0,'info',1),(66,'woocommerce-blocks-sqli-july-2021-need-to-update','update','en_US','Action required: Critical vulnerabilities in WooCommerce Blocks','In response to a critical vulnerability identified on July 13, 2021, we are working with the WordPress Plugins Team to deploy software updates to stores running WooCommerce (versions 3.3 to 5.5) and the WooCommerce Blocks feature plugin (versions 2.5 to 5.5).<br /><br />Our investigation into this vulnerability is ongoing, but <strong>we wanted to let you know now about the importance of updating immediately</strong>.<br /><br />For more information on which actions you should take, as well as answers to FAQs, please urgently review our blog post detailing this issue.','{}','pending','woocommerce.com','2021-07-15 17:04:14',NULL,0,'plain','',0,'info',1),(67,'woocommerce-core-sqli-july-2021-store-patched','update','en_US','Solved: Critical vulnerabilities patched in WooCommerce','In response to a critical vulnerability identified on July 13, 2021, we worked with the WordPress Plugins Team to deploy software updates to stores running WooCommerce (versions 3.3 to 5.5) and the WooCommerce Blocks feature plugin (versions 2.5 to 5.5).<br /><br /><strong>Your store has been updated to the latest secure version(s)</strong>. For more information and answers to FAQs, please review our blog post detailing this issue.','{}','pending','woocommerce.com','2021-07-15 17:04:14',NULL,0,'plain','',0,'info',1),(68,'woocommerce-blocks-sqli-july-2021-store-patched','update','en_US','Solved: Critical vulnerabilities patched in WooCommerce Blocks','In response to a critical vulnerability identified on July 13, 2021, we worked with the WordPress Plugins Team to deploy software updates to stores running WooCommerce (versions 3.3 to 5.5) and the WooCommerce Blocks feature plugin (versions 2.5 to 5.5).<br /><br /><strong>Your store has been updated to the latest secure version(s)</strong>. For more information and answers to FAQs, please review our blog post detailing this issue.','{}','pending','woocommerce.com','2021-07-15 17:04:14',NULL,0,'plain','',0,'info',1),(69,'wc-admin-edit-products-on-the-move','info','en_US','Edita productos sobre la marcha','Edita y crea nuevos productos desde tus dispositivos móviles con la aplicación de Woo','{}','unactioned','woocommerce-admin','2021-08-26 17:05:45',NULL,0,'plain','',0,'info',1),(70,'mercadopago_q3_2021_ES','marketing','en_US','Cobrá con el Checkout de Mercado Pago','El procesador de pagos líder en América Latina ya está disponible para las tiendas de WooCommerce. Acepta pagos de forma segura con tarjetas de débito y crédito, dinero en efectivo, transferencias bancarias y meses con y sin interés, con el respaldo herramientas exclusivas de prevención del fraude.','{}','pending','woocommerce.com','2021-08-31 17:05:25',NULL,0,'plain','',0,'info',1),(71,'mercadopago_q3_2021_EN','marketing','en_US','Get paid with Mercado Pago Checkout','Latin America\'s leading payment processor is now available for WooCommerce stores. Securely accept debit and credit cards, cash, bank transfers, and installment payments – backed by exclusive fraud prevention tools.','{}','pending','woocommerce.com','2021-08-31 17:05:25',NULL,0,'plain','',0,'info',1),(72,'bbpos-chipper-launch','marketing','en_US','Ready to grow your business beyond online?','Collect payment in person for orders placed online using WooCommerce In-Person Payments. The BBPOS Chipper card reader can process payments securely, and keep everything synced in your WooCommerce Payments dashboard – no matter where you are.','{}','pending','woocommerce.com','2021-10-15 17:07:18',NULL,0,'plain','',0,'info',1),(73,'habit-moment-survey','marketing','en_US','We’re all ears! Share your experience so far with WooCommerce','We’d love your input to shape the future of WooCommerce together. Feel free to share any feedback, ideas or suggestions that you have.','{}','pending','woocommerce.com','2021-11-05 17:04:18',NULL,0,'plain','',0,'info',1),(74,'new_in_app_marketplace_2021_1','info','en_US','Grow your business with extensions','Check out our NEW Extensions tab to see our favorite extensions for growing your business, and discover the most popular extensions in the WooCommerce Marketplace.','{}','pending','woocommerce.com','2021-11-08 17:04:46',NULL,0,'plain','',0,'info',1),(75,'new_in_app_marketplace_2021_2','info','en_US','Customize your store with extensions','Check out our NEW Extensions tab to see our favorite extensions for customizing your store, and discover the most popular extensions in the WooCommerce Marketplace.','{}','unactioned','woocommerce.com','2021-11-08 17:04:46',NULL,0,'plain','',0,'info',1),(76,'stripe_applepay_holiday2021','marketing','en_US','Boost sales this holiday season with Apple Pay!','Increase your conversion rate by letting your customers know that you accept Apple Pay. It’s seamless to <a href=\"https://docs.woocommerce.com/document/stripe/?_ga=2.90941597.642705274.1635776464-1391993999.1621950839#apple-pay\">enable Apple Pay with Stripe</a> and easy to communicate it with this <a href=\"https://developer.apple.com/apple-pay/marketing/\">marketing guide</a>.','{}','pending','woocommerce.com','2021-11-11 17:04:10',NULL,0,'plain','',0,'info',1),(77,'square_applepay_holiday2021','marketing','en_US','Boost sales this holiday season with Apple Pay!','Increase your conversion rate by letting your customers know that you accept Apple Pay. It’s seamless to <a href=\"https://docs.woocommerce.com/document/woocommerce-square/?_ga=2.90941597.642705274.1635776464-1391993999.1621950839#section-14\">enable Apple Pay with Square</a> and easy to communicate it with this <a href=\"https://developer.apple.com/apple-pay/marketing/\">marketing guide</a>.','{}','pending','woocommerce.com','2021-11-11 17:04:10',NULL,0,'plain','',0,'info',1),(78,'wcpay_applepay_holiday2021','marketing','en_US','Boost sales this holiday season with Apple Pay!','Increase your conversion rate by letting your customers know that you accept Apple Pay. It’s seamless to <a href=\"https://docs.woocommerce.com/document/payments/apple-pay/\">enable Apple Pay with WooCommerce Payments</a> and easy to communicate it with this <a href=\"https://developer.apple.com/apple-pay/marketing/\">marketing guide</a>.','{}','pending','woocommerce.com','2021-11-11 17:04:10',NULL,0,'plain','',0,'info',1),(79,'wayflyer_bnpl_q4_2021','marketing','en_US','Grow your business with funding through Wayflyer','Fast, flexible financing to boost cash flow and help your business grow – one fee, no interest rates, penalties, equity, or personal guarantees. Based on your store’s performance, Wayflyer provides funding and analytical insights to invest in your business.','{}','pending','woocommerce.com','2021-11-12 17:04:12',NULL,0,'plain','',0,'info',1),(80,'wc_shipping_mobile_app_usps_q4_2021','marketing','en_US','Print and manage your shipping labels with WooCommerce Shipping and the WooCommerce Mobile App','Save time by printing, purchasing, refunding, and tracking shipping labels generated by <a href=\"https://woocommerce.com/woocommerce-shipping/\">WooCommerce Shipping</a> – all directly from your mobile device!','{}','pending','woocommerce.com','2021-11-12 17:04:12',NULL,0,'plain','',0,'info',1),(81,'wc_shipping_mobile_app_q4_2021','marketing','en_US','Print and manage your shipping labels with the WooCommerce Mobile App','Save time by printing, purchasing, refunding, and tracking shipping labels generated by <a href=\"https://woocommerce.com/woocommerce-shipping/\">WooCommerce Shipping</a> – all directly from your mobile device!','{}','pending','woocommerce.com','2021-11-12 17:04:12',NULL,0,'plain','',0,'info',1),(82,'new_in_app_marketplace_2021','info','en_US','Customize your store with extensions','Check out our NEW Extensions tab to see our favorite extensions for customizing your store, and discover the most popular extensions in the WooCommerce Marketplace.','{}','unactioned','woocommerce.com','2021-11-23 17:04:51',NULL,0,'plain','',0,'info',1),(85,'ecomm-wc-navigation-survey','info','en_US','We’d like your feedback on the WooCommerce navigation','We’re making improvements to the WooCommerce navigation and would love your feedback. Share your experience in this 2 minute survey.','{}','pending','woocommerce.com','2022-01-05 17:05:10',NULL,0,'plain','',0,'info',0),(86,'wc_simple_payments_m2_reader_launch_q1_2022','marketing','en_US','Take quick and easy in-person payments','WooCommerce is continuing to power up your business with our new Simple Payments feature, built exclusively for WooCommerce In-Person Payments. Capture quick and simple payments anywhere else your customers are – or offer a local pickup option with payment taken in-person for orders placed online.','{}','pending','woocommerce.com','2022-02-04 17:06:04',NULL,0,'plain','',0,'info',0),(87,'wcpay_applepay_q1_2022','marketing','en_US','Increase conversions with Apple Pay – just like Diane does','See how Diane from <a href=\"https://woocommerce.com/posts/lady-dye-yarns-from-crafts-to-activism-with-woocommerce/?utm_source=product&amp;utm_medium=inboxnotification&amp;utm_campaign=apple-pay\" target=\"_blank\">Lady Dye Yarns</a> uses Apple Pay to provide customers with the fast, secure checkout experience they love. You can, too – Apple Pay is included in WooCommerce Payments. Here\'s how you can increase conversions by encouraging shoppers to pay with a single tap.','{}','pending','woocommerce.com','2022-02-07 17:05:46',NULL,0,'plain','',0,'info',0),(88,'stripe_applepay_q1_2022','marketing','en_US','Increase conversions with Apple Pay – just like Thomas does','Read the inspirational story of <a href=\"https://woocommerce.com/posts/incredible-story-of-thomas-trendy-socks-down-syndrome-entrepreneur/?utm_source=product&amp;utm_medium=inboxnotification&amp;utm_campaign=apple-pay\" target=\"_blank\">Thomas\'s Trendy Socks</a> and see how he’s using Apple Pay to provide customers with the fast, secure checkout experience they love. You can, too – ready to turn more visitors into buyers? Accept Apple Pay by selecting Enable express checkouts in Settings &gt; Payments &gt; Stripe.','{}','pending','woocommerce.com','2022-02-07 17:05:46',NULL,0,'plain','',0,'info',0),(89,'square_applepay_q1_2022','marketing','en_US','Increase conversions with a faster checkout experience','By enabling Apple Pay in Square, your customers can complete purchases quickly and securely with a single touch or a glance – no lengthy checkout forms necessary. Accept Apple Pay by enabling Digital Wallets within Settings &gt; Payments &gt; Square.','{}','pending','woocommerce.com','2022-02-07 17:05:46',NULL,0,'plain','',0,'info',0),(90,'lead_gen_existing_customers_1','marketing','en_US','Talk to a consultant','As your business grows, you want to optimize costs, streamline operations, and sell more. We can help. Talk to us about how you can get the most out of WooCommerce.','{}','pending','woocommerce.com','2022-02-11 17:04:31',NULL,0,'plain','',0,'info',0),(91,'woocommerce-core-paypal-march-2022-updated','update','en_US','Security auto-update of WooCommerce','<strong>Your store has been updated to the latest secure version of WooCommerce</strong>. We worked with WordPress to deploy PayPal Standard security updates for stores running WooCommerce (version 3.5 to 6.3). It’s recommended to disable PayPal Standard, and use <a href=\"https://woocommerce.com/products/woocommerce-paypal-payments/\" target=\"_blank\">PayPal Payments</a> to accept PayPal.','{}','actioned','woocommerce.com','2022-03-11 17:04:46',NULL,0,'plain','',0,'info',1),(92,'woocommerce-core-paypal-march-2022-updated-nopp','update','en_US','Security auto-update of WooCommerce','<strong>Your store has been updated to the latest secure version of WooCommerce</strong>. We worked with WordPress to deploy security updates related to PayPal Standard payment gateway for stores running WooCommerce (version 3.5 to 6.3).','{}','pending','woocommerce.com','2022-03-10 17:06:02',NULL,0,'plain','',0,'info',0),(93,'pinterest_03_2022_update','marketing','en_US','Your Pinterest for WooCommerce plugin is out of date!','Update to the latest version of Pinterest for WooCommerce to continue using this plugin and keep your store connected with Pinterest. To update, visit <strong>Plugins &gt; Installed Plugins</strong>, and click on “update now” under Pinterest for WooCommerce.','{}','pending','woocommerce.com','2022-03-23 17:04:26',NULL,0,'plain','',0,'info',0),(94,'wc-admin-navigation-nudge','info','en_US','Ahora tienes acceso a la navegación de WooCommerce','Presentamos una nueva navegación para ofrecer una experiencia de usuario mejorada y más intuitiva. Puedes activar la versión beta de la nueva experiencia en los ajustes avanzados. Actívala ahora para tu tienda.','{}','unactioned','woocommerce-admin','2022-04-14 17:04:43',NULL,0,'plain','',0,'info',0),(95,'pinterest_gtm_q2_2021','marketing','en_US','Get your products in front of a large, engaged audience','Did you know that shoppers on Pinterest spend twice as much as people on other social platforms? With the new, official Pinterest for WooCommerce, you can turn your product catalog into shoppable Pins and showcase them to 400+ million monthly users looking to buy.','{}','unactioned','woocommerce.com','2022-04-24 17:04:13',NULL,0,'plain','',0,'info',0),(96,'setup_task_initiative_survey_q2_2022','survey','en_US','We want to know what matters most to you','Take 2 minutes to give us your input on what is important for you while setting up your store and help shape the future of WooCommerce together.','{}','pending','woocommerce.com','2022-04-26 17:05:32',NULL,0,'plain','',0,'info',0),(97,'woocommerce_payments_subscriptions_nopayments_q2_2022','marketing','en_US','Sell subscriptions online – without a paid extension','Say hello to WooCommerce Payments – now with built-in subscriptions functionality. Get free access to the features you need to start earning recurring revenue online. Pay as you go, with no setup costs or monthly fees.','{}','pending','woocommerce.com','2022-04-27 17:04:55',NULL,0,'plain','',0,'info',0),(98,'woocommerce_payments_subscriptions_yespayments_q2_2022','marketing','en_US','Sell subscriptions online – no extra extension required','It\'s here! WooCommerce Payments now features built-in subscriptions functionality. No need to install an extra, paid extension – we\'ve made it simpler than ever to start earning recurring revenue. Ready to grow your business?','{}','pending','woocommerce.com','2022-04-27 17:04:55',NULL,0,'plain','',0,'info',0),(99,'setup_task_second_survey_q2_2022','survey','en_US','We want to know what matters most to you','Take 2 minutes to give us your input on what is important for you while setting up your store and help shape the future of WooCommerce together.','{}','pending','woocommerce.com','2022-05-10 17:04:09',NULL,0,'plain','',0,'info',0),(100,'store_setup_survey_survey_q2_2022','survey','en_US','How is your store setup going?','Our goal is to make sure you have all the right tools to start setting up your store in the smoothest way possible.\r\nWe’d love to know if we hit our mark and how we can improve. To collect your thoughts, we made a 2-minute survey.','{}','pending','woocommerce.com','2022-05-10 17:04:09',NULL,0,'plain','',0,'info',0),(101,'wc-admin-EU-consumer-protection','marketing','en_US','Important changes to EU consumer protection laws','New regulations to help modernize and strengthen consumer protection laws in the European Union (EU) take effect on May 28, 2022. These rules impact all merchants selling to the EU, regardless of where their business is located. Further detailed information is available on the European Commission\'s official website.','{}','unactioned','woocommerce.com','2022-05-14 17:04:25',NULL,0,'plain','',0,'info',0),(102,'affirm_q2_2022','marketing','en_US','Boost your business with flexible payments','Expand your customer base with smarter payment options for more shoppers. With Affirm,  you can offer the most relevant payment options at every price point – from four interest-free payments every two weeks to longer installments up to 36 months. Fast-track your revenue goals today!','{}','pending','woocommerce.com','2022-05-15 17:04:33',NULL,0,'plain','',0,'info',0),(103,'googlelistings_multicountrygtm_q22022','marketing','en_US','Expand your audience with Multi-Country Advertising','It\'s time to expand your audience with Multi-Country Advertising, an exciting new feature in Google Listings &amp; Ads. Reach more potential customers in as many regions as you like within a single campaign, all from the convenience of your WooCommerce dashboard.','{}','unactioned','woocommerce.com','2022-05-15 17:04:33',NULL,0,'plain','',0,'info',0),(104,'wc_ipp_order_creation_GTM_launch_q2_2022','marketing','en_US','Grow your business on the go with WooCommerce In-Person Payments','Quickly create new orders, manage transactions, and take secure payments no matter where your business takes you. With automatic inventory sync, WooCommerce In-Person Payments is the only fully integrated solution for taking your WooCommerce store offline.','{}','pending','woocommerce.com','2022-05-25 17:04:35',NULL,0,'plain','',0,'info',0),(105,'wc-admin-wisepad3','marketing','en_US','Take your business on the go in Canada with WooCommerce In-Person Payments','Quickly create new orders, accept payment in person for orders placed online, and automatically sync your inventory – no matter where your business takes you. With WooCommerce In-Person Payments and the WisePad 3 card reader, you can bring the power of your store anywhere.','{}','pending','woocommerce.com','2022-06-15 17:04:41',NULL,0,'plain','',0,'info',0),(106,'TikTok q2_2022','marketing','en_US','Give your store a stage on the world’s fastest-growing advertising channel','With TikTok for WooCommerce, you can sync your catalog, create videos, and track performance in front of TikTok’s one billion global users. Try the Smart Video Generator to make ads using your existing product images – no camera needed. Get $200 in ad credit from TikTok after a $20 spend (terms &amp; conditions apply).','{}','unactioned','woocommerce.com','2022-06-21 17:04:28',NULL,0,'plain','',0,'info',0),(107,'tiktok-webinar-promo-july2022','marketing','en_US','Free webinar: TikTok for WooCommerce','Join WooCommerce and TikTok live on July 14 to learn about ad types, trends, and the best ways to connect with an audience of one billion active users on the world’s fastest-growing social platform. Participants have a chance to score a free month of Vimeo Pro, and two winners will get a $5,000 ad credit and more.','{}','pending','woocommerce.com','2022-07-09 17:05:16',NULL,0,'plain','',0,'info',0),(108,'mercado_pago_q3_2022','marketing','en_US','Get paid with Mercado Pago Checkout','Give your customers a checkout they can trust with Latin America\'s leading payment processor. Securely accept debit and credit cards, cash, bank transfers, and installment payments – backed by exclusive fraud prevention tools.','{}','pending','woocommerce.com','2022-08-08 17:04:13',NULL,0,'plain','',0,'info',0),(109,'klarna_q3_2022','marketing','en_US','Meet Klarna – your ultimate growth partner','Increase conversions by offering secure, flexible payment solutions – including buy now, pay later – all through a one-click checkout experience. Plus, you’ll tap into a whole new market of the world’s most engaged shoppers.','{}','unactioned','woocommerce.com','2022-08-08 17:04:13',NULL,0,'plain','',0,'info',0),(110,'woocommerce-payments-august-2022-need-to-update','update','en_US','Action required: Please update WooCommerce Payments','An updated secure version of WooCommerce Payments is available – please ensure that you’re using the latest patch version. For more information on what action you need to take, please review the article below.','{}','pending','woocommerce.com','2022-08-09 17:04:13',NULL,0,'plain','',0,'info',0),(111,'woocommerce-payments-august-2022-store-patched','update','en_US','WooCommerce Payments has been automatically updated','You’re now running the latest secure version of WooCommerce Payments. We’ve worked with the WordPress Plugins team to deploy a security update to stores running WooCommerce Payments (version 3.9 to 4.5). For further information, please review the article below.','{}','pending','woocommerce.com','2022-08-09 17:04:13',NULL,0,'plain','',0,'info',0),(112,'wc-admin-orders-milestone','info','en_US','¡Enhorabuena por haber procesado 10 pedidos!','¡Has logrado el hito de los 10 pedidos! Mira cómo vas. Ve algunas historias de éxito de WooCommerce para inspirarte.','{}','unactioned','woocommerce-admin','2022-08-17 11:04:23',NULL,0,'plain','',0,'info',0),(113,'mobile_app_order_management_q3_2022','marketing','en_US','Take order management on the go','The WooCommerce Mobile App continues to get better with added order management functionality! Add or remove products, edit fees, or change the shipping options in any existing order – all from within the app.','{}','unactioned','woocommerce.com','2022-08-17 17:05:07',NULL,0,'plain','',0,'info',0),(114,'product_creation_usability_test_3_months','survey','en_US','Have a say in the future of WooCommerce','Take an early look at the future of editing products in WooCommerce. Share your thoughts (~5 minutes) and help shape the experience for yourself and other merchants.','{}','pending','woocommerce.com','2022-08-25 17:04:10',NULL,0,'plain','',0,'info',0),(115,'product_creation_usability_test_6_months','survey','en_US','Try the new product edit form prototype','Take an early look at the future of editing products in WooCommerce. Share your thoughts (~5 minutes) and help shape the experience for yourself and other merchants.','{}','pending','woocommerce.com','2022-08-29 17:04:45',NULL,0,'plain','',0,'info',0),(116,'product_creation_usability_test_12_months','survey','en_US','Try the new product edit form prototype','Take an early look at the future of editing products in WooCommerce. Share your thoughts (~5 minutes) and help shape the experience for yourself and other merchants.','{}','pending','woocommerce.com','2022-09-06 17:04:14',NULL,0,'plain','',0,'info',0),(117,'custom_deposit_schedules_inbox','marketing','en_US','Customize your deposit schedule','Receive your funds according to your own business needs with custom deposit schedules from WooCommerce Payments. You’ll have the flexibility to deposit funds into your bank account daily, weekly, monthly, or even on-demand – you’ve done the work, now get paid on your terms.','{}','unactioned','woocommerce.com','2022-09-15 17:04:32',NULL,0,'plain','',0,'info',0),(118,'googlelistings_signals2022_hasGLA','marketing','en_US','Show off your products with Ads on Google','You’re ready to grow with ads. Google optimizes for performance across your products; you only pay for results. If you’re new to Google, you can earn up to $500 in ad credits (T&amp;Cs apply). <a href=\"https://woocommerce.com/my-account/create-a-ticket/\">Contact support</a> if you need guidance with Google Listings &amp; Ads.','{}','pending','woocommerce.com','2022-09-23 17:05:58',NULL,0,'plain','',0,'info',0),(119,'googlelistings_signals2022_noGLA','marketing','en_US','Show off your products with Ads on Google','You’re ready to grow with ads. Google optimizes for performance across your products; you only pay for results. If you’re new to Google, you can earn up to $500 in ad credits (T&amp;Cs apply). <a href=\"https://woocommerce.com/my-account/create-a-ticket/\">Contact support</a> if you need guidance with Google Listings &amp; Ads.','{}','pending','woocommerce.com','2022-09-23 17:05:58',NULL,0,'plain','',0,'info',0),(120,'pre-black-friday-sale-2022-announcement','marketing','en_US','Surprise! We’re offering 40% off everything at WooCommerce.com','Just in time to get your store Black Friday ready. Sale ends 7 October, 2pm UTC.','{}','unactioned','woocommerce.com','2022-10-03 17:04:10',NULL,0,'plain','',0,'info',0),(121,'shipping_category_q4_2022','marketing','en_US','Save time on shipping','Is your store all set to ship? Save valuable time (and money!) by automating your fulfillment process for the busiest shopping season. Explore our range of trusted shipping partners to get started.','{}','unactioned','woocommerce.com','2022-10-13 17:05:00',NULL,0,'plain','',0,'info',0),(122,'facebook_q4-2022_hasFB','marketing','en_US','Drive more demand this holiday season with Facebook for WooCommerce','Deliver a personalized and seamless shopping experience this holiday season with Facebook for WooCommerce. With more ad formats than ever, you can create engaging ads that meet customers across Facebook, Instagram, Messenger, and WhatsApp throughout the busy shopping season.','{}','pending','woocommerce.com','2022-10-20 17:04:09',NULL,0,'plain','',0,'info',0),(123,'facebook_q4-2022_noFB','marketing','en_US','Meet your customers where they are with Facebook for WooCommerce','Don’t wait for your customers to come to you – meet them where they’re browsing! Use the Facebook for WooCommerce extension to promote your products on Facebook, Instagram, Messenger, and WhatsApp. Create seamless shopping experiences – straight from your WooCommerce dashboard.','{}','unactioned','woocommerce.com','2022-10-22 17:04:39',NULL,0,'plain','',0,'info',1),(124,'tiktok-targeted-q4-2022','marketing','en_US','Get $200 in ad credit from TikTok after you spend $20 on your first campaign','Reach one billion shoppers with TikTok for WooCommerce this holiday season! Sync your product catalog, capture insights, and create ad campaigns right from your dashboard. Connect your store today to unlock this limited time offer! <a href=\"https://ads.tiktok.com/help/article?aid=10011326\">Terms &amp; conditions apply</a>.','{}','pending','woocommerce.com','2022-10-25 17:04:13',NULL,0,'plain','',0,'info',0),(125,'paypal_paylater_g3_q4_22','marketing','en_US','Convierte a los visitantes en compradores con Paga en 3 plazos','Añade PayPal al pago y ofrece a los clientes la opción de pagar a plazos con una marca de confianza. Con Paga en 3 plazos de PayPal, los clientes pueden pagar poco a poco y tú recibes el importe por adelantado. Contribuye a aumentar el valor medio de tus pedidos y a lograr más ventas, sin ningún coste adicional para ti.','{}','unactioned','woocommerce.com','2022-11-01 17:04:11',NULL,0,'plain','',0,'info',1),(126,'paypal_paylater_g2_q4_22','marketing','en_US','Upgrade to PayPal Payments to offer Pay Later at checkout','PayPal Pay Later is included in PayPal Payments at no additional cost to you. Customers can spread their payments over time while you get paid up front. \r\nThere’s never been a better time to upgrade your PayPal plugin. Simply download it and connect with a PayPal Business account.','{}','pending','woocommerce.com','2022-11-03 17:04:25',NULL,0,'plain','',0,'info',0),(127,'woocommerce_admin_deprecation_q4_2022','info','en_US','WooCommerce Admin is part of WooCommerce!','To make sure your store continues to run smoothly, check that WooCommerce is up-to-date – at least version 6.5 – and then disable the WooCommerce Admin plugin.','{}','pending','woocommerce.com','2022-11-04 17:04:11',NULL,0,'plain','',0,'info',0),(128,'google_listings_ads_custom_attribute_mapping_q4_2022','marketing','en_US','Our latest improvement to the Google Listings & Ads extension: Attribute Mapping','You spoke, we listened. This new feature enables you to easily upload your products, customize your product attributes in one place, and target shoppers with more relevant ads. Extend how far your ad dollars go with each campaign.','{}','pending','woocommerce.com','2022-12-01 17:04:26',NULL,0,'plain','',0,'info',0),(129,'wc-admin-manualauthcapture','marketing','en_US','Miss fewer manual payments in WooCommerce Payments','Using WooCommerce Payments to manually authorize and capture payments? We’ve introduced a simplified and more efficient process, so you can miss fewer payments and continue to grow your revenue.','{}','pending','woocommerce.com','2022-12-01 17:04:26',NULL,0,'plain','',0,'info',0),(130,'apple_pay_square_q422','marketing','en_US','Grow your business with Apple Pay','Start boosting your online conversions today with Apple Pay – shoppers can safely complete a purchase with a touch or a glance and are more likely to come back. Enable Apple Pay with Square by selecting  Settings &gt; Payments &gt; Square.','{}','pending','woocommerce.com','2022-12-07 17:04:22',NULL,0,'plain','',0,'info',0),(131,'apple_pay_wcpay_q422','marketing','en_US','Grow your business with Apple Pay','Start boosting your online conversions today with Apple Pay – shoppers can safely complete a purchase with a touch or a glance and are more likely to come back. Confirm Apple Pay is enabled by selecting Payments &gt; Settings and making sure Enable express checkouts is checked.','{}','pending','woocommerce.com','2022-12-07 17:04:22',NULL,0,'plain','',0,'info',0),(132,'meta-hasFB-dec-q4-2022','marketing','en_US','Power up your Facebook ad strategy','Did you know that new privacy policies may be decreasing the effectiveness of your Facebook ads? Get back on track with Meta’s Conversion API. It creates a direct connection between the marketing data from your store and Meta, helping you more accurately track, attribute and improve your Facebook marketing performance.','{}','pending','woocommerce.com','2022-12-10 17:04:11',NULL,0,'plain','',0,'info',0),(133,'meta-noFB-dec-q4-2022','marketing','en_US','Create highly targeted Facebook ads with Facebook for WooCommerce','Sync your product catalog to create Facebook ads and track their performance – all from within your WooCommerce dashboard. With improved tracking signals and speed, plus more accurate tracking with the introduction of Meta’s Conversion API, you’ll have all the tools you need to run effective ad campaigns.','{}','unactioned','woocommerce.com','2022-12-12 17:05:22',NULL,0,'plain','',0,'info',1),(134,'needs-update-eway-payment-gateway-rin-2022-12-20','update','en_US','Security vulnerability patched in WooCommerce Eway Gateway','In response to a potential vulnerability identified in WooCommerce Eway Gateway versions 3.1.0 to 3.5.0, we’ve worked to deploy security fixes and have released an updated version.\r\nNo external exploits have been detected, but we recommend you update to your latest supported version 3.1.26, 3.2.3, 3.3.1, 3.4.6, or 3.5.1','{}','pending','woocommerce.com','2023-01-04 17:04:17',NULL,0,'plain','',0,'info',0),(135,'updated-eway-payment-gateway-rin-2022-12-20','update','en_US','WooCommerce Eway Gateway has been automatically updated','Your store is now running the latest secure version of WooCommerce Eway Gateway. We worked with the WordPress Plugins team to deploy a software update to stores running WooCommerce Eway Gateway (versions 3.1.0 to 3.5.0) in response to a security vulnerability that was discovered.','{}','pending','woocommerce.com','2023-01-04 17:04:17',NULL,0,'plain','',0,'info',0),(136,'storeediting_feedback_jan_2023','marketing','en_US','Tell us what you need to customize your store!','We need your feedback. Please spare a few minutes to share your input on what is most important to you when designing and customizing your storefront to help us build the features you need.','{}','unactioned','woocommerce.com','2023-01-12 17:04:26',NULL,0,'plain','',0,'info',1),(137,'ecomm-wc-navigation-survey-2023','info','en_US','Navigating WooCommerce on WordPress.com','We are improving the WooCommerce navigation on WordPress.com and would love your help to make it better! Please share your experience with us in this 2-minute survey.','{}','pending','woocommerce.com','2023-01-16 17:04:09',NULL,0,'plain','',0,'info',0),(138,'affirm_q1_2023','marketing','en_US','Turn more browsers into buyers with flexible payments','When you offer flexible payment options to shoppers, they\'re more likely to convert. It’s why businesses offering Affirm see an average order value lift of 63%. Affirm tailors your store\'s payment options with terms proven to reach new customers, boost conversions, and grow sales.','{}','pending','woocommerce.com','2023-03-13 17:04:22',NULL,0,'plain','',0,'info',0),(139,'google_listings_ads_pmax_i1_q1_2023_no_gla','marketing','en_US','Create more engaging ads – without the hard work','Get in front of millions of shoppers searching for products like yours with Google Listings &amp; Ads. With new customization features, Google automatically tests multiple combinations of text and images to create the most engaging ad to boost your business. Plus, get up to $500 in ad credit – terms and conditions apply.','{}','unactioned','woocommerce.com','2023-03-16 17:05:25',NULL,0,'plain','',0,'info',0),(140,'google_listings_ads_pmax_i1_q1_2023_with_gla','marketing','en_US','New customization features to boost your business','You can now add custom images, messaging, and URLs to campaigns in Google Listings &amp; Ads. Google then automatically tests multiple combinations to create the most engaging version to help boost your business. Get more sales with dynamic content – edit an existing campaign or create a new ad now.','{}','pending','woocommerce.com','2023-03-16 17:05:25',NULL,0,'plain','',0,'info',0),(141,'woocommerce-wcpay-march-2023-update-needed','update','en_US','Action required: Security update for WooCommerce Payments','<strong>Your store requires a security update for WooCommerce Payments</strong>. Please update to the latest version of WooCommerce Payments immediately to address a potential vulnerability discovered on March 22. For more information on how to update, visit this WooCommerce Developer Blog Post.','{}','pending','woocommerce.com','2023-03-24 17:04:15',NULL,0,'plain','',0,'info',0),(142,'tap_to_pay_iphone_q2_2023_no_wcpay','marketing','en_US','Accept in-person contactless payments on your iPhone','Tap to Pay on iPhone and WooCommerce Payments is quick, secure, and simple to set up — no extra terminals or card readers are needed. Accept contactless debit and credit cards, Apple Pay, and other NFC digital wallets in person.','{}','unactioned','woocommerce.com','2023-04-04 17:06:55',NULL,0,'plain','',0,'info',0),(143,'tap_to_pay_iphone_q2_2023_with_wcpay','marketing','en_US','New: accept in-person contactless payments on your iPhone','Tap to Pay on iPhone is quick, secure, and simple to set up in WooCommerce Payments — no extra terminals or card readers are needed. Accept contactless debit and credit cards, Apple Pay, and other NFC digital wallets in person in a few short steps!','{}','pending','woocommerce.com','2023-04-04 17:06:55',NULL,0,'plain','',0,'info',0),(144,'woocommerce-WCPreOrders-april-2023-update-needed','update','en_US','Action required: Security update of WooCommerce Pre-Orders extension','<strong>Your store requires a security update for the WooCommerce Pre-Orders extension</strong>. Please update the WooCommerce Pre-Orders extension immediately to address a potential vulnerability discovered on April 11.','{}','pending','woocommerce.com','2023-04-15 17:09:07',NULL,0,'plain','',0,'info',0),(145,'wc-admin-wcpay-denmark-Q2-2023','marketing','en_US','WooCommerce Payments is now available in Denmark!','We’ve recently released WooCommerce Payments in Denmark. You can view and manage transactions right in your WordPress dashboard while securely accepting major cards, Apple Pay, and payments in over 100 currencies.','{}','pending','woocommerce.com','2023-04-15 17:09:07',NULL,0,'plain','',0,'info',0),(146,'wc-admin-wcpay-greece-Q2-2023','marketing','en_US','WooCommerce Payments is now available in Greece!','We’ve recently released WooCommerce Payments in Greece. You can view and manage transactions right in your WordPress dashboard while securely accepting major cards, Apple Pay, and payments in over 100 currencies.','{}','pending','woocommerce.com','2023-04-15 17:09:07',NULL,0,'plain','',0,'info',0),(147,'wc-admin-wcpay-norway-Q2-2023','marketing','en_US','WooCommerce Payments is now available in Norway!','We’ve recently released WooCommerce Payments in Norway. You can view and manage transactions right in your WordPress dashboard while securely accepting major cards, Apple Pay, and payments in over 100 currencies.','{}','pending','woocommerce.com','2023-04-15 17:09:07',NULL,0,'plain','',0,'info',0),(148,'wc-admin-wcpay-slovakia-Q2-2023','marketing','en_US','WooCommerce Payments is now available in Slovakia!','We’ve recently released WooCommerce Payments in Slovakia. You can view and manage transactions right in your WordPress dashboard while securely accepting major cards, Apple Pay, and payments in over 100 currencies.','{}','pending','woocommerce.com','2023-04-15 17:09:07',NULL,0,'plain','',0,'info',0),(149,'wc-admin-wcpay-finland-Q2-2023','marketing','en_US','WooCommerce Payments is now available in Finland!','We’ve recently released WooCommerce Payments in Finland. You can view and manage transactions right in your WordPress dashboard while securely accepting major cards, Apple Pay, and payments in over 100 currencies.','{}','pending','woocommerce.com','2023-04-15 17:09:07',NULL,0,'plain','',0,'info',0),(150,'wc-admin-wcpay-estonia-Q2-2023','marketing','en_US','WooCommerce Payments is now available in Estonia!','We’ve recently released WooCommerce Payments in Estonia. You can view and manage transactions right in your WordPress dashboard while securely accepting major cards, Apple Pay, and payments in over 100 currencies.','{}','pending','woocommerce.com','2023-04-15 17:09:07',NULL,0,'plain','',0,'info',0),(151,'wc-admin-wcpay-lithuania-Q2-2023','marketing','en_US','WooCommerce Payments is now available in Lithuania!','We’ve recently released WooCommerce Payments in Lithuania. You can view and manage transactions right in your WordPress dashboard while securely accepting major cards, Apple Pay, and payments in over 100 currencies.','{}','pending','woocommerce.com','2023-04-15 17:09:07',NULL,0,'plain','',0,'info',0),(152,'wc-admin-wcpay-slovenia-Q2-2023','marketing','en_US','WooCommerce Payments is now available in Slovenia!','We’ve recently released WooCommerce Payments in Slovenia. You can view and manage transactions right in your WordPress dashboard while securely accepting major cards, Apple Pay, and payments in over 100 currencies.','{}','pending','woocommerce.com','2023-04-15 17:09:07',NULL,0,'plain','',0,'info',0),(153,'wc-admin-wcpay-latvia-Q2-2023','marketing','en_US','WooCommerce Payments is now available in Latvia!','We’ve recently released WooCommerce Payments in Latvia. You can view and manage transactions right in your WordPress dashboard while securely accepting major cards, Apple Pay, and payments in over 100 currencies.','{}','pending','woocommerce.com','2023-04-15 17:09:07',NULL,0,'plain','',0,'info',0),(154,'wc-admin-wcpay-cyprus-Q2-2023','marketing','en_US','WooCommerce Payments is now available in Cyprus!','We’ve recently released WooCommerce Payments in Cyprus. You can view and manage transactions right in your WordPress dashboard while securely accepting major cards, Apple Pay, and payments in over 100 currencies.','{}','pending','woocommerce.com','2023-04-15 17:09:07',NULL,0,'plain','',0,'info',0),(155,'wc-admin-wcpay-malta-Q2-2023','marketing','en_US','WooCommerce Payments is now available in Malta!','We’ve recently released WooCommerce Payments in Malta. You can view and manage transactions right in your WordPress dashboard while securely accepting major cards, Apple Pay, and payments in over 100 currencies.','{}','pending','woocommerce.com','2023-04-15 17:09:07',NULL,0,'plain','',0,'info',0),(156,'wc-admin-wcpay-luxembourg-Q2-2023','marketing','en_US','WooCommerce Payments is now available in Luxembourg!','We’ve recently released WooCommerce Payments in Luxembourg. You can view and manage transactions right in your WordPress dashboard while securely accepting major cards, Apple Pay, and payments in over 100 currencies.','{}','pending','woocommerce.com','2023-04-15 17:09:07',NULL,0,'plain','',0,'info',0),(157,'wc_admin_BNPL_WCPay_coming-soon_Q1_2023','marketing','en_US','Buy now, pay later is heading to WooCommerce Payments','Great news: full integration with Afterpay and Affirm is on its way to WooCommerce Payments! You’ll soon be able to increase your order values, sell more, and offer customers a payment option they’ll love — with no extra downloads or extensions required.','{}','pending','woocommerce.com','2023-04-26 17:04:44',NULL,0,'plain','',0,'info',0),(158,'test-leo-rin-27-apr-2023','warning','en_US','Howdy','Hello from Automattic. Thanks for using our products.','{}','pending','woocommerce.com','2023-04-27 17:05:38',NULL,0,'plain','',0,'info',0),(159,'woopay-beta-existingmerchants-noaction-27APR23','info','en_US','WooPay is back!','Thanks for previously trying WooPay, the express checkout feature built into WooCommerce Payments. We’re excited to announce that WooPay availability has resumed. No action is required on your part.\r\n<br /><br />\r\nYou can now continue boosting conversions by offering your customers a simple, secure way to pay with a single click.','{}','pending','woocommerce.com','2023-04-28 17:04:33',NULL,0,'plain','',0,'info',0),(160,'woopay-beta-existingmerchants-update-27APR23','info','en_US','WooPay is back!','Thanks for previously trying WooPay, the express checkout feature built into WooCommerce Payments. We’re excited to announce that WooPay availability has resumed.\r\n<br /><br />\r\n\r\nUpdate to the latest WooCommerce Payments version to continue boosting conversions by offering your customers a simple, secure way to pay with a single click.','{}','pending','woocommerce.com','2023-04-28 17:04:33',NULL,0,'plain','',0,'info',0),(161,'woopay-beta-merchantrecruitment-04MAY23','info','en_US','Increase conversions with WooPay — our fastest checkout yet','WooPay, a new express checkout feature built into WooCommerce Payments, is now available —and we’re inviting you to be one of the first to try it. \r\n<br><br>\r\nBoost conversions by offering your customers a simple, secure way to pay with a single click.\r\n<br><br>\r\nGet started in seconds.','{}','pending','woocommerce.com','2023-05-05 17:04:10',NULL,0,'plain','',0,'info',0),(162,'woopay-beta-merchantrecruitment-update-04MAY23','info','en_US','Increase conversions with WooPay — our fastest checkout yet','WooPay, a new express checkout feature built into WooCommerce Payments, is now available — and you’re invited to try it. \r\n<br /><br />\r\nBoost conversions by offering your customers a simple, secure way to pay with a single click.\r\n<br /><br />\r\nUpdate WooCommerce Payments to get started.','{}','pending','woocommerce.com','2023-05-05 17:04:10',NULL,0,'plain','',0,'info',0),(163,'woopay-beta-merchantrecruitment-short-04MAY23','info','en_US','Increase conversions with WooPay — our fastest checkout yet','Be one of the first to try WooPay, a new express checkout feature for WooCommerce Payments. \r\n<br><br>\r\nBoost conversions by letting customers pay with a single click.','{}','pending','woocommerce.com','2023-05-05 17:04:10',NULL,0,'plain','',0,'info',0),(164,'woopay-beta-merchantrecruitment-short-update-04MAY23','info','en_US','Increase conversions with WooPay — our fastest checkout yet','Be one of the first to try WooPay, our new express checkout feature. <br>Boost conversions by letting customers pay with a single click. <br><br>Update to the latest version of WooCommerce Payments to get started.','{}','pending','woocommerce.com','2023-05-05 17:04:10',NULL,0,'plain','',0,'info',0),(165,'woopay-beta-merchantrecruitment-short-06MAY23-TESTA','info','en_US','Increase conversions with WooPay — our fastest checkout yet','Be one of the first to try WooPay, a new express checkout feature for WooCommerce Payments. \r\n<br><br>\r\nBoost conversions by letting customers pay with a single click.','{}','pending','woocommerce.com','2023-05-07 17:04:09',NULL,0,'plain','',0,'info',0),(166,'woopay-beta-merchantrecruitment-short-06MAY23-TESTB','info','en_US','Increase conversions with WooPay — our fastest checkout yet','Be one of the first to try WooPay, a new express checkout feature for WooCommerce Payments. \r\n<br><br>\r\nBoost conversions by letting customers pay with a single click.','{}','pending','woocommerce.com','2023-05-07 17:04:09',NULL,0,'plain','',0,'info',0),(167,'woopay-beta-merchantrecruitment-short-06MAY23-TESTC','info','en_US','Increase conversions with WooPay — our fastest checkout yet','Be one of the first to try WooPay, a new express checkout feature for WooCommerce Payments. \r\n<br><br>\r\nBoost conversions by letting customers pay with a single click.','{}','pending','woocommerce.com','2023-05-07 17:04:09',NULL,0,'plain','',0,'info',0),(168,'woopay-beta-merchantrecruitment-short-06MAY23-TESTD','info','en_US','Increase conversions with WooPay — our fastest checkout yet','Be one of the first to try WooPay, a new express checkout feature for WooCommerce Payments. \r\n<br><br>\r\nBoost conversions by letting customers pay with a single click.','{}','pending','woocommerce.com','2023-05-07 17:04:09',NULL,0,'plain','',0,'info',0),(169,'woopay-beta-merchantrecruitment-short-09MAY23','info','en_US','Increase conversions with WooPay — our fastest checkout yet','Be one of the first to try WooPay, a new express checkout feature for WooCommerce Payments. \r\n<br><br>\r\nBoost conversions by letting customers pay with a single click.','{}','pending','woocommerce.com','2023-05-10 17:04:34',NULL,0,'plain','',0,'info',0),(170,'woopay-beta-merchantrecruitment-short-update-09MAY23','info','en_US','Increase conversions with WooPay — our fastest checkout yet','Be one of the first to try WooPay, our new express checkout feature. <br>Boost conversions by letting customers pay with a single click. <br><br>Update to the latest version of WooCommerce Payments to get started.','{}','pending','woocommerce.com','2023-05-10 17:04:34',NULL,0,'plain','',0,'info',0),(171,'payoneer_q2_2023','marketing','en_US','Grow with the next generation of payment processing','Ready to stand out in the new global economy? Payoneer Checkout gives you the power to securely accept payments worldwide, build a checkout that customers love, and manage your store’s transactions and finances – all from the same place.','{}','pending','woocommerce.com','2023-05-14 17:04:17',NULL,0,'plain','',0,'info',0),(172,'ipp_refresh_q2_2023_us_inbox_notification','marketing','en_US','Grow on the go with in-person payments','Sell your products or services on the go with the M2 card reader – a quick, synchronized, and secure way to take payments, no matter where you are. Create an order using the WooCommerce mobile app and connect your card reader to accept payments.','{}','pending','woocommerce.com','2023-05-18 17:04:15',NULL,0,'plain','',0,'info',0),(173,'ipp_refresh_q2_2023_ca_inbox_notification','marketing','en_US','Grow on the go with in-person payments','Sell your products or services on the go with the WisePad 3 card reader – a quick, synchronized, and secure way to take payments, no matter where you are. Create an order using the WooCommerce mobile app and connect your card reader to accept payments.','{}','pending','woocommerce.com','2023-05-18 17:04:15',NULL,0,'plain','',0,'info',0),(174,'product_management_card_sorting','survey','en_US','How do you create and edit products?','Have a say in the future of WooCommerce. Take part in a brief exercise and help us understand what information is important to you while editing products.','{}','unactioned','woocommerce.com','2023-05-18 17:04:15',NULL,0,'plain','',0,'info',0),(175,'woocommerce-WCstripe-May-2023-updated-needed','update','en_US','Action required: Security update of WooCommerce Stripe plugin','<strong>Your store requires a security update for the WooCommerce Stripe plugin</strong>. Please update the WooCommerce Stripe plugin immediately to address a potential vulnerability.','{}','pending','woocommerce.com','2023-06-01 17:04:15',NULL,0,'plain','',0,'info',0),(176,'woocommerce-WCReturnsWarranty-June-2023-updated-needed','update','en_US','Action required: Security update of WooCommerce Returns and Warranty Requests extension','<strong>Your store requires a security update for the Returns and Warranty Requests extension</strong>.  Please update to the latest version of the WooCommerce Returns and Warranty Requests extension immediately to address a potential vulnerability discovered on May 31.','{}','pending','woocommerce.com','2023-06-03 17:04:20',NULL,0,'plain','',0,'info',0),(177,'woocommerce-WCPayments-June-2023-updated-needed','update','en_US','Action required: Security update of WooCommerce Payments','<strong>Your store requires a security update for the WooCommerce Payments plugin</strong>. Please update the WooCommerce Payments plugin immediately to address a potential vulnerability.','{}','pending','woocommerce.com','2023-06-06 17:04:30',NULL,0,'plain','',0,'info',0),(178,'woocommerce-WCSubscriptions-June-2023-updated-needed','marketing','en_US','Action required: Security update of WooCommerce Subscriptions','<strong>Your store requires a security update for the WooCommerce Subscriptions plugin</strong>. Please update the WooCommerce Subscriptions plugin immediately to address a potential vulnerability.','{}','pending','woocommerce.com','2023-06-06 17:04:30',NULL,0,'plain','',0,'info',0),(179,'woocommerce_hpos_1st_notification_q2_2023','marketing','en_US','High-Performance Order Storage (HPOS) is on its way','Our team is targeting August 2023 to roll out a major database upgrade that can unlock faster checkout and order creation for your customers — and lightning-quick order lookup for you. Enablement is optional and you won’t be forced to update, but read on to see why this was our most requested new feature.','{}','unactioned','woocommerce.com','2023-06-07 17:05:36',NULL,0,'plain','',0,'info',1),(180,'woocommerce-WCOPC-June-2023-updated-needed','update','en_US','Action required: Security update of WooCommerce One Page Checkout','<strong>Your shop requires a security update to address a vulnerability in the WooCommerce One Page Checkout extension</strong>. The fix for this vulnerability was released for this extension on June 13th. Please update immediately.','{}','pending','woocommerce.com','2023-06-21 17:06:00',NULL,0,'plain','',0,'info',0),(181,'wc-admin-wcpay-bulgaria-Q2-2023','marketing','en_US','WooCommerce Payments is now available in Bulgaria!','We’ve recently released WooCommerce Payments in Bulgaria. You can view and manage transactions right in your WordPress dashboard while securely accepting major cards, Apple Pay, and payments in over 100 currencies.','{}','pending','woocommerce.com','2023-06-29 17:05:16',NULL,0,'plain','',0,'info',0),(182,'wc-admin-wcpay-czechia-Q2-2023','marketing','en_US','WooCommerce Payments is now available in Czechia!','We’ve recently released WooCommerce Payments in Czechia. You can view and manage transactions right in your WordPress dashboard while securely accepting major cards, Apple Pay, and payments in over 100 currencies.','{}','pending','woocommerce.com','2023-06-29 17:05:16',NULL,0,'plain','',0,'info',0),(183,'wc-admin-wcpay-croatia-Q2-2023','marketing','en_US','WooCommerce Payments is now available in Croatia!','We’ve recently released WooCommerce Payments in Croatia. You can view and manage transactions right in your WordPress dashboard while securely accepting major cards, Apple Pay, and payments in over 100 currencies.','{}','pending','woocommerce.com','2023-06-29 17:05:16',NULL,0,'plain','',0,'info',0),(184,'wc-admin-wcpay-hungary-Q2-2023','marketing','en_US','WooCommerce Payments is now available in Hungary!','We’ve recently released WooCommerce Payments in Hungary. You can view and manage transactions right in your WordPress dashboard while securely accepting major cards, Apple Pay, and payments in over 100 currencies.','{}','pending','woocommerce.com','2023-06-29 17:05:16',NULL,0,'plain','',0,'info',0),(185,'wc-admin-wcpay-romania-Q2-2023','marketing','en_US','WooCommerce Payments is now available in Romania!','We’ve recently released WooCommerce Payments in Romania. You can view and manage transactions right in your WordPress dashboard while securely accepting major cards, Apple Pay, and payments in over 100 currencies.','{}','pending','woocommerce.com','2023-06-29 17:05:16',NULL,0,'plain','',0,'info',0),(186,'wc-admin-wcpay-sweden-Q2-2023','marketing','en_US','WooCommerce Payments is now available in Sweden!','We’ve recently released WooCommerce Payments in Sweden. You can view and manage transactions right in your WordPress dashboard while securely accepting major cards, Apple Pay, and payments in over 100 currencies.','{}','pending','woocommerce.com','2023-06-29 17:05:16',NULL,0,'plain','',0,'info',0),(187,'tiktok-spc_june-2023','marketing','en_US','Take the guesswork out of TikTok advertising','Save time and create smarter ads using new automated campaign management from TikTok for WooCommerce. Simplify your campaign creation and watch TikTok’s machine learning build, target, and optimize ads that support your advertising goals — and grow your audience.','{}','unactioned','woocommerce.com','2023-06-30 17:04:31',NULL,0,'plain','',0,'info',1),(188,'woocommerce-WCGC-July-2023-update-needed','update','en_US','Action required: Security update of WooCommerce GoCardless Extension','<strong>Your shop requires a security update to address a vulnerability in the WooCommerce GoCardless extension</strong>. The fix for this vulnerability was released on July 4th. Please update immediately.','{}','pending','woocommerce.com','2023-07-04 17:05:52',NULL,0,'plain','',0,'info',0),(189,'woocommerce-shipping-fedex-api-outage-2023-07-16','warning','en_US','Scheduled FedEx API outage — July 2023','On July 16 there will be a full outage of the FedEx API from 04:00 to 08:00 AM UTC. Due to planned maintenance by FedEx, you\'ll be unable to provide FedEx shipping rates during this time. Follow the link below for more information and recommendations on how to minimize impact.','{}','pending','woocommerce.com','2023-07-05 17:04:11',NULL,0,'plain','',0,'info',0),(190,'wcship-2023-07-hazmat-update-needed','update','en_US','Action required: USPS HAZMAT compliance update for WooCommerce Shipping & Tax extension','<strong>Your store requires an update for the WooCommerce Shipping extension</strong>. Please update to the latest version of the WooCommerce Shipping &amp; Tax extension immediately to ensure compliance with new USPS HAZMAT rules currently in effect.','{}','pending','woocommerce.com','2023-07-12 17:04:45',NULL,0,'plain','',0,'info',0),(191,'square_payments_q3_2023','marketing','en_US','Square for WooCommerce','Connect your Square account with WooCommerce to accept online and in-person payments (including contactless payments and cross-channel gift cards) quickly and securely. Save time by syncing sales, customers, and items and inventory — and manage everything through one centralized platform.','{}','unactioned','woocommerce.com','2023-07-19 17:04:38',NULL,0,'plain','',0,'info',1),(192,'wc-admin-woopayments-rebrand','marketing','en_US','WooCommerce Payments is now WooPayments','We’ve changed the name as part of recent updates to the Woo brand. You’ll still enjoy the same seamless payments experience — just look for WooPayments in your WordPress admin.','{}','pending','woocommerce.com','2023-07-29 17:04:56',NULL,0,'plain','',0,'info',0),(193,'woocommerce-WCStripe-Aug-2023-update-needed','update','en_US','Action required: Security update for WooCommerce Stripe plugin','<strong>Your shop requires an important security update for the  WooCommerce Stripe plugin</strong>. The fix for this vulnerability was released on July 31. Please update immediately.','{}','pending','woocommerce.com','2023-08-03 17:04:29',NULL,0,'plain','',0,'info',0),(194,'woocommerce-WCStripe-Aug-2023-security-updated','update','en_US','Security update of WooCommerce Stripe plugin','<strong>Your store has been updated to the latest secure version of the WooCommerce Stripe plugin</strong>. This update was released on July 31.','{}','pending','woocommerce.com','2023-08-03 17:04:29',NULL,0,'plain','',0,'info',0),(195,'woocommerce-WooPayments-Aug-2023-update-needed','update','en_US','Action required: Security update for WooPayments (WooCommerce Payments) plugin','<strong>Your shop requires an important security update for the WooPayments (WooCommerce Payments) extension</strong>. The fix for this vulnerability was released on July 31. Please update immediately.','{}','pending','woocommerce.com','2023-08-03 17:04:29',NULL,0,'plain','',0,'info',0),(196,'woocommerce-WooPayments-Aug-2023-security-updated','update','en_US','Security update of WooPayments (WooCommerce Payments) plugin','<strong>Your store has been updated to the more secure version of WooPayments (WooCommerce Payments)</strong>. This update was released on July 31.','{}','pending','woocommerce.com','2023-08-03 17:04:29',NULL,0,'plain','',0,'info',0),(197,'tiktok-apac-webinar-2023','marketing','en_US','Unlocking TikTok: Live Webinar August 9','Join us on August 9 for a free online masterclass with our partners at TikTok, tailored to Woo merchants in the APAC region (11 am AEST). You’ll learn how to connect your store to TikTok, unlock expert advertising tools, and reach its one billion active global users — all from the comfort of your own home.','{}','pending','woocommerce.com','2023-08-04 17:04:14',NULL,0,'plain','',0,'info',0),(198,'avalara_q3-2023_noAvaTax','marketing','en_US','Automatically calculate VAT in real time','Take the effort out of determining tax rates and sell confidently across borders with automated tax management from Avalara AvaTax— including built-in VAT calculation when you sell into or across the EU and UK. Save time and stay compliant when you let Avalara do the heavy lifting.','{}','pending','woocommerce.com','2023-08-09 17:04:23',NULL,0,'plain','',0,'info',0),(199,'avalara_q3-2023_withAvaTax','marketing','en_US','New in AvaTax: Calculate VAT in real time','Take the effort out of determining tax rates and sell confidently across borders with automated tax management from Avalara AvaTax— including built-in VAT calculation when you sell into or across the EU and UK. Save time and stay compliant when you let Avalara do the heavy lifting.','{}','pending','woocommerce.com','2023-08-09 17:04:23',NULL,0,'plain','',0,'info',0),(200,'google_uxstudy_recruitment_q3-2023','marketing','en_US','Share your feedback in exchange for $150','Woo has teamed up with Google to collect feedback on advertising products and services available to you. If selected, you’ll receive an incentive equal to $150 USD for a 60-minute interview that can help improve the products you use to advertise. If interested, please take 2 minutes to complete the screening survey.','{}','pending','woocommerce.com','2023-08-10 17:05:58',NULL,0,'plain','',0,'info',0),(201,'woo-activation-survey-blockers-22AUG23','info','en_US','How can we help you get that first sale?','Your feedback is vital. Please take a minute to share your experience of setting up your new store and whether anything is preventing you from making those first few sales. Together, we can make Woo even better!','{}','pending','woocommerce.com','2023-08-22 17:05:43',NULL,0,'plain','',0,'info',0),(202,'tiktok_shopGTM_q3-2023_hasTikTok','marketing','en_US','You can now sell your products on TikTok Shop','TikTok is changing the way shoppers find and connect with brands. With TikTok Shop, you can sync your entire catalog from within Woo and sell directly to TikTok users through in-feed videos, livestreams, and your product showcase tab.','{}','pending','woocommerce.com','2023-09-06 17:04:55',NULL,0,'plain','',0,'info',0),(203,'tiktok_shopGTM_q3-2023_noTikTok','marketing','en_US','You can now sell your products on TikTok Shop','TikTok is changing the way shoppers find and connect with brands. With TikTok Shop, you can sync your entire catalog from within Woo and sell directly to TikTok users through in-feed videos, livestreams, and your product showcase tab.','{}','unactioned','woocommerce.com','2023-09-07 17:07:16',NULL,0,'plain','',0,'info',1),(204,'klaviyo_q3_2023','marketing','en_US','Build long lasting relationships with Klaviyo for WooCommerce','Increase customer engagement and boost conversions with powerful email and SMS automation from Klaviyo. Fully integrated with your Woo store, Klaviyo enables you to send personalized communications to your customers — ensuring that the right message is delivered at the right time for maximum impact.','{}','unactioned','woocommerce.com','2023-09-12 17:05:22',NULL,0,'plain','',0,'info',1),(205,'wc_admin_BNPL_WCPay_Q3_2023','marketing','en_US','Afterpay and Affirm have arrived in WooCommerce Payments!','Give your customers more power with buy now, pay later from Afterpay and Affirm — now included as part of WooCommerce Payments! With this new integration, you can quickly offer a checkout option that converts sales and boosts average order value, all from within the same payments dashboard you already know.','{}','pending','woocommerce.com','2023-09-19 17:04:59',NULL,0,'plain','',0,'info',0),(206,'wc_admin_afterpay_WCPay_Q3_2023','marketing','en_US','Afterpay has arrived in WooCommerce Payments!','Give your customers more power with buy now, pay later from Afterpay — now included as part of WooCommerce Payments! With this new integration, you can quickly offer a checkout option that converts sales and boosts average order value, all from within the same payments dashboard you already know.','{}','pending','woocommerce.com','2023-09-19 17:04:59',NULL,0,'plain','',0,'info',0),(207,'woocommerce-usermeta-Sept2023-productvendors','update','en_US','Your store requires a security update','<strong>Your shop needs an update to address a vulnerability in WooCommerce.</strong> The fix was released on Sept 15. Please update WooCommerce to the latest version immediately. <a href=\"https://developer.woocommerce.com/2023/09/16/woocommerce-vulnerability-reintroduced-from-7-0-1/\" />Read our developer update</a> for more information.','{}','pending','woocommerce.com','2023-09-20 17:04:51',NULL,0,'plain','',0,'info',0),(208,'Klarna_10OCT23','marketing','en_US','Klarna is now available','This is a test. Klarna is now available.','{}','pending','woocommerce.com','2023-10-11 17:04:36',NULL,0,'plain','',0,'info',0),(209,'wc_com_in_person_payments_card_sale_US_inbox_note_q4_23','marketing','en_US','Save 35% on a WooPayments card reader','Have you been thinking about selling your products or services in person? Now’s the perfect time to do so, as we’re discounting our M2 card readers by 35%! Securely process payments wherever your business takes you, with full store and inventory sync. Don’t miss out — this offer ends October 29, 2023.','{}','pending','woocommerce.com','2023-10-13 17:07:15',NULL,0,'plain','',0,'info',0),(210,'wc_com_in_person_payments_card_sale_UK_inbox_note_q4_23','marketing','en_US','Save 35% on a WooPayments card reader','Have you been thinking about selling your products or services in person? Now’s the perfect time to do so, as we’re discounting our WisePad 3 card readers by 35%! Securely process payments wherever your business takes you, with full store and inventory sync. Don’t miss out — this offer ends 29th October 2023.','{}','pending','woocommerce.com','2023-10-13 17:07:15',NULL,0,'plain','',0,'info',0),(211,'wc_com_in_person_payments_card_sale_CA_inbox_note_q4_23','marketing','en_US','Save 35% on a WooPayments card reader','Have you been thinking about selling your products or services in person? Now’s the perfect time to do so, as we’re discounting our WisePad 3 card readers by 35%! Securely process payments wherever your business takes you, with full store and inventory sync. Don’t miss out — this offer ends October 29, 2023.','{}','pending','woocommerce.com','2023-10-13 17:07:15',NULL,0,'plain','',0,'info',0),(212,'woocommerce-STRIPE-Oct-2023-update-needed','update','en_US','Action required: Security update for WooCommerce Stripe Gateway','<strong>Your shop requires a security update to address a vulnerability in the WooCommerce Stripe Gateway</strong>. The fix for this vulnerability was released on October 17. Please update immediately.','{}','pending','woocommerce.com','2023-10-18 17:04:18',NULL,0,'plain','',0,'info',0),(213,'wc_admin_WooPay_Q4_2023','marketing','en_US','Convert more sales with our fastest checkout yet','Enable WooPay and offer the only single-click checkout experience built by Woo, for Woo. Give shoppers the power to pay instantly and securely speed through checkout, even if it\'s their first visit. Add it for free with one tap in your WooPayments dashboard.','{}','pending','woocommerce.com','2023-10-28 17:06:04',NULL,0,'plain','',0,'info',0),(214,'wc_admin_WooPay_Oct30_2023','marketing','en_US','Convert more sales with our fastest checkout yet','Enable WooPay and offer the only single-click checkout experience built by Woo, for Woo. Give shoppers the power to pay instantly and securely speed through checkout, even if it\'s their first visit. Add it for free with one tap in your WooPayments dashboard.','{}','pending','woocommerce.com','2023-10-30 17:04:48',NULL,0,'plain','',0,'info',0),(215,'paypal_paylater_q4_23','marketing','en_US','Boost your sales this holiday season with PayPal','Set yourself up for success this holiday season by allowing customers to pay the way they prefer. With the latest version of PayPal Payments, you can accept PayPal, Venmo (US), Pay Later*, credit and debit cards, and popular alternative payment methods in one secure solution.','{}','pending','woocommerce.com','2023-11-06 17:05:12',NULL,0,'plain','',0,'info',0),(217,'tap_to_pay_iphone_q4_2023_no_woopayments','marketing','en_US','Accept in-person contactless payments on your iPhone','Tap to Pay on iPhone and WooPayments is quick, secure, and simple to set up — no extra terminals or card readers are needed. Accept contactless debit and credit cards, Apple Pay, and other NFC digital wallets in person.','{}','pending','woocommerce.com','2023-12-05 17:04:13',NULL,0,'plain','',0,'info',0),(218,'tap_to_pay_iphone_q4_2023_with_woopayments','marketing','en_US','Accept in-person contactless payments on your iPhone','Tap to Pay on iPhone is quick, secure, and simple to set up in WooPayments — no extra terminals or card readers are needed. Accept contactless debit and credit cards, Apple Pay, and other NFC digital wallets in person in a few short steps!','{}','pending','woocommerce.com','2023-12-05 17:04:13',NULL,0,'plain','',0,'info',0),(219,'amazon-mcf-reviews-2023-12-07','marketing','en_US','Enjoying Amazon MCF for WooCommerce?','We\'re Never Settle, the developers behind Amazon MCF for WooCommerce, and would be deeply honored to have your review. Reviews help immensely as other users can learn how MCF can solve their needs too! Not happy or need help? Please reach out for support and we’d love to make things right!','{}','pending','woocommerce.com','2023-12-06 17:04:37',NULL,0,'plain','',0,'info',0),(220,'remove_estimated_deposits_2024','marketing','en_US','Estimated deposits are going away','To provide more accurate deposit information and support the expansion of instant deposits, estimated deposit details will no longer be available in WooPayments. We recommend upgrading to the latest version of WooPayments for more detailed balance status information.','{}','pending','woocommerce.com','2024-01-19 17:04:56',NULL,0,'plain','',0,'info',0),(221,'amazon_pay_reactivate_q1-24','marketing','en_US','Special offer: Activate 0% promo rate for Amazon Pay','For a limited time, Woo merchants who register with Amazon Pay can enjoy a promotional rate of 0% on all transaction fees for 30 days. Valid for businesses based in the United Kingdom. Terms and conditions apply.','{}','pending','woocommerce.com','2024-01-25 17:04:52',NULL,0,'plain','',0,'info',0),(222,'custom_order_attribution_inbox_q1_2024','marketing','en_US','NEW: Custom Order Attribution','Order attribution tracking is now available for all Woo stores! See whether an order came from a search ad, video, or email. Make better marketing decisions and watch your products go from “maybe” to “must-have.”','{}','unactioned','woocommerce.com','2024-02-06 17:04:47',NULL,0,'plain','',0,'info',0),(223,'wc-admin-new-sales-record','info','en_US','¡Nuevo récord de ventas!','¡Genial, 18 febrero 2024 ha sido tu día récord de ventas! Las ventas netas han sido de €67,40, superando el récord anterior de €37,00 establecido el 29 noviembre 2023.','{\"old_record_date\":\"2023-11-29\",\"old_record_amt\":37,\"new_record_date\":\"2024-02-18\",\"new_record_amt\":67.4}','unactioned','woocommerce-admin','2024-02-19 17:04:11',NULL,0,'plain','',0,'info',0),(224,'wc_admin_UKpricingchange_WCPay_Q1_2024','marketing','en_US','Fee Changes for WooPayments in the EEA and UK','WooPayments fees for transactions between the EEA and UK will change as of 1st March, 2024. Transactions between the UK and EEA are now deemed by card networks to be cross-border, thus international payment fees will be applicable. This also changes base processing fees.','{}','pending','woocommerce.com','2024-02-29 17:04:20',NULL,0,'plain','',0,'info',0),(225,'airwallex_q1_2024','marketing','en_US','Save big on foreign exchange (FX) fees','Boost your international sales by offering Apple Pay, Google Pay, and 60+ local payment methods with Airwallex. Save time and money by settling payments directly in USD, EUR, HKD, SGD, AUD, and more — without the extra FX fees. Simple, cost-effective, fast.','{}','unactioned','woocommerce.com','2024-02-29 17:04:20',NULL,0,'plain','',0,'info',1),(226,'checkout_survey_new_users','survey','en_US','We\'d like your feedback on WooCommerce checkout','Your feedback is essential for us to improve the WooCommerce checkout and increase your conversion rate, turning more visitors into customers. Answer a few questions to help us understand your experience. It shouldn\'t take more than 5 minutes of your time.','{}','pending','woocommerce.com','2024-04-18 17:04:39',NULL,0,'plain','',0,'info',0),(227,'affirm_q2_2024','marketing','en_US','Boost sales and increase average order value with Affirm!','Affirm’s flexible payment options empower customers to get exactly what they want, while making budget-friendly payments. Remove the price barrier and make it even easier for your customers to upgrade, bundle, and add on — with no late fees and clear payment plans. \r\n\r\n* Subject to eligibility. Terms apply.','{}','pending','woocommerce.com','2024-04-24 17:04:10',NULL,0,'plain','',0,'info',0),(228,'checkout_survey_new_users_no_orders','survey','en_US','We\'d like your feedback on WooCommerce checkout','Your feedback is essential for us to improve the WooCommerce checkout and increase your conversion rate, turning more visitors into customers. Answer a few questions to help us understand your experience. It shouldn\'t take more than 5 minutes of your time.','{}','pending','woocommerce.com','2024-05-01 17:06:17',NULL,0,'plain','',0,'info',0),(229,'woocommerce-payfast-may-2024-update-needed','update','en_US','An important update is required for the Payfast Payment Gateway','<strong>Please update to the latest version of the Payfast Payment Gateway for WooCommerce immediately to address a security vulnerability</strong>. This update is required to ensure that your transactions continue to process.','{}','pending','woocommerce.com','2024-05-13 17:04:55',NULL,0,'plain','',0,'info',0),(230,'mailchimp_q2_2024','marketing','en_US','Level up your marketing to boost sales','Looking for a smart way to kickstart your growth? Mailchimp’s best-in-class email marketing empowers you to create and automate precisely targeted SMS and email campaigns and build long-term relationships with your audience. Enhance your customer experience, track sales, and more by connecting your store to Mailchimp.','{}','unactioned','woocommerce.com','2024-06-03 17:04:36',NULL,0,'plain','',0,'info',1),(231,'WC-order-attribution-update-June-2024','update','en_US','An important update is required for WooCommerce','<strong>An important security update for WooCommerce has been released</strong>. It is recommended that you update as quickly as possible.','{}','unactioned','woocommerce.com','2024-06-11 01:39:22',NULL,0,'plain','',1,'info',1),(232,'checkout_block_update_july_2024','marketing','en_US','UPDATE: The checkout block is getting an upgrade!','We’re improving the checkout block in 2024, starting with WooCommerce 9.0, launching on June 18! The latest release includes streamlined order summary with sticky functionality, better address form layout, and other enhancements to boost conversion.','{}','unactioned','woocommerce.com','2024-06-18 17:04:46',NULL,0,'plain','',0,'info',1),(233,'bfcm-survey-jul2024','marketing','en_US','Complete our holiday survey and get a $30 coupon','We want to understand how you prepare your store for Black Friday/Cyber Monday and the holidays.\r\n\r\nComplete our 10-minute survey and get $30 USD off an extension from our official Marketplace. Hurry, the survey closes July 15.','{}','unactioned','woocommerce.com','2024-07-04 17:04:24',NULL,0,'plain','',0,'info',1),(234,'stripe_newcheckout_q3_2024','marketing','en_US','Upgrade your Stripe checkout for even more payment options','Boost sales, increase order value, and reach new customers with the new checkout from Stripe. Support 23 payment methods, including buy now, pay later methods like Klarna, Afterpay, and Affirm; Bancontact in Europe and Alipay in Asia; and Link, an accelerated checkout experience that autofills payment information.','{}','pending','woocommerce.com','2024-07-04 17:04:24',NULL,0,'plain','',0,'info',0),(235,'klaviyo_q4_2024','marketing','en_US','Need a marketing solution to help you sell more?','Over 13,000 brands use Klaviyo to grow faster. You can drive 46x ROI with their personalized email, SMS, forms, and product reviews. Start for free today.','{}','unactioned','woocommerce.com','2024-07-31 17:04:43',NULL,0,'plain','',0,'info',1),(236,'wnww-recap-july','marketing','en_US','Powerful updates and upgrades in WooCommerce','Have you seen all the latest from Woo? Check out our recent roundup for a look at the newest features, extensions, and insights making WooCommerce perform better than ever.','{}','unactioned','woocommerce.com','2024-08-13 17:04:23',NULL,0,'plain','',0,'info',1),(237,'bfcm2024-landing-page','marketing','en_US','The best way to prepare for holiday success','The upcoming holiday season is the busiest time of the year for many online stores. We want to help you make the most of it with an early gift: our first-ever Black Friday Cyber Monday Trends Report. It\'s full of stats, trends, and recommendations to knock your holiday socks off!','{}','unactioned','woocommerce.com','2024-09-04 17:04:47',NULL,0,'plain','',0,'info',1),(238,'stripe_securityupdate_q3_2024','update','en_US','Security update required for your Stripe extension','To continue securely accepting payments, you must update your Stripe extension to at least version 8.6, re-authenticate, and turn on the new checkout experience. Review the documentation for instructions on how to make the necessary changes from your WooCommerce dashboard.','{}','pending','woocommerce.com','2024-09-18 17:04:52',NULL,0,'plain','',0,'info',0),(239,'paypal_migration_Q3_2024','marketing','en_US','Estás usando una versión obsoleta de PayPal.','No dejes escapar las posibles ventas esta temporada navideña: mejora la experiencia de pago de tu tienda con la nueva extensión de PayPal Payments. Permite a los clientes pagar con PayPal, Paga en 3, tarjetas de crédito y débito, Apple Pay, Google Pay y métodos de pago específicos para cada país, entre otras opciones.','{}','pending','woocommerce.com','2024-10-04 17:07:47',NULL,0,'plain','',0,'info',0),(240,'mollie_q4_2024','marketing','en_US','Special offer: Zero transaction fees for your first month with Mollie','With seamless checkout, flexible financing, and 30+ local and global payment methods, Mollie is the all-in-one payment solution that enhances the customer experience and helps your business grow. Start your account today and enjoy ZERO transaction fees for the first month. Ts&amp;Cs apply.','{}','unactioned','woocommerce.com','2024-10-31 17:05:26',NULL,0,'plain','',0,'info',0),(241,'paypal_migration_Q3_2024_v2','marketing','en_US','Estás usando una versión obsoleta de PayPal.','No dejes escapar las posibles ventas esta temporada navideña: mejora la experiencia de pago de tu tienda con la nueva extensión de PayPal Payments. Permite a los clientes pagar con PayPal, Paga en 3, tarjetas de crédito y débito, Apple Pay, Google Pay y métodos de pago específicos para cada país, entre otras opciones.','{}','unactioned','woocommerce.com','2024-10-31 17:05:26',NULL,0,'plain','',0,'info',0),(242,'Renewal_notification_emails_Woosubscriptions_Nov2024','marketing','en_US','WooCommerce Subscriptions just got even better','You can now send automatic email reminders to customers before their subscriptions renew or expire. To enable this for your store, update to the latest version of WooCommerce Subscriptions (don\'t forget to make a backup first) and follow the steps linked below.','{}','pending','woocommerce.com','2024-11-19 17:04:15',NULL,0,'plain','',0,'info',0),(243,'paypal_promo_Q4_2024','marketing','en_US','Add PayPal to your existing checkout this holiday season','Drive conversion and give customers more confidence to buy when you complement your checkout with PayPal, Venmo, Pay Later, and more. Attract new shoppers and give them a streamlined buying experience with Fastlane, PayPal’s fast and simple guest checkout.','{}','unactioned','woocommerce.com','2024-11-28 17:04:27',NULL,0,'plain','',0,'info',0),(244,'sirt-woo-2024-11-xss-admin','update','en_US','An important update is required for WooCommerce','This update addresses a security vulnerability that could allow unauthorized access to administrative privileges on your site. <a href=\"https://developer.woocommerce.com/2024/12/03/woocommerce-9-4-3-and-woocommerce-9-3-4-available-now/\">Learn more</a>.\r\n<br><br>\r\n<strong>Please ensure your site is updated to the latest version to stay secure.</strong>','{}','pending','woocommerce.com','2024-12-04 17:05:34',NULL,0,'plain','',0,'info',0),(245,'usps-mail-service-to-canada-suspended-dec-2024','update','en_US','Please note: USPS Mail Service to Canada Suspended','The United States Postal Service has temporarily suspended mail service to Canada due to the ongoing Canadian postal workers\' strike. USPS is asking users to refrain from mailing items to Canada at this time.','{}','pending','woocommerce.com','2024-12-05 17:04:58',NULL,0,'plain','',0,'info',0),(246,'Announce-UPS-WCShipping-Dec2024','marketing','en_US','WooCommerce Shipping now supports select UPS services','Give customers the power and reliability of UPS, directly from your dashboard. Access discounted rates, convenient shipping options, and fast, on-time delivery with UPS on WooCommerce Shipping — and stay tuned for UPS® Ground Saver rates coming in 2025.','{}','pending','woocommerce.com','2024-12-12 17:04:22',NULL,0,'plain','',0,'info',0),(247,'account-creation-after-checkout-dec2024','marketing','en_US','Offer account creation after checkout','Your customers can now create accounts after they check out on block-based themes. Enable the new “After checkout” block in your account settings and enjoy smoother guest checkout, better conversion, and more repeat business.','{}','pending','woocommerce.com','2024-12-18 17:04:36',NULL,0,'plain','',0,'info',0),(248,'woocommerce-analytics-order-attribution-promotions-december-2024','marketing','en_US','Discover what drives your sales','Use our powerful <strong>Order Attribution</strong> extension to understand what truly drives your revenue. Track your sales journey, identify your most effective marketing channels, and optimize your sales strategy.','{}','pending','woocommerce.com','2024-12-23 17:04:11',NULL,0,'plain','',0,'info',0),(249,'affirm_promo_Q1_2025','marketing','en_US','Save up to 50% on merchant fees with Affirm','Kickstart the year with buy now, pay later and get merchant rates as low as 2.9% + 30¢ per transaction for 30 days. Download the extension and complete your application from your WooCommerce dashboard by February 19, 2025 to claim the offer. Terms and conditions apply.','{}','pending','woocommerce.com','2025-01-20 17:04:14',NULL,0,'plain','',0,'info',0),(250,'new-woo-brand-announcement-feb4-2025','marketing','en_US','Meet the new Woo','WooCommerce has a new look, but underneath, we’re still the same customizable, open-source ecommerce platform you know and love. Plus, we’ve got some major improvements to our platform and product on the way.','{}','unactioned','woocommerce.com','2025-02-04 17:04:19',NULL,0,'plain','',0,'info',0),(251,'paypal_bnpl_au_promo_Q1_2025','marketing','en_US','Australian shoppers can Pay in 4 with PayPal','Enable Pay in 4 messaging to let Australian customers know that they can pay over time while you get paid up front and in full. Pay in 4 is included in PayPal Payments at no additional cost. Eligible buyers can pay in four interest-free payments for purchases of $30 to $2,000 AUD. Terms apply.','{}','pending','woocommerce.com','2025-02-12 17:13:27',NULL,0,'plain','',0,'info',0),(252,'stripe_stripetax_q1_2025','marketing','en_US','Say goodbye to your tax woes','Stripe Tax automatically applies the correct sales tax, VAT, or GST, saving time while keeping you compliant. And with simple automatic filing, you can stop stressing at tax time and focus on growing instead.','{}','pending','woocommerce.com','2025-02-19 17:04:56',NULL,0,'plain','',0,'info',0),(253,'printful_promo_q1_2025','marketing','en_US','New: sell print-on-demand products, risk-free','Expand your product line with Printful, now available in the WooCommerce Marketplace. Sell custom products with no upfront costs or inventory. This trusted supplier prints, packages, and ships for you, so you can focus on growing your store — and your next big idea.','{}','unactioned','woocommerce.com','2025-02-26 17:04:33',NULL,0,'plain','',0,'info',0),(254,'paypal-braintree-sdk-depreciation-2025-02-20','update','en_US','Update required for your PayPal Braintree extension','To continue securely accepting payments, you must update your PayPal Braintree extension to version 3.2.4 or newer before June 30, 2025. Your current extension version will not support payment processing after this date due to an SSL certificate update.','{}','pending','woocommerce.com','2025-03-04 17:04:15',NULL,0,'plain','',0,'info',0),(255,'woo-marketplace-two-year-subscriptions-rin-2025-03-17','marketing','en_US','Save 20% on new two-year subscriptions','We’ve introduced 20% off two-year subscriptions for all products* in the WooCommerce Marketplace. Lock in long-term savings and make sure your store never misses a beat. \r\n\r\n*Some exclusions apply. New purchases only.','{}','unactioned','woocommerce.com','2025-03-17 17:04:48',NULL,0,'plain','',0,'info',0),(256,'viva_wallet_migration_q1_2025','update','en_US','Switch to the new Viva.com Smart Checkout','The Viva Wallet extension is no longer being updated and improved. To get the best Viva.com experience, move to the new Smart Checkout. It’s fast, secure, and fully compatible with the latest WooCommerce features.','{}','pending','woocommerce.com','2025-04-03 17:04:16',NULL,0,'plain','',0,'info',0),(257,'stripe_orderstatus_bug_q2_2025','update','en_US','Action Required: Update Order Status Manager','Update to the latest Order Status Manager (v1.15.5+) to ensure payments are captured. Your version of WooCommerce Order Status Manager can interfere with order processing for payment gateways (including WooCommerce Stripe Gateway v9.2.0+), which may cause orders to process without capturing payment.','{}','pending','woocommerce.com','2025-04-03 17:04:16',NULL,0,'plain','',0,'info',0),(258,'WooCommerce-Stripe-Gateway-Update-April-2025','update','en_US','Action required: Update WooCommerce Stripe Gateway to v9.4.1','<strong>An important update for WooCommerce Stripe Payment Gateway has been released</strong>. Version 9.4.1 addresses performance issues and payment method visibility problems that occurred in version 9.4.0. Please update as soon as possible for optimal store performance. Please read <a href=\"https://developer.woocommerce.com/2025/04/18/https://developer.woocommerce.com/2025/04/18/developer-advisory-stripe-payment-gateway-9-4-1-release/\" /> this advisory</a> for more information.','{}','pending','woocommerce.com','2025-04-19 17:04:12',NULL,0,'plain','',0,'info',0),(259,'WooCommerce-Stripe-Gateway-Update-Info-April-2025','update','en_US','WooCommerce Stripe Gateway has been updated to v9.4.1','<strong>WooCommerce Stripe Payment Gateway was recently updated</strong>. Version 9.4.1 addresses performance issues and payment method visibility problems that occurred in version 9.4.0. No further action is required. Please read <a href=\"https://developer.woocommerce.com/2025/04/18/https://developer.woocommerce.com/2025/04/18/developer-advisory-stripe-payment-gateway-9-4-1-release/\" /> this advisory post </a>for more information.','{}','pending','woocommerce.com','2025-04-19 17:04:12',NULL,0,'plain','',0,'info',0),(260,'klaviyo_q2_2025','marketing','en_US','Tailor your marketing with data-driven automation','Deliver personalized experiences at scale, simplify your stack, and make your data work for you using Klaviyo’s best-in-class marketing extension for Woo. With advanced segmentation based on actual customer behavior, you can send email and SMS messages that drive revenue and increase loyalty — without adding complexity','{}','unactioned','woocommerce.com','2025-04-30 17:05:10',NULL,0,'plain','',0,'info',0),(262,'uk-vat-notice-2025-04-30','warning','en_US','UK VAT numbers are no longer supported','Due to recent HM Revenue &amp; Customs (HMRC) VAT API changes, your EU VAT Number for WooCommerce extension can no longer validate UK VAT numbers. HMRC now requires merchants to register an API key, which this extension does not currently support. We recommend EU/UK VAT Validation Manager for WooCommerce as a replacement','{}','pending','woocommerce.com','2025-05-05 17:07:51',NULL,0,'plain','',0,'info',0),(263,'wc-admin-email-improvements','info','en_US','¡Los correos electrónicos de la tienda se han actualizado!','Hemos realizado algunas mejoras interesantes en nuestras plantillas de correo electrónico, incluidos diseños modernos y fáciles de usar para los compradores y nuevas opciones de personalización. Y si utilizas un tema de bloques puedes sincronizar automáticamente los estilos de tus temas. Ve a tus ajustes de correo electrónico para explorar las nuevas características.','{}','unactioned','woocommerce-admin','2025-07-28 11:03:34',NULL,0,'plain','',0,'info',0),(264,'payson-retirement-2025','update','en_US','Payson Form Retirement','Svea Bank is discontinuing the Payson service; the last date for transactions is August 31, 2025. As a result, the Payson Form extension has been removed from WooCommerce.com. Documentation remains available.','{}','pending','woocommerce.com','2025-07-28 11:03:36',NULL,0,'plain','',0,'info',0),(265,'paypal-braintree-sdk-depreciation-2025-05-30','update','en_US','Action required: Update the PayPal Braintree extension','Your PayPal Braintree extension is using an outdated SDK and will stop processing payments after June 30, 2025, due to a root SSL certificate expiration. To avoid service disruption, update to version 3.2.4 or newer immediately.','{}','pending','woocommerce.com','2025-07-28 11:03:37',NULL,0,'plain','',0,'info',0),(266,'woohoo10-coupon','marketing','en_US','Celebrate and save with WooCommerce 10.0','To mark this milestone release, get 10% off extensions and themes in the official Woo Marketplace. Use code WOOHOO10 at checkout to save on essential tools that help grow your business. Offer ends August 15, 2025. Terms and conditions apply.','{}','unactioned','woocommerce.com','2025-07-28 11:03:37',NULL,0,'plain','',0,'info',0),(267,'paypaladvantage_q3_2025','marketing','en_US','Add PayPal Checkout and earn up to $1,000*','PayPal Checkout can boost conversion by up to 46% and average order value by up to 62% with no disruption to your checkout. New US merchants who activate by August 31 save 25% on transaction fees for 6 months. Excludes Venmo. Terms apply.*','{}','pending','woocommerce.com','2025-07-28 11:03:37',NULL,0,'plain','',0,'info',0);

--
-- Table structure for table `wp_wc_category_lookup`
--

CREATE TABLE `wp_wc_category_lookup` (
  `category_tree_id` bigint unsigned NOT NULL,
  `category_id` bigint unsigned NOT NULL,
  PRIMARY KEY (`category_tree_id`,`category_id`)
) ENGINE=InnoDB DEFAULT CHARSET=utf8mb4 COLLATE=utf8mb4_unicode_520_ci;

--
-- Dumping data for table `wp_wc_category_lookup`
--

INSERT INTO `wp_wc_category_lookup` VALUES (42,42);

--
-- Table structure for table `wp_wc_customer_lookup`
--

CREATE TABLE `wp_wc_customer_lookup` (
  `customer_id` bigint unsigned NOT NULL AUTO_INCREMENT,
  `user_id` bigint unsigned DEFAULT NULL,
  `username` varchar(60) COLLATE utf8mb4_unicode_520_ci NOT NULL DEFAULT '',
  `first_name` varchar(255) COLLATE utf8mb4_unicode_520_ci NOT NULL,
  `last_name` varchar(255) COLLATE utf8mb4_unicode_520_ci NOT NULL,
  `email` varchar(100) COLLATE utf8mb4_unicode_520_ci DEFAULT NULL,
  `date_last_active` timestamp NULL DEFAULT NULL,
  `date_registered` timestamp NULL DEFAULT NULL,
  `country` char(2) COLLATE utf8mb4_unicode_520_ci NOT NULL DEFAULT '',
  `postcode` varchar(20) COLLATE utf8mb4_unicode_520_ci NOT NULL DEFAULT '',
  `city` varchar(100) COLLATE utf8mb4_unicode_520_ci NOT NULL DEFAULT '',
  `state` varchar(100) COLLATE utf8mb4_unicode_520_ci NOT NULL DEFAULT '',
  PRIMARY KEY (`customer_id`),
  UNIQUE KEY `user_id` (`user_id`),
  KEY `email` (`email`)
) ENGINE=InnoDB AUTO_INCREMENT=35 DEFAULT CHARSET=utf8mb4 COLLATE=utf8mb4_unicode_520_ci;

--
-- Dumping data for table `wp_wc_customer_lookup`
--

INSERT INTO `wp_wc_customer_lookup` VALUES (2,NULL,'','Antonio','Lozano García','logaran7@gmail.com','2021-04-16 05:08:53',NULL,'ES','29014','Malaga','MA'),(3,NULL,'','Xabi','San Martín','xabisan@gmail.com','2021-05-17 19:45:37',NULL,'ES','20004','San Sebastián','SS'),(4,NULL,'','Oskar','Barrera Romero','raddock360@gmail.com','2021-05-18 11:18:19',NULL,'ES','48970','Basauri','BI'),(5,NULL,'','Carlos','Linillos Guijarro','fanta@56k.es','2021-05-18 13:43:14',NULL,'ES','28025','Madrid','M'),(6,NULL,'','David','Novella Giménez','david.novella@me.com','2021-05-29 18:00:17',NULL,'ES','46119','Náquera','V'),(7,NULL,'','Carlos José','Palmero','soporte@actsl.com','2021-06-04 14:54:44',NULL,'ES','28500','Arganda del Rey','M'),(8,NULL,'','Pedro','Alonso Fernández','Patxu_lee@hotmail.com','2021-12-14 19:22:04',NULL,'ES','08224','Terrassa','B'),(9,NULL,'','Alain','Ledesma','a.skorpion@gmail.com','2022-06-11 08:32:01',NULL,'ES','48920','Portugalete','BI'),(10,NULL,'','ORIOL','BERGES BERGADA','oriolberges@hotmail.com','2022-06-16 16:11:44',NULL,'ES','08029','BARCELONA','B'),(11,NULL,'','David','Checa López','dcheca19@hotmail.com','2022-07-02 10:53:42',NULL,'ES','16330','Landete','CU'),(12,NULL,'','José Carlos','Pedrouzo Varela','jotacemadrid@gmail.com','2022-08-16 12:56:20',NULL,'ES','28029','Madrid','M'),(13,52,'angel8088','Angel','Uribe Lara','angeluribe@gmail.com','2023-01-14 07:10:06','2023-01-03 15:26:15','ES','03580','Alfaz Del PI','A'),(14,27,'TREViZE','José Carlos','Pedrouzo Varela','jotacemadrid@gmail.com','2023-02-16 18:24:51','2022-11-25 17:26:17','ES','28029','Madrid','M'),(15,NULL,'','Ivan','Castellanos gaitero','ivansusanna@gmail.com','2023-04-04 10:53:25',NULL,'ES','08913','badalona','B'),(16,NULL,'','Jesús','Martín Fernández','txus.martin.fernandez@gmail.com','2023-04-11 21:50:56',NULL,'ES','46019','Valencia','V'),(17,16,'Lord_koko','Lord','Koko','mauriziosoy@gmail.com','2023-05-12 18:00:49','2022-05-12 14:01:18','ES','50180','Utebo','Z'),(18,NULL,'','Joaquin Angel','Alonso Alvarez','xuacu2k@hotmail.com','2023-05-19 07:57:55',NULL,'ES','33191','San Claudio','O'),(19,NULL,'','Juan José','Galindo Muñoz','juanjo.galindo.munoz@gmail.com','2023-06-01 06:46:40',NULL,'ES','08015','Barcelona','B'),(20,NULL,'','Juan Pablo','Paredes','jpabloparedes@gmail.com','2023-08-15 18:05:05',NULL,'ES','28906','Getafe','M'),(21,NULL,'','ANTONIO','PEREZ GARCIA','antonio.perez.1971@gmail.com','2023-11-29 15:50:13',NULL,'ES','28935','Mostoles','M'),(22,NULL,'','Jose','Belenguer','dp.belenguer@gmail.com','2023-12-29 15:13:29',NULL,'ES','46220','Picassent','V'),(23,93,'carlos_picias','Carlos','Picias','carlos_picias@hotmail.com','2024-02-01 15:17:59','2024-02-01 15:20:23','ES','28051','Madrid','M'),(24,76,'Curr0','','','currocs@yahoo.es','2024-02-18 09:52:39','2023-10-13 15:12:57','ES','15011','A Coruña','C'),(25,NULL,'','','','','2024-02-18 10:12:42',NULL,'','','',''),(26,NULL,'','','','','2024-02-18 10:12:42',NULL,'','','',''),(27,73,'jordi','Jordi','','dontbugster@gmail.com','2024-02-19 15:34:30','2023-06-05 05:38:51','ES','08018','Barcelona','B'),(28,79,'DennisChannels','Daniel','Canales','daniel.canales.llera@gmail.com','2024-02-18 12:30:00','2023-11-04 11:22:17','ES','06800','Mérida','BA'),(29,55,'meraki','','','jesus_martin_fernandez@hotmail.com','2024-02-18 12:33:52','2023-02-10 22:18:10','ES','46019','Valencia','V'),(30,33,'D_Skywalk','','','dskywalk@gmail.com','2024-02-19 15:39:40','2022-11-30 19:15:53','ES','18600','Motril','GR'),(31,NULL,'','José Daniel','Artiles González','Argon181120@gmail.com','2024-06-06 05:12:59',NULL,'ES','38205','San Cristóbal de la Laguna','TF'),(32,1,'kalzakath','Xavi','fabregat','kalzakath1@gmail.com','2024-06-06 13:09:12','2020-03-24 12:38:23','ES','44610','Calaceite','TE'),(33,NULL,'','Manuel','Trujillo Albarral','manuel.sotomonte.2022@gmail.com','2024-06-22 14:06:13',NULL,'ES','08227','Terrassa','B'),(34,NULL,'','Javier','Vidal','javitu@gmail.com','2024-12-16 20:18:46',NULL,'ES','28022','Madrid','M');

--
-- Table structure for table `wp_wc_download_log`
--

CREATE TABLE `wp_wc_download_log` (
  `download_log_id` bigint unsigned NOT NULL AUTO_INCREMENT,
  `timestamp` datetime NOT NULL,
  `permission_id` bigint unsigned NOT NULL,
  `user_id` bigint unsigned DEFAULT NULL,
  `user_ip_address` varchar(100) COLLATE utf8mb4_unicode_520_ci DEFAULT '',
  PRIMARY KEY (`download_log_id`),
  KEY `permission_id` (`permission_id`),
  KEY `timestamp` (`timestamp`)
) ENGINE=InnoDB DEFAULT CHARSET=utf8mb4 COLLATE=utf8mb4_unicode_520_ci;

--
-- Dumping data for table `wp_wc_download_log`
--


--
-- Table structure for table `wp_wc_order_addresses`
--

CREATE TABLE `wp_wc_order_addresses` (
  `id` bigint unsigned NOT NULL AUTO_INCREMENT,
  `order_id` bigint unsigned NOT NULL,
  `address_type` varchar(20) COLLATE utf8mb4_unicode_520_ci DEFAULT NULL,
  `first_name` text COLLATE utf8mb4_unicode_520_ci,
  `last_name` text COLLATE utf8mb4_unicode_520_ci,
  `company` text COLLATE utf8mb4_unicode_520_ci,
  `address_1` text COLLATE utf8mb4_unicode_520_ci,
  `address_2` text COLLATE utf8mb4_unicode_520_ci,
  `city` text COLLATE utf8mb4_unicode_520_ci,
  `state` text COLLATE utf8mb4_unicode_520_ci,
  `postcode` text COLLATE utf8mb4_unicode_520_ci,
  `country` text COLLATE utf8mb4_unicode_520_ci,
  `email` varchar(320) COLLATE utf8mb4_unicode_520_ci DEFAULT NULL,
  `phone` varchar(100) COLLATE utf8mb4_unicode_520_ci DEFAULT NULL,
  PRIMARY KEY (`id`),
  UNIQUE KEY `address_type_order_id` (`address_type`,`order_id`),
  KEY `order_id` (`order_id`),
  KEY `email` (`email`),
  KEY `phone` (`phone`)
) ENGINE=InnoDB DEFAULT CHARSET=utf8mb4 COLLATE=utf8mb4_unicode_520_ci;

--
-- Dumping data for table `wp_wc_order_addresses`
--


--
-- Table structure for table `wp_wc_order_coupon_lookup`
--

CREATE TABLE `wp_wc_order_coupon_lookup` (
  `order_id` bigint unsigned NOT NULL,
  `coupon_id` bigint NOT NULL,
  `date_created` datetime NOT NULL DEFAULT '0000-00-00 00:00:00',
  `discount_amount` double NOT NULL DEFAULT '0',
  PRIMARY KEY (`order_id`,`coupon_id`),
  KEY `coupon_id` (`coupon_id`),
  KEY `date_created` (`date_created`)
) ENGINE=InnoDB DEFAULT CHARSET=utf8mb4 COLLATE=utf8mb4_unicode_520_ci;

--
-- Dumping data for table `wp_wc_order_coupon_lookup`
--


--
-- Table structure for table `wp_wc_order_operational_data`
--

CREATE TABLE `wp_wc_order_operational_data` (
  `id` bigint unsigned NOT NULL AUTO_INCREMENT,
  `order_id` bigint unsigned DEFAULT NULL,
  `created_via` varchar(100) COLLATE utf8mb4_unicode_520_ci DEFAULT NULL,
  `woocommerce_version` varchar(20) COLLATE utf8mb4_unicode_520_ci DEFAULT NULL,
  `prices_include_tax` tinyint(1) DEFAULT NULL,
  `coupon_usages_are_counted` tinyint(1) DEFAULT NULL,
  `download_permission_granted` tinyint(1) DEFAULT NULL,
  `cart_hash` varchar(100) COLLATE utf8mb4_unicode_520_ci DEFAULT NULL,
  `new_order_email_sent` tinyint(1) DEFAULT NULL,
  `order_key` varchar(100) COLLATE utf8mb4_unicode_520_ci DEFAULT NULL,
  `order_stock_reduced` tinyint(1) DEFAULT NULL,
  `date_paid_gmt` datetime DEFAULT NULL,
  `date_completed_gmt` datetime DEFAULT NULL,
  `shipping_tax_amount` decimal(26,8) DEFAULT NULL,
  `shipping_total_amount` decimal(26,8) DEFAULT NULL,
  `discount_tax_amount` decimal(26,8) DEFAULT NULL,
  `discount_total_amount` decimal(26,8) DEFAULT NULL,
  `recorded_sales` tinyint(1) DEFAULT NULL,
  PRIMARY KEY (`id`),
  UNIQUE KEY `order_id` (`order_id`),
  KEY `order_key` (`order_key`)
) ENGINE=InnoDB DEFAULT CHARSET=utf8mb4 COLLATE=utf8mb4_unicode_520_ci;

--
-- Dumping data for table `wp_wc_order_operational_data`
--


--
-- Table structure for table `wp_wc_order_product_lookup`
--

CREATE TABLE `wp_wc_order_product_lookup` (
  `order_item_id` bigint unsigned NOT NULL,
  `order_id` bigint unsigned NOT NULL,
  `product_id` bigint unsigned NOT NULL,
  `variation_id` bigint unsigned NOT NULL,
  `customer_id` bigint unsigned DEFAULT NULL,
  `date_created` datetime NOT NULL DEFAULT '0000-00-00 00:00:00',
  `product_qty` int NOT NULL,
  `product_net_revenue` double NOT NULL DEFAULT '0',
  `product_gross_revenue` double NOT NULL DEFAULT '0',
  `coupon_amount` double NOT NULL DEFAULT '0',
  `tax_amount` double NOT NULL DEFAULT '0',
  `shipping_amount` double NOT NULL DEFAULT '0',
  `shipping_tax_amount` double NOT NULL DEFAULT '0',
  PRIMARY KEY (`order_item_id`),
  KEY `order_id` (`order_id`),
  KEY `product_id` (`product_id`),
  KEY `customer_id` (`customer_id`),
  KEY `date_created` (`date_created`),
  KEY `customer_product_date` (`customer_id`,`product_id`,`date_created`)
) ENGINE=InnoDB DEFAULT CHARSET=utf8mb4 COLLATE=utf8mb4_unicode_520_ci;

--
-- Dumping data for table `wp_wc_order_product_lookup`
--

INSERT INTO `wp_wc_order_product_lookup` VALUES (3,1125,1038,0,2,'2021-04-16 07:08:53',1,13.95,18.94,0,0,4.99,0),(5,1183,1000,1010,3,'2021-05-17 21:45:37',1,16.25,16.25,0,0,0,0),(7,1184,1000,1011,4,'2021-05-18 13:18:19',1,16.25,16.25,0,0,0,0),(9,1186,1000,1013,5,'2021-05-18 15:43:14',1,17.55,17.55,0,0,0,0),(11,1192,1000,1024,6,'2021-05-29 20:00:17',1,16.25,16.25,0,0,0,0),(13,1195,1000,1011,7,'2021-06-04 16:54:44',1,16.25,16.25,0,0,0,0),(14,1195,1038,0,7,'2021-06-04 16:54:44',1,16.45,16.45,0,0,0,0),(16,1429,1038,0,8,'2021-12-14 20:22:04',1,16.45,16.45,0,0,0,0),(17,1429,1000,1013,8,'2021-12-14 20:22:04',1,17.55,17.55,0,0,0,0),(19,1689,1038,0,9,'2022-06-11 10:32:01',1,16.45,16.45,0,0,0,0),(21,1694,1000,1004,10,'2022-06-16 18:11:44',1,16.25,16.25,0,0,0,0),(23,1760,1000,1023,11,'2022-07-02 14:53:42',1,16.25,16.25,0,0,0,0),(25,2427,1832,1840,12,'2022-08-16 16:56:20',1,20.5,20.5,0,0,0,0),(27,2741,1038,0,13,'2023-01-14 10:10:06',1,16.45,16.45,0,0,0,0),(28,2741,2376,2380,13,'2023-01-14 10:10:06',1,17.25,17.25,0,0,0,0),(30,2816,1038,0,14,'2023-02-16 21:24:51',1,16.45,16.45,0,0,0,0),(32,2903,2152,2160,15,'2023-04-04 14:53:25',1,20.5,20.5,0,0,0,0),(34,2909,1038,0,16,'2023-04-12 01:50:56',1,16.45,16.45,0,0,0,0),(36,2961,1832,1852,17,'2023-05-12 22:00:49',1,20.5,20.5,0,0,0,0),(38,3002,1038,0,18,'2023-05-19 11:57:55',1,16.45,16.45,0,0,0,0),(40,3018,1908,1920,19,'2023-06-01 10:46:40',1,17.25,17.25,0,0,0,0),(41,3018,1038,0,19,'2023-06-01 10:46:40',1,16.45,16.45,0,0,0,0),(43,3103,1038,0,20,'2023-08-15 22:05:05',1,16.45,16.45,0,0,0,0),(45,3271,2152,2165,21,'2023-11-29 18:48:41',1,18.5,18.5,0,0,0,0),(47,3272,2152,2165,21,'2023-11-29 18:50:13',1,18.5,18.5,0,0,0,0),(49,3319,1038,0,22,'2023-12-29 18:13:29',1,16.45,16.45,0,0,0,0),(51,3401,3365,3369,23,'2024-02-01 18:17:59',1,19.95,19.95,0,0,0,0),(52,3401,1038,0,23,'2024-02-01 18:17:59',1,16.45,16.45,0,0,0,0),(54,3421,2152,2156,24,'2024-02-18 12:52:39',1,17.25,17.25,0,0,0,0),(55,3422,1038,0,27,'2024-02-18 13:12:42',1,16.45,16.45,0,0,0,0),(56,3424,1038,0,28,'2024-02-18 15:30:00',1,16.45,16.45,0,0,0,0),(57,3425,2152,2156,29,'2024-02-18 15:33:52',1,17.25,17.25,0,0,0,0),(58,3426,1038,0,27,'2024-02-19 18:34:30',1,16.45,16.45,0,0,0,0),(59,3428,1038,0,30,'2024-02-19 18:39:40',1,16.45,16.45,0,0,0,0),(60,3428,2152,2163,30,'2024-02-19 18:39:40',1,17.25,17.25,0,0,0,0),(61,3609,2152,2156,31,'2024-06-06 09:12:59',1,17.25,17.25,0,0,0,0),(63,3610,2152,2177,32,'2024-06-06 17:09:12',1,18.5,18.5,0,0,0,0),(65,3675,3639,3647,33,'2024-06-22 18:06:13',1,21.25,21.25,0,0,0,0),(67,3856,1038,0,34,'2024-12-16 23:18:46',1,16.45,16.45,0,0,0,0);

--
-- Table structure for table `wp_wc_order_stats`
--

CREATE TABLE `wp_wc_order_stats` (
  `order_id` bigint unsigned NOT NULL,
  `parent_id` bigint unsigned NOT NULL DEFAULT '0',
  `date_created` datetime NOT NULL DEFAULT '0000-00-00 00:00:00',
  `date_created_gmt` datetime NOT NULL DEFAULT '0000-00-00 00:00:00',
  `num_items_sold` int NOT NULL DEFAULT '0',
  `total_sales` double NOT NULL DEFAULT '0',
  `tax_total` double NOT NULL DEFAULT '0',
  `shipping_total` double NOT NULL DEFAULT '0',
  `net_total` double NOT NULL DEFAULT '0',
  `returning_customer` tinyint(1) DEFAULT NULL,
  `status` varchar(200) COLLATE utf8mb4_unicode_520_ci NOT NULL,
  `customer_id` bigint unsigned NOT NULL,
  `date_paid` datetime DEFAULT '0000-00-00 00:00:00',
  `date_completed` datetime DEFAULT '0000-00-00 00:00:00',
  PRIMARY KEY (`order_id`),
  KEY `date_created` (`date_created`),
  KEY `customer_id` (`customer_id`),
  KEY `status` (`status`(191))
) ENGINE=InnoDB DEFAULT CHARSET=utf8mb4 COLLATE=utf8mb4_unicode_520_ci;

--
-- Dumping data for table `wp_wc_order_stats`
--

INSERT INTO `wp_wc_order_stats` VALUES (1125,0,'2021-04-16 07:08:53','2021-04-16 07:08:53',1,18.94,0,4.99,13.95,0,'wc-completed',2,'2021-04-18 15:09:04','2021-04-18 15:09:04'),(1183,0,'2021-05-17 21:45:37','2021-05-17 21:45:37',1,16.25,0,0,16.25,0,'wc-completed',3,'2021-05-18 15:51:16','2021-05-20 13:51:23'),(1184,0,'2021-05-18 13:18:19','2021-05-18 13:18:19',1,16.25,0,0,16.25,0,'wc-completed',4,'2021-05-18 15:51:16','2021-05-19 15:53:20'),(1186,0,'2021-05-18 15:43:14','2021-05-18 15:43:14',1,17.55,0,0,17.55,0,'wc-completed',5,'2021-05-18 22:15:21','2021-05-19 14:48:10'),(1192,0,'2021-05-29 20:00:17','2021-05-29 20:00:17',1,16.25,0,0,16.25,0,'wc-completed',6,'2021-05-31 18:37:56','2021-06-01 12:42:40'),(1195,0,'2021-06-04 16:54:44','2021-06-04 16:54:44',2,32.7,0,0,32.7,0,'wc-completed',7,'2021-06-04 19:17:36','2021-06-06 09:37:23'),(1429,0,'2021-12-14 20:22:04','2021-12-14 20:22:04',2,34,0,0,34,0,'wc-cancelled',8,'0000-00-00 00:00:00','0000-00-00 00:00:00'),(1689,0,'2022-06-11 10:32:01','2022-06-11 10:32:01',1,16.45,0,0,16.45,0,'wc-completed',9,'2022-06-12 12:37:44','2022-06-13 09:25:04'),(1694,0,'2022-06-16 18:11:44','2022-06-16 18:11:44',1,16.25,0,0,16.25,0,'wc-completed',10,'2022-06-18 12:23:16','2022-06-18 14:59:27'),(1760,0,'2022-07-02 14:53:42','2022-07-02 12:53:42',1,16.25,0,0,16.25,0,'wc-completed',11,'2022-07-02 15:36:36','2022-07-04 17:00:34'),(2427,0,'2022-08-16 16:56:20','2022-08-16 14:56:20',1,20.5,0,0,20.5,0,'wc-completed',12,'2022-08-17 12:16:56','2022-08-18 11:18:16'),(2741,0,'2023-01-14 10:10:06','2023-01-14 08:10:06',2,33.7,0,0,33.7,0,'wc-completed',13,'2023-01-14 14:28:59','2023-01-15 13:40:47'),(2816,0,'2023-02-16 21:24:51','2023-02-16 19:24:51',1,16.45,0,0,16.45,0,'wc-completed',14,'2023-02-16 20:44:06','2023-02-18 11:22:00'),(2903,0,'2023-04-04 14:53:25','2023-04-04 12:53:25',1,20.5,0,0,20.5,0,'wc-completed',15,'2023-04-04 15:08:37','2023-04-06 11:03:15'),(2909,0,'2023-04-12 01:50:56','2023-04-11 23:50:56',1,16.45,0,0,16.45,0,'wc-completed',16,'2023-04-12 07:59:06','2023-04-12 14:24:56'),(2961,0,'2023-05-12 22:00:49','2023-05-12 20:00:49',1,20.5,0,0,20.5,0,'wc-completed',17,'2023-05-12 23:26:01','2023-05-18 12:20:19'),(3002,0,'2023-05-19 11:57:55','2023-05-19 09:57:55',1,16.45,0,0,16.45,0,'wc-completed',18,'2023-05-19 12:47:55','2023-05-22 17:34:33'),(3018,0,'2023-06-01 10:46:40','2023-06-01 08:46:40',2,33.7,0,0,33.7,0,'wc-completed',19,'2023-06-01 11:15:46','2023-06-08 11:18:51'),(3103,0,'2023-08-15 22:05:05','2023-08-15 20:05:05',1,16.45,0,0,16.45,0,'wc-completed',20,'2023-08-16 19:12:49','2023-08-18 15:57:40'),(3271,0,'2023-11-29 18:48:41','2023-11-29 16:48:41',1,18.5,0,0,18.5,1,'wc-cancelled',21,NULL,NULL),(3272,0,'2023-11-29 18:50:13','2023-11-29 16:50:13',1,18.5,0,0,18.5,0,'wc-completed',21,'2023-11-29 23:11:34','2023-12-01 22:11:32'),(3319,0,'2023-12-29 18:13:29','2023-12-29 16:13:29',1,16.45,0,0,16.45,0,'wc-completed',22,'2023-12-30 11:03:20','2024-01-02 16:08:23'),(3401,0,'2024-02-01 18:17:59','2024-02-01 16:17:59',2,36.4,0,0,36.4,0,'wc-completed',23,'2024-02-01 18:24:59','2024-02-04 18:14:26'),(3421,0,'2024-02-18 12:52:39','2024-02-18 10:52:39',1,17.25,0,0,17.25,0,'wc-completed',24,'2024-02-18 12:54:16','2024-02-18 16:36:46'),(3422,0,'2024-02-18 13:12:42','2024-02-18 11:12:42',1,16.45,0,0,16.45,0,'wc-cancelled',27,'2024-02-18 13:13:04',NULL),(3424,0,'2024-02-18 15:30:00','2024-02-18 13:30:00',1,16.45,0,0,16.45,0,'wc-completed',28,'2024-02-18 15:30:35','2024-02-19 14:53:46'),(3425,0,'2024-02-18 15:33:52','2024-02-18 13:33:52',1,17.25,0,0,17.25,0,'wc-completed',29,'2024-02-18 15:34:19','2024-02-19 10:27:53'),(3426,0,'2024-02-19 18:34:30','2024-02-19 16:34:30',1,16.45,0,0,16.45,0,'wc-completed',27,'2024-02-19 18:35:23','2024-02-21 13:18:17'),(3428,0,'2024-02-19 18:39:40','2024-02-19 16:39:40',2,33.7,0,0,33.7,0,'wc-completed',30,'2024-02-19 18:40:41','2024-02-21 13:36:41'),(3609,0,'2024-06-06 09:12:59','2024-06-06 07:12:59',1,17.25,0,0,17.25,0,'wc-cancelled',31,NULL,NULL),(3610,0,'2024-06-06 17:09:12','2024-06-06 15:09:12',1,18.5,0,0,18.5,0,'wc-cancelled',32,NULL,NULL),(3675,0,'2024-06-22 18:06:13','2024-06-22 16:06:13',1,21.25,0,0,21.25,0,'wc-completed',33,'2024-06-22 20:19:07','2024-06-27 08:37:49'),(3856,0,'2024-12-16 23:18:46','2024-12-16 21:18:46',1,16.45,0,0,16.45,0,'wc-completed',34,'2024-12-17 08:26:29','2024-12-17 15:18:22');

--
-- Table structure for table `wp_wc_order_tax_lookup`
--

CREATE TABLE `wp_wc_order_tax_lookup` (
  `order_id` bigint unsigned NOT NULL,
  `tax_rate_id` bigint unsigned NOT NULL,
  `date_created` datetime NOT NULL DEFAULT '0000-00-00 00:00:00',
  `shipping_tax` double NOT NULL DEFAULT '0',
  `order_tax` double NOT NULL DEFAULT '0',
  `total_tax` double NOT NULL DEFAULT '0',
  PRIMARY KEY (`order_id`,`tax_rate_id`),
  KEY `tax_rate_id` (`tax_rate_id`),
  KEY `date_created` (`date_created`)
) ENGINE=InnoDB DEFAULT CHARSET=utf8mb4 COLLATE=utf8mb4_unicode_520_ci;

--
-- Dumping data for table `wp_wc_order_tax_lookup`
--


--
-- Table structure for table `wp_wc_orders`
--

CREATE TABLE `wp_wc_orders` (
  `id` bigint unsigned NOT NULL,
  `status` varchar(20) COLLATE utf8mb4_unicode_520_ci DEFAULT NULL,
  `currency` varchar(10) COLLATE utf8mb4_unicode_520_ci DEFAULT NULL,
  `type` varchar(20) COLLATE utf8mb4_unicode_520_ci DEFAULT NULL,
  `tax_amount` decimal(26,8) DEFAULT NULL,
  `total_amount` decimal(26,8) DEFAULT NULL,
  `customer_id` bigint unsigned DEFAULT NULL,
  `billing_email` varchar(320) COLLATE utf8mb4_unicode_520_ci DEFAULT NULL,
  `date_created_gmt` datetime DEFAULT NULL,
  `date_updated_gmt` datetime DEFAULT NULL,
  `parent_order_id` bigint unsigned DEFAULT NULL,
  `payment_method` varchar(100) COLLATE utf8mb4_unicode_520_ci DEFAULT NULL,
  `payment_method_title` text COLLATE utf8mb4_unicode_520_ci,
  `transaction_id` varchar(100) COLLATE utf8mb4_unicode_520_ci DEFAULT NULL,
  `ip_address` varchar(100) COLLATE utf8mb4_unicode_520_ci DEFAULT NULL,
  `user_agent` text COLLATE utf8mb4_unicode_520_ci,
  `customer_note` text COLLATE utf8mb4_unicode_520_ci,
  PRIMARY KEY (`id`),
  KEY `status` (`status`),
  KEY `date_created` (`date_created_gmt`),
  KEY `customer_id_billing_email` (`customer_id`,`billing_email`),
  KEY `billing_email` (`billing_email`),
  KEY `type_status` (`type`,`status`),
  KEY `parent_order_id` (`parent_order_id`),
  KEY `date_updated` (`date_updated_gmt`)
) ENGINE=InnoDB DEFAULT CHARSET=utf8mb4 COLLATE=utf8mb4_unicode_520_ci;

--
-- Dumping data for table `wp_wc_orders`
--


--
-- Table structure for table `wp_wc_orders_meta`
--

CREATE TABLE `wp_wc_orders_meta` (
  `id` bigint unsigned NOT NULL AUTO_INCREMENT,
  `order_id` bigint unsigned DEFAULT NULL,
  `meta_key` varchar(255) COLLATE utf8mb4_unicode_520_ci DEFAULT NULL,
  `meta_value` text COLLATE utf8mb4_unicode_520_ci,
  PRIMARY KEY (`id`),
  KEY `meta_key_value` (`meta_key`,`meta_value`(100)),
  KEY `order_id_meta_key_meta_value` (`order_id`,`meta_key`,`meta_value`(100))
) ENGINE=InnoDB DEFAULT CHARSET=utf8mb4 COLLATE=utf8mb4_unicode_520_ci;

--
-- Dumping data for table `wp_wc_orders_meta`
--


--
-- Table structure for table `wp_wc_product_attributes_lookup`
--

CREATE TABLE `wp_wc_product_attributes_lookup` (
  `product_id` bigint NOT NULL,
  `product_or_parent_id` bigint NOT NULL,
  `taxonomy` varchar(32) COLLATE utf8mb4_unicode_520_ci NOT NULL,
  `term_id` bigint NOT NULL,
  `is_variation_attribute` tinyint(1) NOT NULL,
  `in_stock` tinyint(1) NOT NULL,
  PRIMARY KEY (`product_or_parent_id`,`term_id`,`product_id`,`taxonomy`),
  KEY `is_variation_attribute_term_id` (`is_variation_attribute`,`term_id`)
) ENGINE=InnoDB DEFAULT CHARSET=utf8mb4 COLLATE=utf8mb4_unicode_520_ci;

--
-- Dumping data for table `wp_wc_product_attributes_lookup`
--

INSERT INTO `wp_wc_product_attributes_lookup` VALUES (1835,1832,'pa_color',74,1,1),(1836,1832,'pa_color',74,1,1),(1837,1832,'pa_color',74,1,1),(1838,1832,'pa_color',74,1,1),(1839,1832,'pa_color',74,1,1),(1840,1832,'pa_color',74,1,1),(1841,1832,'pa_color',96,1,1),(1842,1832,'pa_color',96,1,1),(1843,1832,'pa_color',96,1,1),(1844,1832,'pa_color',96,1,1),(1845,1832,'pa_color',96,1,1),(1846,1832,'pa_color',96,1,1),(1859,1832,'pa_color',100,1,1),(1860,1832,'pa_color',100,1,1),(1861,1832,'pa_color',100,1,1),(1862,1832,'pa_color',100,1,1),(1863,1832,'pa_color',100,1,1),(1864,1832,'pa_color',100,1,1),(1835,1832,'pa_talla',102,1,1),(1841,1832,'pa_talla',102,1,1),(1847,1832,'pa_talla',102,1,1),(1853,1832,'pa_talla',102,1,1),(1859,1832,'pa_talla',102,1,1),(1836,1832,'pa_talla',103,1,1),(1842,1832,'pa_talla',103,1,1),(1848,1832,'pa_talla',103,1,1),(1854,1832,'pa_talla',103,1,1),(1860,1832,'pa_talla',103,1,1),(1837,1832,'pa_talla',104,1,1),(1843,1832,'pa_talla',104,1,1),(1849,1832,'pa_talla',104,1,1),(1855,1832,'pa_talla',104,1,1),(1861,1832,'pa_talla',104,1,1),(1838,1832,'pa_talla',105,1,1),(1844,1832,'pa_talla',105,1,1),(1850,1832,'pa_talla',105,1,1),(1856,1832,'pa_talla',105,1,1),(1862,1832,'pa_talla',105,1,1),(1839,1832,'pa_talla',106,1,1),(1845,1832,'pa_talla',106,1,1),(1851,1832,'pa_talla',106,1,1),(1857,1832,'pa_talla',106,1,1),(1863,1832,'pa_talla',106,1,1),(1840,1832,'pa_talla',107,1,1),(1846,1832,'pa_talla',107,1,1),(1852,1832,'pa_talla',107,1,1),(1858,1832,'pa_talla',107,1,1),(1864,1832,'pa_talla',107,1,1),(1847,1832,'pa_color',111,1,1),(1848,1832,'pa_color',111,1,1),(1849,1832,'pa_color',111,1,1),(1850,1832,'pa_color',111,1,1),(1851,1832,'pa_color',111,1,1),(1852,1832,'pa_color',111,1,1),(1853,1832,'pa_color',112,1,1),(1854,1832,'pa_color',112,1,1),(1855,1832,'pa_color',112,1,1),(1856,1832,'pa_color',112,1,1),(1857,1832,'pa_color',112,1,1),(1858,1832,'pa_color',112,1,1),(1873,1870,'pa_color',74,1,1),(1874,1870,'pa_color',74,1,1),(1875,1870,'pa_color',74,1,1),(1876,1870,'pa_color',74,1,1),(1877,1870,'pa_color',74,1,1),(1878,1870,'pa_color',74,1,1),(1879,1870,'pa_color',96,1,1),(1880,1870,'pa_color',96,1,1),(1881,1870,'pa_color',96,1,1),(1882,1870,'pa_color',96,1,1),(1883,1870,'pa_color',96,1,1),(1884,1870,'pa_color',96,1,1),(1897,1870,'pa_color',100,1,1),(1898,1870,'pa_color',100,1,1),(1899,1870,'pa_color',100,1,1),(1900,1870,'pa_color',100,1,1),(1901,1870,'pa_color',100,1,1),(1902,1870,'pa_color',100,1,1),(1873,1870,'pa_talla',102,1,1),(1879,1870,'pa_talla',102,1,1),(1885,1870,'pa_talla',102,1,1),(1891,1870,'pa_talla',102,1,1),(1897,1870,'pa_talla',102,1,1),(1874,1870,'pa_talla',103,1,1),(1880,1870,'pa_talla',103,1,1),(1886,1870,'pa_talla',103,1,1),(1892,1870,'pa_talla',103,1,1),(1898,1870,'pa_talla',103,1,1),(1875,1870,'pa_talla',104,1,1),(1881,1870,'pa_talla',104,1,1),(1887,1870,'pa_talla',104,1,1),(1893,1870,'pa_talla',104,1,1),(1899,1870,'pa_talla',104,1,1),(1876,1870,'pa_talla',105,1,1),(1882,1870,'pa_talla',105,1,1),(1888,1870,'pa_talla',105,1,1),(1894,1870,'pa_talla',105,1,1),(1900,1870,'pa_talla',105,1,1),(1877,1870,'pa_talla',106,1,1),(1883,1870,'pa_talla',106,1,1),(1889,1870,'pa_talla',106,1,1),(1895,1870,'pa_talla',106,1,1),(1901,1870,'pa_talla',106,1,1),(1878,1870,'pa_talla',107,1,1),(1884,1870,'pa_talla',107,1,1),(1890,1870,'pa_talla',107,1,1),(1896,1870,'pa_talla',107,1,1),(1902,1870,'pa_talla',107,1,1),(1885,1870,'pa_color',111,1,1),(1886,1870,'pa_color',111,1,1),(1887,1870,'pa_color',111,1,1),(1888,1870,'pa_color',111,1,1),(1889,1870,'pa_color',111,1,1),(1890,1870,'pa_color',111,1,1),(1891,1870,'pa_color',112,1,1),(1892,1870,'pa_color',112,1,1),(1893,1870,'pa_color',112,1,1),(1894,1870,'pa_color',112,1,1),(1895,1870,'pa_color',112,1,1),(1896,1870,'pa_color',112,1,1),(1911,1908,'pa_color',74,1,1),(1912,1908,'pa_color',74,1,1),(1913,1908,'pa_color',74,1,1),(1914,1908,'pa_color',74,1,1),(1915,1908,'pa_color',74,1,1),(1916,1908,'pa_color',74,1,1),(1917,1908,'pa_color',96,1,1),(1918,1908,'pa_color',96,1,1),(1919,1908,'pa_color',96,1,1),(1920,1908,'pa_color',96,1,1),(1921,1908,'pa_color',96,1,1),(1922,1908,'pa_color',96,1,1),(1935,1908,'pa_color',100,1,1),(1936,1908,'pa_color',100,1,1),(1937,1908,'pa_color',100,1,1),(1938,1908,'pa_color',100,1,1),(1939,1908,'pa_color',100,1,1),(1940,1908,'pa_color',100,1,1),(1911,1908,'pa_talla',102,1,1),(1917,1908,'pa_talla',102,1,1),(1923,1908,'pa_talla',102,1,1),(1929,1908,'pa_talla',102,1,1),(1935,1908,'pa_talla',102,1,1),(1912,1908,'pa_talla',103,1,1),(1918,1908,'pa_talla',103,1,1),(1924,1908,'pa_talla',103,1,1),(1930,1908,'pa_talla',103,1,1),(1936,1908,'pa_talla',103,1,1),(1913,1908,'pa_talla',104,1,1),(1919,1908,'pa_talla',104,1,1),(1925,1908,'pa_talla',104,1,1),(1931,1908,'pa_talla',104,1,1),(1937,1908,'pa_talla',104,1,1),(1914,1908,'pa_talla',105,1,1),(1920,1908,'pa_talla',105,1,1),(1926,1908,'pa_talla',105,1,1),(1932,1908,'pa_talla',105,1,1),(1938,1908,'pa_talla',105,1,1),(1915,1908,'pa_talla',106,1,1),(1921,1908,'pa_talla',106,1,1),(1927,1908,'pa_talla',106,1,1),(1933,1908,'pa_talla',106,1,1),(1939,1908,'pa_talla',106,1,1),(1916,1908,'pa_talla',107,1,1),(1922,1908,'pa_talla',107,1,1),(1928,1908,'pa_talla',107,1,1),(1934,1908,'pa_talla',107,1,1),(1940,1908,'pa_talla',107,1,1),(1923,1908,'pa_color',111,1,1),(1924,1908,'pa_color',111,1,1),(1925,1908,'pa_color',111,1,1),(1926,1908,'pa_color',111,1,1),(1927,1908,'pa_color',111,1,1),(1928,1908,'pa_color',111,1,1),(1929,1908,'pa_color',112,1,1),(1930,1908,'pa_color',112,1,1),(1931,1908,'pa_color',112,1,1),(1932,1908,'pa_color',112,1,1),(1933,1908,'pa_color',112,1,1),(1934,1908,'pa_color',112,1,1),(2155,2152,'pa_color',74,1,1),(2156,2152,'pa_color',74,1,1),(2157,2152,'pa_color',74,1,1),(2158,2152,'pa_color',74,1,1),(2159,2152,'pa_color',74,1,1),(2160,2152,'pa_color',74,1,1),(2161,2152,'pa_color',96,1,1),(2162,2152,'pa_color',96,1,1),(2163,2152,'pa_color',96,1,1),(2164,2152,'pa_color',96,1,1),(2165,2152,'pa_color',96,1,1),(2166,2152,'pa_color',96,1,1),(2179,2152,'pa_color',100,1,1),(2180,2152,'pa_color',100,1,1),(2181,2152,'pa_color',100,1,1),(2182,2152,'pa_color',100,1,1),(2183,2152,'pa_color',100,1,1),(2184,2152,'pa_color',100,1,1),(2155,2152,'pa_talla',102,1,1),(2161,2152,'pa_talla',102,1,1),(2167,2152,'pa_talla',102,1,1),(2173,2152,'pa_talla',102,1,1),(2179,2152,'pa_talla',102,1,1),(2156,2152,'pa_talla',103,1,1),(2162,2152,'pa_talla',103,1,1),(2168,2152,'pa_talla',103,1,1),(2174,2152,'pa_talla',103,1,1),(2180,2152,'pa_talla',103,1,1),(2157,2152,'pa_talla',104,1,1),(2163,2152,'pa_talla',104,1,1),(2169,2152,'pa_talla',104,1,1),(2175,2152,'pa_talla',104,1,1),(2181,2152,'pa_talla',104,1,1),(2158,2152,'pa_talla',105,1,1),(2164,2152,'pa_talla',105,1,1),(2170,2152,'pa_talla',105,1,1),(2176,2152,'pa_talla',105,1,1),(2182,2152,'pa_talla',105,1,1),(2159,2152,'pa_talla',106,1,1),(2165,2152,'pa_talla',106,1,1),(2171,2152,'pa_talla',106,1,1),(2177,2152,'pa_talla',106,1,1),(2183,2152,'pa_talla',106,1,1),(2160,2152,'pa_talla',107,1,1),(2166,2152,'pa_talla',107,1,1),(2172,2152,'pa_talla',107,1,1),(2178,2152,'pa_talla',107,1,1),(2184,2152,'pa_talla',107,1,1),(2167,2152,'pa_color',111,1,1),(2168,2152,'pa_color',111,1,1),(2169,2152,'pa_color',111,1,1),(2170,2152,'pa_color',111,1,1),(2171,2152,'pa_color',111,1,1),(2172,2152,'pa_color',111,1,1),(2173,2152,'pa_color',112,1,1),(2174,2152,'pa_color',112,1,1),(2175,2152,'pa_color',112,1,1),(2176,2152,'pa_color',112,1,1),(2177,2152,'pa_color',112,1,1),(2178,2152,'pa_color',112,1,1),(2283,2280,'pa_color',74,1,1),(2284,2280,'pa_color',74,1,1),(2285,2280,'pa_color',74,1,1),(2286,2280,'pa_color',74,1,1),(2287,2280,'pa_color',74,1,1),(2288,2280,'pa_color',74,1,1),(2289,2280,'pa_color',96,1,1),(2290,2280,'pa_color',96,1,1),(2291,2280,'pa_color',96,1,1),(2292,2280,'pa_color',96,1,1),(2293,2280,'pa_color',96,1,1),(2294,2280,'pa_color',96,1,1),(2307,2280,'pa_color',100,1,1),(2308,2280,'pa_color',100,1,1),(2309,2280,'pa_color',100,1,1),(2310,2280,'pa_color',100,1,1),(2311,2280,'pa_color',100,1,1),(2312,2280,'pa_color',100,1,1),(2283,2280,'pa_talla',102,1,1),(2289,2280,'pa_talla',102,1,1),(2295,2280,'pa_talla',102,1,1),(2301,2280,'pa_talla',102,1,1),(2307,2280,'pa_talla',102,1,1),(2284,2280,'pa_talla',103,1,1),(2290,2280,'pa_talla',103,1,1),(2296,2280,'pa_talla',103,1,1),(2302,2280,'pa_talla',103,1,1),(2308,2280,'pa_talla',103,1,1),(2285,2280,'pa_talla',104,1,1),(2291,2280,'pa_talla',104,1,1),(2297,2280,'pa_talla',104,1,1),(2303,2280,'pa_talla',104,1,1),(2309,2280,'pa_talla',104,1,1),(2286,2280,'pa_talla',105,1,1),(2292,2280,'pa_talla',105,1,1),(2298,2280,'pa_talla',105,1,1),(2304,2280,'pa_talla',105,1,1),(2310,2280,'pa_talla',105,1,1),(2287,2280,'pa_talla',106,1,1),(2293,2280,'pa_talla',106,1,1),(2299,2280,'pa_talla',106,1,1),(2305,2280,'pa_talla',106,1,1),(2311,2280,'pa_talla',106,1,1),(2288,2280,'pa_talla',107,1,1),(2294,2280,'pa_talla',107,1,1),(2300,2280,'pa_talla',107,1,1),(2306,2280,'pa_talla',107,1,1),(2312,2280,'pa_talla',107,1,1),(2295,2280,'pa_color',111,1,1),(2296,2280,'pa_color',111,1,1),(2297,2280,'pa_color',111,1,1),(2298,2280,'pa_color',111,1,1),(2299,2280,'pa_color',111,1,1),(2300,2280,'pa_color',111,1,1),(2301,2280,'pa_color',112,1,1),(2302,2280,'pa_color',112,1,1),(2303,2280,'pa_color',112,1,1),(2304,2280,'pa_color',112,1,1),(2305,2280,'pa_color',112,1,1),(2306,2280,'pa_color',112,1,1),(2379,2376,'pa_color',74,1,1),(2380,2376,'pa_color',74,1,1),(2381,2376,'pa_color',74,1,1),(2382,2376,'pa_color',74,1,1),(2383,2376,'pa_color',74,1,1),(2384,2376,'pa_color',74,1,1),(2385,2376,'pa_color',96,1,1),(2386,2376,'pa_color',96,1,1),(2387,2376,'pa_color',96,1,1),(2388,2376,'pa_color',96,1,1),(2389,2376,'pa_color',96,1,1),(2390,2376,'pa_color',96,1,1),(2403,2376,'pa_color',100,1,1),(2404,2376,'pa_color',100,1,1),(2405,2376,'pa_color',100,1,1),(2406,2376,'pa_color',100,1,1),(2407,2376,'pa_color',100,1,1),(2408,2376,'pa_color',100,1,1),(2379,2376,'pa_talla',102,1,1),(2385,2376,'pa_talla',102,1,1),(2391,2376,'pa_talla',102,1,1),(2397,2376,'pa_talla',102,1,1),(2403,2376,'pa_talla',102,1,1),(2380,2376,'pa_talla',103,1,1),(2386,2376,'pa_talla',103,1,1),(2392,2376,'pa_talla',103,1,1),(2398,2376,'pa_talla',103,1,1),(2404,2376,'pa_talla',103,1,1),(2381,2376,'pa_talla',104,1,1),(2387,2376,'pa_talla',104,1,1),(2393,2376,'pa_talla',104,1,1),(2399,2376,'pa_talla',104,1,1),(2405,2376,'pa_talla',104,1,1),(2382,2376,'pa_talla',105,1,1),(2388,2376,'pa_talla',105,1,1),(2394,2376,'pa_talla',105,1,1),(2400,2376,'pa_talla',105,1,1),(2406,2376,'pa_talla',105,1,1),(2383,2376,'pa_talla',106,1,1),(2389,2376,'pa_talla',106,1,1),(2395,2376,'pa_talla',106,1,1),(2401,2376,'pa_talla',106,1,1),(2407,2376,'pa_talla',106,1,1),(2384,2376,'pa_talla',107,1,1),(2390,2376,'pa_talla',107,1,1),(2396,2376,'pa_talla',107,1,1),(2402,2376,'pa_talla',107,1,1),(2408,2376,'pa_talla',107,1,1),(2391,2376,'pa_color',111,1,1),(2392,2376,'pa_color',111,1,1),(2393,2376,'pa_color',111,1,1),(2394,2376,'pa_color',111,1,1),(2395,2376,'pa_color',111,1,1),(2396,2376,'pa_color',111,1,1),(2397,2376,'pa_color',112,1,1),(2398,2376,'pa_color',112,1,1),(2399,2376,'pa_color',112,1,1),(2400,2376,'pa_color',112,1,1),(2401,2376,'pa_color',112,1,1),(2402,2376,'pa_color',112,1,1);

--
-- Table structure for table `wp_wc_product_download_directories`
--

CREATE TABLE `wp_wc_product_download_directories` (
  `url_id` bigint unsigned NOT NULL AUTO_INCREMENT,
  `url` varchar(256) COLLATE utf8mb4_unicode_520_ci NOT NULL,
  `enabled` tinyint(1) NOT NULL DEFAULT '0',
  PRIMARY KEY (`url_id`),
  KEY `url` (`url`)
) ENGINE=InnoDB AUTO_INCREMENT=3 DEFAULT CHARSET=utf8mb4 COLLATE=utf8mb4_unicode_520_ci;

--
-- Dumping data for table `wp_wc_product_download_directories`
--

INSERT INTO `wp_wc_product_download_directories` VALUES (1,'file:///var/www/html/msdos/wp-content/uploads/woocommerce_uploads/',1),(2,'https://msdos.club/wp-content/uploads/woocommerce_uploads/',1);

--
-- Table structure for table `wp_wc_product_meta_lookup`
--

CREATE TABLE `wp_wc_product_meta_lookup` (
  `product_id` bigint NOT NULL,
  `sku` varchar(100) COLLATE utf8mb4_unicode_520_ci DEFAULT '',
  `virtual` tinyint(1) DEFAULT '0',
  `downloadable` tinyint(1) DEFAULT '0',
  `min_price` decimal(19,4) DEFAULT NULL,
  `max_price` decimal(19,4) DEFAULT NULL,
  `onsale` tinyint(1) DEFAULT '0',
  `stock_quantity` double DEFAULT NULL,
  `stock_status` varchar(100) COLLATE utf8mb4_unicode_520_ci DEFAULT 'instock',
  `rating_count` bigint DEFAULT '0',
  `average_rating` decimal(3,2) DEFAULT '0.00',
  `total_sales` bigint DEFAULT '0',
  `tax_status` varchar(100) COLLATE utf8mb4_unicode_520_ci DEFAULT 'taxable',
  `tax_class` varchar(100) COLLATE utf8mb4_unicode_520_ci DEFAULT '',
  `global_unique_id` varchar(100) COLLATE utf8mb4_unicode_520_ci DEFAULT '',
  PRIMARY KEY (`product_id`),
  KEY `virtual` (`virtual`),
  KEY `downloadable` (`downloadable`),
  KEY `stock_status` (`stock_status`),
  KEY `stock_quantity` (`stock_quantity`),
  KEY `onsale` (`onsale`),
  KEY `min_max_price` (`min_price`,`max_price`),
  KEY `sku` (`sku`(50))
) ENGINE=InnoDB DEFAULT CHARSET=utf8mb4 COLLATE=utf8mb4_unicode_520_ci;

--
-- Dumping data for table `wp_wc_product_meta_lookup`
--

INSERT INTO `wp_wc_product_meta_lookup` VALUES (392,'',0,0,12.9900,16.9900,0,NULL,'instock',0,0.00,0,'taxable','',''),(395,'5F469B58B2871_Negro-XS',0,0,12.9900,12.9900,0,NULL,'instock',0,0.00,0,'taxable','parent',''),(396,'5F469B58B2871_Negro-S',0,0,13.4900,13.4900,0,NULL,'instock',0,0.00,0,'taxable','parent',''),(397,'5F469B58B2871_Negro-M',0,0,13.4900,13.4900,0,NULL,'instock',0,0.00,0,'taxable','parent',''),(398,'5F469B58B2871_Negro-L',0,0,13.4900,13.4900,0,NULL,'instock',0,0.00,0,'taxable','parent',''),(399,'5F469B58B2871_Negro-XL',0,0,13.4900,13.4900,0,NULL,'instock',0,0.00,0,'taxable','parent',''),(400,'5F469B58B2871_Negro-2XL',0,0,14.7900,14.7900,0,NULL,'instock',0,0.00,0,'taxable','parent',''),(401,'5F469B58B2871_Negro-3XL',0,0,15.9900,15.9900,0,NULL,'instock',0,0.00,0,'taxable','parent',''),(402,'5F469B58B2871_Negro-4XL',0,0,16.9900,16.9900,0,NULL,'instock',0,0.00,0,'taxable','parent',''),(403,'5F469B58B2871_Jaspeado-negro-XS',0,0,12.9900,12.9900,0,NULL,'instock',0,0.00,0,'taxable','parent',''),(404,'5F469B58B2871_Jaspeado-negro-S',0,0,13.4900,13.4900,0,NULL,'instock',0,0.00,0,'taxable','parent',''),(405,'5F469B58B2871_Jaspeado-negro-M',0,0,13.4900,13.4900,0,NULL,'instock',0,0.00,0,'taxable','parent',''),(406,'5F469B58B2871_Jaspeado-negro-L',0,0,13.4900,13.4900,0,NULL,'instock',0,0.00,0,'taxable','parent',''),(407,'5F469B58B2871_Jaspeado-negro-XL',0,0,13.4900,13.4900,0,NULL,'instock',0,0.00,0,'taxable','parent',''),(408,'5F469B58B2871_Jaspeado-negro-2XL',0,0,14.7900,14.7900,0,NULL,'instock',0,0.00,0,'taxable','parent',''),(409,'5F469B58B2871_Jaspeado-negro-3XL',0,0,15.9900,15.9900,0,NULL,'instock',0,0.00,0,'taxable','parent',''),(410,'5F469B58B2871_Jaspeado-negro-4XL',0,0,16.9900,16.9900,0,NULL,'instock',0,0.00,0,'taxable','parent',''),(411,'5F469B58B2871_Bosque-jaspeado-S',0,0,13.4900,13.4900,0,NULL,'instock',0,0.00,0,'taxable','parent',''),(412,'5F469B58B2871_Bosque-jaspeado-M',0,0,13.4900,13.4900,0,NULL,'instock',0,0.00,0,'taxable','parent',''),(413,'5F469B58B2871_Bosque-jaspeado-L',0,0,13.4900,13.4900,0,NULL,'instock',0,0.00,0,'taxable','parent',''),(414,'5F469B58B2871_Bosque-jaspeado-XL',0,0,13.4900,13.4900,0,NULL,'instock',0,0.00,0,'taxable','parent',''),(415,'5F469B58B2871_Bosque-jaspeado-2XL',0,0,14.7900,14.7900,0,NULL,'instock',0,0.00,0,'taxable','parent',''),(416,'5F469B58B2871_Bosque-jaspeado-3XL',0,0,15.9900,15.9900,0,NULL,'instock',0,0.00,0,'taxable','parent',''),(417,'5F469B58B2871_Bosque-jaspeado-4XL',0,0,16.9900,16.9900,0,NULL,'instock',0,0.00,0,'taxable','parent',''),(418,'5F469B58B2871_Asfalto-S',0,0,13.4900,13.4900,0,NULL,'instock',0,0.00,0,'taxable','parent',''),(419,'5F469B58B2871_Asfalto-M',0,0,13.4900,13.4900,0,NULL,'instock',0,0.00,0,'taxable','parent',''),(420,'5F469B58B2871_Asfalto-L',0,0,13.4900,13.4900,0,NULL,'instock',0,0.00,0,'taxable','parent',''),(421,'5F469B58B2871_Asfalto-XL',0,0,13.4900,13.4900,0,NULL,'instock',0,0.00,0,'taxable','parent',''),(422,'5F469B58B2871_Asfalto-2XL',0,0,14.7900,14.7900,0,NULL,'instock',0,0.00,0,'taxable','parent',''),(423,'5F469B58B2871_Asfalto-3XL',0,0,15.9900,15.9900,0,NULL,'instock',0,0.00,0,'taxable','parent',''),(424,'5F469B58B2871_Asfalto-4XL',0,0,16.9900,16.9900,0,NULL,'instock',0,0.00,0,'taxable','parent',''),(425,'5F469B58B2871_Marino-XS',0,0,12.9900,12.9900,0,NULL,'instock',0,0.00,0,'taxable','parent',''),(426,'5F469B58B2871_Marino-S',0,0,13.4900,13.4900,0,NULL,'instock',0,0.00,0,'taxable','parent',''),(427,'5F469B58B2871_Marino-M',0,0,13.4900,13.4900,0,NULL,'instock',0,0.00,0,'taxable','parent',''),(428,'5F469B58B2871_Marino-L',0,0,13.4900,13.4900,0,NULL,'instock',0,0.00,0,'taxable','parent',''),(429,'5F469B58B2871_Marino-XL',0,0,13.4900,13.4900,0,NULL,'instock',0,0.00,0,'taxable','parent',''),(430,'5F469B58B2871_Marino-2XL',0,0,14.7900,14.7900,0,NULL,'instock',0,0.00,0,'taxable','parent',''),(431,'5F469B58B2871_Bosque-S',0,0,13.4900,13.4900,0,NULL,'instock',0,0.00,0,'taxable','parent',''),(432,'5F469B58B2871_Bosque-M',0,0,13.4900,13.4900,0,NULL,'instock',0,0.00,0,'taxable','parent',''),(433,'5F469B58B2871_Bosque-L',0,0,13.4900,13.4900,0,NULL,'instock',0,0.00,0,'taxable','parent',''),(434,'5F469B58B2871_Bosque-XL',0,0,13.4900,13.4900,0,NULL,'instock',0,0.00,0,'taxable','parent',''),(435,'5F469B58B2871_Bosque-2XL',0,0,14.7900,14.7900,0,NULL,'instock',0,0.00,0,'taxable','parent',''),(436,'5F469B58B2871_Bosque-3XL',0,0,15.9900,15.9900,0,NULL,'instock',0,0.00,0,'taxable','parent',''),(437,'5F469B58B2871_Bosque-4XL',0,0,16.9900,16.9900,0,NULL,'instock',0,0.00,0,'taxable','parent',''),(438,'5F469B58B2871_Hoja-S',0,0,13.4900,13.4900,0,NULL,'instock',0,0.00,0,'taxable','parent',''),(439,'5F469B58B2871_Hoja-M',0,0,13.4900,13.4900,0,NULL,'instock',0,0.00,0,'taxable','parent',''),(440,'5F469B58B2871_Hoja-L',0,0,13.4900,13.4900,0,NULL,'instock',0,0.00,0,'taxable','parent',''),(441,'5F469B58B2871_Hoja-XL',0,0,13.4900,13.4900,0,NULL,'instock',0,0.00,0,'taxable','parent',''),(442,'5F469B58B2871_Hoja-2XL',0,0,14.7900,14.7900,0,NULL,'instock',0,0.00,0,'taxable','parent',''),(443,'5F469B58B2871_Hoja-3XL',0,0,15.9900,15.9900,0,NULL,'instock',0,0.00,0,'taxable','parent',''),(444,'5F469B58B2871_Hoja-4XL',0,0,16.9900,16.9900,0,NULL,'instock',0,0.00,0,'taxable','parent',''),(445,'5F469B58B2871_Verde-azulado-jaspeado-S',0,0,13.4900,13.4900,0,NULL,'instock',0,0.00,0,'taxable','parent',''),(446,'5F469B58B2871_Verde-azulado-jaspeado-M',0,0,13.4900,13.4900,0,NULL,'instock',0,0.00,0,'taxable','parent',''),(447,'5F469B58B2871_Verde-azulado-jaspeado-L',0,0,13.4900,13.4900,0,NULL,'instock',0,0.00,0,'taxable','parent',''),(448,'5F469B58B2871_Verde-azulado-jaspeado-XL',0,0,13.4900,13.4900,0,NULL,'instock',0,0.00,0,'taxable','parent',''),(449,'5F469B58B2871_Verde-azulado-jaspeado-2XL',0,0,14.7900,14.7900,0,NULL,'instock',0,0.00,0,'taxable','parent',''),(450,'5F469B58B2871_Verde-azulado-jaspeado-3XL',0,0,15.9900,15.9900,0,NULL,'instock',0,0.00,0,'taxable','parent',''),(451,'5F469B58B2871_Verde-azulado-jaspeado-4XL',0,0,16.9900,16.9900,0,NULL,'instock',0,0.00,0,'taxable','parent',''),(452,'5F469B58B2871_Jaspeado-atlético-S',0,0,13.4900,13.4900,0,NULL,'instock',0,0.00,0,'taxable','parent',''),(453,'5F469B58B2871_Jaspeado-atlético-M',0,0,13.4900,13.4900,0,NULL,'instock',0,0.00,0,'taxable','parent',''),(454,'5F469B58B2871_Jaspeado-atlético-L',0,0,13.4900,13.4900,0,NULL,'instock',0,0.00,0,'taxable','parent',''),(455,'5F469B58B2871_Jaspeado-atlético-XL',0,0,13.4900,13.4900,0,NULL,'instock',0,0.00,0,'taxable','parent',''),(456,'5F469B58B2871_Jaspeado-atlético-2XL',0,0,14.7900,14.7900,0,NULL,'instock',0,0.00,0,'taxable','parent',''),(457,'5F469B58B2871_Jaspeado-atlético-3XL',0,0,15.9900,15.9900,0,NULL,'instock',0,0.00,0,'taxable','parent',''),(458,'5F469B58B2871_Jaspeado-atlético-4XL',0,0,16.9900,16.9900,0,NULL,'instock',0,0.00,0,'taxable','parent',''),(459,'5F469B58B2871_Kelly-XS',0,0,12.9900,12.9900,0,NULL,'instock',0,0.00,0,'taxable','parent',''),(460,'5F469B58B2871_Kelly-S',0,0,13.4900,13.4900,0,NULL,'instock',0,0.00,0,'taxable','parent',''),(461,'5F469B58B2871_Kelly-M',0,0,13.4900,13.4900,0,NULL,'instock',0,0.00,0,'taxable','parent',''),(462,'5F469B58B2871_Kelly-L',0,0,13.4900,13.4900,0,NULL,'instock',0,0.00,0,'taxable','parent',''),(463,'5F469B58B2871_Kelly-XL',0,0,13.4900,13.4900,0,NULL,'instock',0,0.00,0,'taxable','parent',''),(464,'5F469B58B2871_Kelly-2XL',0,0,14.7900,14.7900,0,NULL,'instock',0,0.00,0,'taxable','parent',''),(465,'5F469B58B2871_Kelly-3XL',0,0,15.9900,15.9900,0,NULL,'instock',0,0.00,0,'taxable','parent',''),(466,'5F469B58B2871_Kelly-4XL',0,0,16.9900,16.9900,0,NULL,'instock',0,0.00,0,'taxable','parent',''),(467,'5F469B58B2871_Azul-real-claro-S',0,0,13.4900,13.4900,0,NULL,'instock',0,0.00,0,'taxable','parent',''),(468,'5F469B58B2871_Azul-real-claro-M',0,0,13.4900,13.4900,0,NULL,'instock',0,0.00,0,'taxable','parent',''),(469,'5F469B58B2871_Azul-real-claro-L',0,0,13.4900,13.4900,0,NULL,'instock',0,0.00,0,'taxable','parent',''),(470,'5F469B58B2871_Azul-real-claro-XL',0,0,13.4900,13.4900,0,NULL,'instock',0,0.00,0,'taxable','parent',''),(471,'5F469B58B2871_Azul-real-claro-2XL',0,0,14.7900,14.7900,0,NULL,'instock',0,0.00,0,'taxable','parent',''),(472,'5F469B58B2871_Azul-real-claro-3XL',0,0,15.9900,15.9900,0,NULL,'instock',0,0.00,0,'taxable','parent',''),(473,'5F469B58B2871_Azul-real-claro-4XL',0,0,16.9900,16.9900,0,NULL,'instock',0,0.00,0,'taxable','parent',''),(474,'5F469B58B2871_Aguamarina-S',0,0,13.4900,13.4900,0,NULL,'instock',0,0.00,0,'taxable','parent',''),(475,'5F469B58B2871_Aguamarina-M',0,0,13.4900,13.4900,0,NULL,'instock',0,0.00,0,'taxable','parent',''),(476,'5F469B58B2871_Aguamarina-L',0,0,13.4900,13.4900,0,NULL,'instock',0,0.00,0,'taxable','parent',''),(477,'5F469B58B2871_Aguamarina-XL',0,0,13.4900,13.4900,0,NULL,'instock',0,0.00,0,'taxable','parent',''),(478,'5F469B58B2871_Aguamarina-2XL',0,0,14.7900,14.7900,0,NULL,'instock',0,0.00,0,'taxable','parent',''),(479,'5F469B58B2871_Aguamarina-3XL',0,0,15.9900,15.9900,0,NULL,'instock',0,0.00,0,'taxable','parent',''),(480,'5F469B58B2871_Aguamarina-4XL',0,0,16.9900,16.9900,0,NULL,'instock',0,0.00,0,'taxable','parent',''),(481,'5F469B58B2871_Oro-S',0,0,13.4900,13.4900,0,NULL,'instock',0,0.00,0,'taxable','parent',''),(482,'5F469B58B2871_Oro-M',0,0,13.4900,13.4900,0,NULL,'instock',0,0.00,0,'taxable','parent',''),(483,'5F469B58B2871_Oro-L',0,0,13.4900,13.4900,0,NULL,'instock',0,0.00,0,'taxable','parent',''),(484,'5F469B58B2871_Oro-XL',0,0,13.4900,13.4900,0,NULL,'instock',0,0.00,0,'taxable','parent',''),(485,'5F469B58B2871_Oro-2XL',0,0,14.7900,14.7900,0,NULL,'instock',0,0.00,0,'taxable','parent',''),(486,'5F469B58B2871_Oro-3XL',0,0,15.9900,15.9900,0,NULL,'instock',0,0.00,0,'taxable','parent',''),(487,'5F469B58B2871_Oro-4XL',0,0,16.9900,16.9900,0,NULL,'instock',0,0.00,0,'taxable','parent',''),(488,'5F469B58B2871_Rojo-S',0,0,13.4900,13.4900,0,NULL,'instock',0,0.00,0,'taxable','parent',''),(489,'5F469B58B2871_Rojo-M',0,0,13.4900,13.4900,0,NULL,'instock',0,0.00,0,'taxable','parent',''),(490,'5F469B58B2871_Rojo-L',0,0,13.4900,13.4900,0,NULL,'instock',0,0.00,0,'taxable','parent',''),(491,'5F469B58B2871_Rojo-XL',0,0,13.4900,13.4900,0,NULL,'instock',0,0.00,0,'taxable','parent',''),(492,'5F469B58B2871_Rojo-2XL',0,0,14.7900,14.7900,0,NULL,'instock',0,0.00,0,'taxable','parent',''),(493,'5F469B58B2871_Rojo-3XL',0,0,15.9900,15.9900,0,NULL,'instock',0,0.00,0,'taxable','parent',''),(494,'5F469B58B2871_Rojo-4XL',0,0,16.9900,16.9900,0,NULL,'instock',0,0.00,0,'taxable','parent',''),(827,'',0,0,14.5300,14.5300,0,NULL,'instock',0,0.00,1,'taxable','',''),(828,'60156F616ED34_Negro',0,0,14.5300,14.5300,0,NULL,'instock',0,0.00,0,'taxable','parent',''),(829,'60156F616ED34_Rojo',0,0,14.5300,14.5300,0,NULL,'instock',0,0.00,0,'taxable','parent',''),(830,'60156F616ED34_Azul',0,0,14.5300,14.5300,0,NULL,'instock',0,0.00,0,'taxable','parent',''),(831,'60156F616ED34_Amarillo',0,0,14.5300,14.5300,0,NULL,'instock',0,0.00,0,'taxable','parent',''),(833,'',0,0,14.5300,14.5300,0,NULL,'instock',0,0.00,0,'taxable','',''),(834,'6015712A3B9AB_Negro',0,0,14.5300,14.5300,0,NULL,'instock',0,0.00,0,'taxable','parent',''),(835,'6015712A3B9AB_Rojo',0,0,14.5300,14.5300,0,NULL,'instock',0,0.00,0,'taxable','parent',''),(836,'6015712A3B9AB_Azul',0,0,14.5300,14.5300,0,NULL,'instock',0,0.00,0,'taxable','parent',''),(837,'6015712A3B9AB_Amarillo',0,0,14.5300,14.5300,0,NULL,'instock',0,0.00,0,'taxable','parent',''),(953,'',0,0,0.0000,0.0000,0,NULL,'outofstock',0,0.00,0,'taxable','',''),(969,'',0,0,0.0000,0.0000,0,NULL,'outofstock',0,0.00,0,'taxable','',''),(971,'',0,0,0.0000,0.0000,0,NULL,'outofstock',0,0.00,0,'taxable','',''),(974,'',0,0,0.0000,0.0000,0,NULL,'outofstock',0,0.00,0,'taxable','',''),(976,'',0,0,0.0000,0.0000,0,NULL,'outofstock',0,0.00,0,'taxable','',''),(978,'',0,0,0.0000,0.0000,0,NULL,'outofstock',0,0.00,0,'taxable','',''),(980,'',0,0,0.0000,0.0000,0,NULL,'outofstock',0,0.00,0,'taxable','',''),(1038,'604DF4C570FB4',0,0,16.4500,16.4500,0,NULL,'instock',0,0.00,15,'taxable','',''),(1832,'',0,0,17.2500,20.5000,0,NULL,'instock',0,0.00,2,'taxable','',''),(1835,'62D739CD43E22_Negro-S',0,0,17.2500,17.2500,0,NULL,'instock',0,0.00,0,'taxable','parent',''),(1836,'62D739CD43E22_Negro-M',0,0,17.2500,17.2500,0,NULL,'instock',0,0.00,0,'taxable','parent',''),(1837,'62D739CD43E22_Negro-L',0,0,17.2500,17.2500,0,NULL,'instock',0,0.00,0,'taxable','parent',''),(1838,'62D739CD43E22_Negro-XL',0,0,17.2500,17.2500,0,NULL,'instock',0,0.00,0,'taxable','parent',''),(1839,'62D739CD43E22_Negro-2XL',0,0,18.5000,18.5000,0,NULL,'instock',0,0.00,0,'taxable','parent',''),(1840,'62D739CD43E22_Negro-3XL',0,0,20.5000,20.5000,0,NULL,'instock',0,0.00,0,'taxable','parent',''),(1841,'62D739CD43E22_Marino-S',0,0,17.2500,17.2500,0,NULL,'instock',0,0.00,0,'taxable','parent',''),(1842,'62D739CD43E22_Marino-M',0,0,17.2500,17.2500,0,NULL,'instock',0,0.00,0,'taxable','parent',''),(1843,'62D739CD43E22_Marino-L',0,0,17.2500,17.2500,0,NULL,'instock',0,0.00,0,'taxable','parent',''),(1844,'62D739CD43E22_Marino-XL',0,0,17.2500,17.2500,0,NULL,'instock',0,0.00,0,'taxable','parent',''),(1845,'62D739CD43E22_Marino-2XL',0,0,18.5000,18.5000,0,NULL,'instock',0,0.00,0,'taxable','parent',''),(1846,'62D739CD43E22_Marino-3XL',0,0,20.5000,20.5000,0,NULL,'instock',0,0.00,0,'taxable','parent',''),(1847,'62D739CD43E22_Oscuro-jaspeado-S',0,0,17.2500,17.2500,0,NULL,'instock',0,0.00,0,'taxable','parent',''),(1848,'62D739CD43E22_Oscuro-jaspeado-M',0,0,17.2500,17.2500,0,NULL,'instock',0,0.00,0,'taxable','parent',''),(1849,'62D739CD43E22_Oscuro-jaspeado-L',0,0,17.2500,17.2500,0,NULL,'instock',0,0.00,0,'taxable','parent',''),(1850,'62D739CD43E22_Oscuro-jaspeado-XL',0,0,17.2500,17.2500,0,NULL,'instock',0,0.00,0,'taxable','parent',''),(1851,'62D739CD43E22_Oscuro-jaspeado-2XL',0,0,18.5000,18.5000,0,NULL,'instock',0,0.00,0,'taxable','parent',''),(1852,'62D739CD43E22_Oscuro-jaspeado-3XL',0,0,20.5000,20.5000,0,NULL,'instock',0,0.00,0,'taxable','parent',''),(1853,'62D739CD43E22_Gris-deportivo-S',0,0,17.2500,17.2500,0,NULL,'instock',0,0.00,0,'taxable','parent',''),(1854,'62D739CD43E22_Gris-deportivo-M',0,0,17.2500,17.2500,0,NULL,'instock',0,0.00,0,'taxable','parent',''),(1855,'62D739CD43E22_Gris-deportivo-L',0,0,17.2500,17.2500,0,NULL,'instock',0,0.00,0,'taxable','parent',''),(1856,'62D739CD43E22_Gris-deportivo-XL',0,0,17.2500,17.2500,0,NULL,'instock',0,0.00,0,'taxable','parent',''),(1857,'62D739CD43E22_Gris-deportivo-2XL',0,0,18.5000,18.5000,0,NULL,'instock',0,0.00,0,'taxable','parent',''),(1858,'62D739CD43E22_Gris-deportivo-3XL',0,0,20.5000,20.5000,0,NULL,'instock',0,0.00,0,'taxable','parent',''),(1859,'62D739CD43E22_Blanco-S',0,0,17.2500,17.2500,0,NULL,'instock',0,0.00,0,'taxable','parent',''),(1860,'62D739CD43E22_Blanco-M',0,0,17.2500,17.2500,0,NULL,'instock',0,0.00,0,'taxable','parent',''),(1861,'62D739CD43E22_Blanco-L',0,0,17.2500,17.2500,0,NULL,'instock',0,0.00,0,'taxable','parent',''),(1862,'62D739CD43E22_Blanco-XL',0,0,17.2500,17.2500,0,NULL,'instock',0,0.00,0,'taxable','parent',''),(1863,'62D739CD43E22_Blanco-2XL',0,0,18.5000,18.5000,0,NULL,'instock',0,0.00,0,'taxable','parent',''),(1864,'62D739CD43E22_Blanco-3XL',0,0,20.5000,20.5000,0,NULL,'instock',0,0.00,0,'taxable','parent',''),(1870,'',0,0,17.2500,20.5000,0,NULL,'instock',0,0.00,0,'taxable','',''),(1873,'62D73F787127F_Negro-S',0,0,17.2500,17.2500,0,NULL,'instock',0,0.00,0,'taxable','parent',''),(1874,'62D73F787127F_Negro-M',0,0,17.2500,17.2500,0,NULL,'instock',0,0.00,0,'taxable','parent',''),(1875,'62D73F787127F_Negro-L',0,0,17.2500,17.2500,0,NULL,'instock',0,0.00,0,'taxable','parent',''),(1876,'62D73F787127F_Negro-XL',0,0,17.2500,17.2500,0,NULL,'instock',0,0.00,0,'taxable','parent',''),(1877,'62D73F787127F_Negro-2XL',0,0,18.5000,18.5000,0,NULL,'instock',0,0.00,0,'taxable','parent',''),(1878,'62D73F787127F_Negro-3XL',0,0,20.5000,20.5000,0,NULL,'instock',0,0.00,0,'taxable','parent',''),(1879,'62D73F787127F_Marino-S',0,0,17.2500,17.2500,0,NULL,'instock',0,0.00,0,'taxable','parent',''),(1880,'62D73F787127F_Marino-M',0,0,17.2500,17.2500,0,NULL,'instock',0,0.00,0,'taxable','parent',''),(1881,'62D73F787127F_Marino-L',0,0,17.2500,17.2500,0,NULL,'instock',0,0.00,0,'taxable','parent',''),(1882,'62D73F787127F_Marino-XL',0,0,17.2500,17.2500,0,NULL,'instock',0,0.00,0,'taxable','parent',''),(1883,'62D73F787127F_Marino-2XL',0,0,18.5000,18.5000,0,NULL,'instock',0,0.00,0,'taxable','parent',''),(1884,'62D73F787127F_Marino-3XL',0,0,20.5000,20.5000,0,NULL,'instock',0,0.00,0,'taxable','parent',''),(1885,'62D73F787127F_Oscuro-jaspeado-S',0,0,17.2500,17.2500,0,NULL,'instock',0,0.00,0,'taxable','parent',''),(1886,'62D73F787127F_Oscuro-jaspeado-M',0,0,17.2500,17.2500,0,NULL,'instock',0,0.00,0,'taxable','parent',''),(1887,'62D73F787127F_Oscuro-jaspeado-L',0,0,17.2500,17.2500,0,NULL,'instock',0,0.00,0,'taxable','parent',''),(1888,'62D73F787127F_Oscuro-jaspeado-XL',0,0,17.2500,17.2500,0,NULL,'instock',0,0.00,0,'taxable','parent',''),(1889,'62D73F787127F_Oscuro-jaspeado-2XL',0,0,18.5000,18.5000,0,NULL,'instock',0,0.00,0,'taxable','parent',''),(1890,'62D73F787127F_Oscuro-jaspeado-3XL',0,0,20.5000,20.5000,0,NULL,'instock',0,0.00,0,'taxable','parent',''),(1891,'62D73F787127F_Gris-deportivo-S',0,0,17.2500,17.2500,0,NULL,'instock',0,0.00,0,'taxable','parent',''),(1892,'62D73F787127F_Gris-deportivo-M',0,0,17.2500,17.2500,0,NULL,'instock',0,0.00,0,'taxable','parent',''),(1893,'62D73F787127F_Gris-deportivo-L',0,0,17.2500,17.2500,0,NULL,'instock',0,0.00,0,'taxable','parent',''),(1894,'62D73F787127F_Gris-deportivo-XL',0,0,17.2500,17.2500,0,NULL,'instock',0,0.00,0,'taxable','parent',''),(1895,'62D73F787127F_Gris-deportivo-2XL',0,0,18.5000,18.5000,0,NULL,'instock',0,0.00,0,'taxable','parent',''),(1896,'62D73F787127F_Gris-deportivo-3XL',0,0,20.5000,20.5000,0,NULL,'instock',0,0.00,0,'taxable','parent',''),(1897,'62D73F787127F_Blanco-S',0,0,17.2500,17.2500,0,NULL,'instock',0,0.00,0,'taxable','parent',''),(1898,'62D73F787127F_Blanco-M',0,0,17.2500,17.2500,0,NULL,'instock',0,0.00,0,'taxable','parent',''),(1899,'62D73F787127F_Blanco-L',0,0,17.2500,17.2500,0,NULL,'instock',0,0.00,0,'taxable','parent',''),(1900,'62D73F787127F_Blanco-XL',0,0,17.2500,17.2500,0,NULL,'instock',0,0.00,0,'taxable','parent',''),(1901,'62D73F787127F_Blanco-2XL',0,0,18.5000,18.5000,0,NULL,'instock',0,0.00,0,'taxable','parent',''),(1902,'62D73F787127F_Blanco-3XL',0,0,20.5000,20.5000,0,NULL,'instock',0,0.00,0,'taxable','parent',''),(1908,'',0,0,17.2500,20.5000,0,NULL,'instock',0,0.00,1,'taxable','',''),(1911,'62D740A219EFD_Negro-S',0,0,17.2500,17.2500,0,NULL,'instock',0,0.00,0,'taxable','parent',''),(1912,'62D740A219EFD_Negro-M',0,0,17.2500,17.2500,0,NULL,'instock',0,0.00,0,'taxable','parent',''),(1913,'62D740A219EFD_Negro-L',0,0,17.2500,17.2500,0,NULL,'instock',0,0.00,0,'taxable','parent',''),(1914,'62D740A219EFD_Negro-XL',0,0,17.2500,17.2500,0,NULL,'instock',0,0.00,0,'taxable','parent',''),(1915,'62D740A219EFD_Negro-2XL',0,0,18.5000,18.5000,0,NULL,'instock',0,0.00,0,'taxable','parent',''),(1916,'62D740A219EFD_Negro-3XL',0,0,20.5000,20.5000,0,NULL,'instock',0,0.00,0,'taxable','parent',''),(1917,'62D740A219EFD_Marino-S',0,0,17.2500,17.2500,0,NULL,'instock',0,0.00,0,'taxable','parent',''),(1918,'62D740A219EFD_Marino-M',0,0,17.2500,17.2500,0,NULL,'instock',0,0.00,0,'taxable','parent',''),(1919,'62D740A219EFD_Marino-L',0,0,17.2500,17.2500,0,NULL,'instock',0,0.00,0,'taxable','parent',''),(1920,'62D740A219EFD_Marino-XL',0,0,17.2500,17.2500,0,NULL,'instock',0,0.00,0,'taxable','parent',''),(1921,'62D740A219EFD_Marino-2XL',0,0,18.5000,18.5000,0,NULL,'instock',0,0.00,0,'taxable','parent',''),(1922,'62D740A219EFD_Marino-3XL',0,0,20.5000,20.5000,0,NULL,'instock',0,0.00,0,'taxable','parent',''),(1923,'62D740A219EFD_Oscuro-jaspeado-S',0,0,17.2500,17.2500,0,NULL,'instock',0,0.00,0,'taxable','parent',''),(1924,'62D740A219EFD_Oscuro-jaspeado-M',0,0,17.2500,17.2500,0,NULL,'instock',0,0.00,0,'taxable','parent',''),(1925,'62D740A219EFD_Oscuro-jaspeado-L',0,0,17.2500,17.2500,0,NULL,'instock',0,0.00,0,'taxable','parent',''),(1926,'62D740A219EFD_Oscuro-jaspeado-XL',0,0,17.2500,17.2500,0,NULL,'instock',0,0.00,0,'taxable','parent',''),(1927,'62D740A219EFD_Oscuro-jaspeado-2XL',0,0,18.5000,18.5000,0,NULL,'instock',0,0.00,0,'taxable','parent',''),(1928,'62D740A219EFD_Oscuro-jaspeado-3XL',0,0,20.5000,20.5000,0,NULL,'instock',0,0.00,0,'taxable','parent',''),(1929,'62D740A219EFD_Gris-deportivo-S',0,0,17.2500,17.2500,0,NULL,'instock',0,0.00,0,'taxable','parent',''),(1930,'62D740A219EFD_Gris-deportivo-M',0,0,17.2500,17.2500,0,NULL,'instock',0,0.00,0,'taxable','parent',''),(1931,'62D740A219EFD_Gris-deportivo-L',0,0,17.2500,17.2500,0,NULL,'instock',0,0.00,0,'taxable','parent',''),(1932,'62D740A219EFD_Gris-deportivo-XL',0,0,17.2500,17.2500,0,NULL,'instock',0,0.00,0,'taxable','parent',''),(1933,'62D740A219EFD_Gris-deportivo-2XL',0,0,18.5000,18.5000,0,NULL,'instock',0,0.00,0,'taxable','parent',''),(1934,'62D740A219EFD_Gris-deportivo-3XL',0,0,20.5000,20.5000,0,NULL,'instock',0,0.00,0,'taxable','parent',''),(1935,'62D740A219EFD_Blanco-S',0,0,17.2500,17.2500,0,NULL,'instock',0,0.00,0,'taxable','parent',''),(1936,'62D740A219EFD_Blanco-M',0,0,17.2500,17.2500,0,NULL,'instock',0,0.00,0,'taxable','parent',''),(1937,'62D740A219EFD_Blanco-L',0,0,17.2500,17.2500,0,NULL,'instock',0,0.00,0,'taxable','parent',''),(1938,'62D740A219EFD_Blanco-XL',0,0,17.2500,17.2500,0,NULL,'instock',0,0.00,0,'taxable','parent',''),(1939,'62D740A219EFD_Blanco-2XL',0,0,18.5000,18.5000,0,NULL,'instock',0,0.00,0,'taxable','parent',''),(1940,'62D740A219EFD_Blanco-3XL',0,0,20.5000,20.5000,0,NULL,'instock',0,0.00,0,'taxable','parent',''),(1946,'',0,0,17.2500,20.5000,0,NULL,'instock',0,0.00,0,'taxable','',''),(1949,'62D740DABBE56_Negro-S',0,0,17.2500,17.2500,0,NULL,'instock',0,0.00,0,'taxable','parent',''),(1950,'62D740DABBE56_Negro-M',0,0,17.2500,17.2500,0,NULL,'instock',0,0.00,0,'taxable','parent',''),(1951,'62D740DABBE56_Negro-L',0,0,17.2500,17.2500,0,NULL,'instock',0,0.00,0,'taxable','parent',''),(1952,'62D740DABBE56_Negro-XL',0,0,17.2500,17.2500,0,NULL,'instock',0,0.00,0,'taxable','parent',''),(1953,'62D740DABBE56_Negro-2XL',0,0,18.5000,18.5000,0,NULL,'instock',0,0.00,0,'taxable','parent',''),(1954,'62D740DABBE56_Negro-3XL',0,0,20.5000,20.5000,0,NULL,'instock',0,0.00,0,'taxable','parent',''),(1955,'62D740DABBE56_Marino-S',0,0,17.2500,17.2500,0,NULL,'instock',0,0.00,0,'taxable','parent',''),(1956,'62D740DABBE56_Marino-M',0,0,17.2500,17.2500,0,NULL,'instock',0,0.00,0,'taxable','parent',''),(1957,'62D740DABBE56_Marino-L',0,0,17.2500,17.2500,0,NULL,'instock',0,0.00,0,'taxable','parent',''),(1958,'62D740DABBE56_Marino-XL',0,0,17.2500,17.2500,0,NULL,'instock',0,0.00,0,'taxable','parent',''),(1959,'62D740DABBE56_Marino-2XL',0,0,18.5000,18.5000,0,NULL,'instock',0,0.00,0,'taxable','parent',''),(1960,'62D740DABBE56_Marino-3XL',0,0,20.5000,20.5000,0,NULL,'instock',0,0.00,0,'taxable','parent',''),(1961,'62D740DABBE56_Oscuro-jaspeado-S',0,0,17.2500,17.2500,0,NULL,'instock',0,0.00,0,'taxable','parent',''),(1962,'62D740DABBE56_Oscuro-jaspeado-M',0,0,17.2500,17.2500,0,NULL,'instock',0,0.00,0,'taxable','parent',''),(1963,'62D740DABBE56_Oscuro-jaspeado-L',0,0,17.2500,17.2500,0,NULL,'instock',0,0.00,0,'taxable','parent',''),(1964,'62D740DABBE56_Oscuro-jaspeado-XL',0,0,17.2500,17.2500,0,NULL,'instock',0,0.00,0,'taxable','parent',''),(1965,'62D740DABBE56_Oscuro-jaspeado-2XL',0,0,18.5000,18.5000,0,NULL,'instock',0,0.00,0,'taxable','parent',''),(1966,'62D740DABBE56_Oscuro-jaspeado-3XL',0,0,20.5000,20.5000,0,NULL,'instock',0,0.00,0,'taxable','parent',''),(1967,'62D740DABBE56_Gris-deportivo-S',0,0,17.2500,17.2500,0,NULL,'instock',0,0.00,0,'taxable','parent',''),(1968,'62D740DABBE56_Gris-deportivo-M',0,0,17.2500,17.2500,0,NULL,'instock',0,0.00,0,'taxable','parent',''),(1969,'62D740DABBE56_Gris-deportivo-L',0,0,17.2500,17.2500,0,NULL,'instock',0,0.00,0,'taxable','parent',''),(1970,'62D740DABBE56_Gris-deportivo-XL',0,0,17.2500,17.2500,0,NULL,'instock',0,0.00,0,'taxable','parent',''),(1971,'62D740DABBE56_Gris-deportivo-2XL',0,0,18.5000,18.5000,0,NULL,'instock',0,0.00,0,'taxable','parent',''),(1972,'62D740DABBE56_Gris-deportivo-3XL',0,0,20.5000,20.5000,0,NULL,'instock',0,0.00,0,'taxable','parent',''),(1973,'62D740DABBE56_Blanco-S',0,0,17.2500,17.2500,0,NULL,'instock',0,0.00,0,'taxable','parent',''),(1974,'62D740DABBE56_Blanco-M',0,0,17.2500,17.2500,0,NULL,'instock',0,0.00,0,'taxable','parent',''),(1975,'62D740DABBE56_Blanco-L',0,0,17.2500,17.2500,0,NULL,'instock',0,0.00,0,'taxable','parent',''),(1976,'62D740DABBE56_Blanco-XL',0,0,17.2500,17.2500,0,NULL,'instock',0,0.00,0,'taxable','parent',''),(1977,'62D740DABBE56_Blanco-2XL',0,0,18.5000,18.5000,0,NULL,'instock',0,0.00,0,'taxable','parent',''),(1978,'62D740DABBE56_Blanco-3XL',0,0,20.5000,20.5000,0,NULL,'instock',0,0.00,0,'taxable','parent',''),(1987,'',0,0,17.2500,20.5000,0,NULL,'instock',0,0.00,0,'taxable','',''),(1990,'62D74158D81F2_Negro-S',0,0,17.2500,17.2500,0,NULL,'instock',0,0.00,0,'taxable','parent',''),(1991,'62D74158D81F2_Negro-M',0,0,17.2500,17.2500,0,NULL,'instock',0,0.00,0,'taxable','parent',''),(1992,'62D74158D81F2_Negro-L',0,0,17.2500,17.2500,0,NULL,'instock',0,0.00,0,'taxable','parent',''),(1993,'62D74158D81F2_Negro-XL',0,0,17.2500,17.2500,0,NULL,'instock',0,0.00,0,'taxable','parent',''),(1994,'62D74158D81F2_Negro-2XL',0,0,18.5000,18.5000,0,NULL,'instock',0,0.00,0,'taxable','parent',''),(1995,'62D74158D81F2_Negro-3XL',0,0,20.5000,20.5000,0,NULL,'instock',0,0.00,0,'taxable','parent',''),(1996,'62D74158D81F2_Marino-S',0,0,17.2500,17.2500,0,NULL,'instock',0,0.00,0,'taxable','parent',''),(1997,'62D74158D81F2_Marino-M',0,0,17.2500,17.2500,0,NULL,'instock',0,0.00,0,'taxable','parent',''),(1998,'62D74158D81F2_Marino-L',0,0,17.2500,17.2500,0,NULL,'instock',0,0.00,0,'taxable','parent',''),(1999,'62D74158D81F2_Marino-XL',0,0,17.2500,17.2500,0,NULL,'instock',0,0.00,0,'taxable','parent',''),(2000,'62D74158D81F2_Marino-2XL',0,0,18.5000,18.5000,0,NULL,'instock',0,0.00,0,'taxable','parent',''),(2001,'62D74158D81F2_Marino-3XL',0,0,20.5000,20.5000,0,NULL,'instock',0,0.00,0,'taxable','parent',''),(2002,'62D74158D81F2_Oscuro-jaspeado-S',0,0,17.2500,17.2500,0,NULL,'instock',0,0.00,0,'taxable','parent',''),(2003,'62D74158D81F2_Oscuro-jaspeado-M',0,0,17.2500,17.2500,0,NULL,'instock',0,0.00,0,'taxable','parent',''),(2004,'62D74158D81F2_Oscuro-jaspeado-L',0,0,17.2500,17.2500,0,NULL,'instock',0,0.00,0,'taxable','parent',''),(2005,'62D74158D81F2_Oscuro-jaspeado-XL',0,0,17.2500,17.2500,0,NULL,'instock',0,0.00,0,'taxable','parent',''),(2006,'62D74158D81F2_Oscuro-jaspeado-2XL',0,0,18.5000,18.5000,0,NULL,'instock',0,0.00,0,'taxable','parent',''),(2007,'62D74158D81F2_Oscuro-jaspeado-3XL',0,0,20.5000,20.5000,0,NULL,'instock',0,0.00,0,'taxable','parent',''),(2008,'62D74158D81F2_Gris-deportivo-S',0,0,17.2500,17.2500,0,NULL,'instock',0,0.00,0,'taxable','parent',''),(2009,'62D74158D81F2_Gris-deportivo-M',0,0,17.2500,17.2500,0,NULL,'instock',0,0.00,0,'taxable','parent',''),(2010,'62D74158D81F2_Gris-deportivo-L',0,0,17.2500,17.2500,0,NULL,'instock',0,0.00,0,'taxable','parent',''),(2011,'62D74158D81F2_Gris-deportivo-XL',0,0,17.2500,17.2500,0,NULL,'instock',0,0.00,0,'taxable','parent',''),(2012,'62D74158D81F2_Gris-deportivo-2XL',0,0,18.5000,18.5000,0,NULL,'instock',0,0.00,0,'taxable','parent',''),(2013,'62D74158D81F2_Gris-deportivo-3XL',0,0,20.5000,20.5000,0,NULL,'instock',0,0.00,0,'taxable','parent',''),(2014,'62D74158D81F2_Blanco-S',0,0,17.2500,17.2500,0,NULL,'instock',0,0.00,0,'taxable','parent',''),(2015,'62D74158D81F2_Blanco-M',0,0,17.2500,17.2500,0,NULL,'instock',0,0.00,0,'taxable','parent',''),(2016,'62D74158D81F2_Blanco-L',0,0,17.2500,17.2500,0,NULL,'instock',0,0.00,0,'taxable','parent',''),(2017,'62D74158D81F2_Blanco-XL',0,0,17.2500,17.2500,0,NULL,'instock',0,0.00,0,'taxable','parent',''),(2018,'62D74158D81F2_Blanco-2XL',0,0,18.5000,18.5000,0,NULL,'instock',0,0.00,0,'taxable','parent',''),(2019,'62D74158D81F2_Blanco-3XL',0,0,20.5000,20.5000,0,NULL,'instock',0,0.00,0,'taxable','parent',''),(2028,'',0,0,17.2500,20.5000,0,NULL,'instock',0,0.00,0,'taxable','',''),(2031,'62D74202E2F2C_Negro-S',0,0,17.2500,17.2500,0,NULL,'instock',0,0.00,0,'taxable','parent',''),(2032,'62D74202E2F2C_Negro-M',0,0,17.2500,17.2500,0,NULL,'instock',0,0.00,0,'taxable','parent',''),(2033,'62D74202E2F2C_Negro-L',0,0,17.2500,17.2500,0,NULL,'instock',0,0.00,0,'taxable','parent',''),(2034,'62D74202E2F2C_Negro-XL',0,0,17.2500,17.2500,0,NULL,'instock',0,0.00,0,'taxable','parent',''),(2035,'62D74202E2F2C_Negro-2XL',0,0,18.5000,18.5000,0,NULL,'instock',0,0.00,0,'taxable','parent',''),(2036,'62D74202E2F2C_Negro-3XL',0,0,20.5000,20.5000,0,NULL,'instock',0,0.00,0,'taxable','parent',''),(2037,'62D74202E2F2C_Marino-S',0,0,17.2500,17.2500,0,NULL,'instock',0,0.00,0,'taxable','parent',''),(2038,'62D74202E2F2C_Marino-M',0,0,17.2500,17.2500,0,NULL,'instock',0,0.00,0,'taxable','parent',''),(2039,'62D74202E2F2C_Marino-L',0,0,17.2500,17.2500,0,NULL,'instock',0,0.00,0,'taxable','parent',''),(2040,'62D74202E2F2C_Marino-XL',0,0,17.2500,17.2500,0,NULL,'instock',0,0.00,0,'taxable','parent',''),(2041,'62D74202E2F2C_Marino-2XL',0,0,18.5000,18.5000,0,NULL,'instock',0,0.00,0,'taxable','parent',''),(2042,'62D74202E2F2C_Marino-3XL',0,0,20.5000,20.5000,0,NULL,'instock',0,0.00,0,'taxable','parent',''),(2043,'62D74202E2F2C_Oscuro-jaspeado-S',0,0,17.2500,17.2500,0,NULL,'instock',0,0.00,0,'taxable','parent',''),(2044,'62D74202E2F2C_Oscuro-jaspeado-M',0,0,17.2500,17.2500,0,NULL,'instock',0,0.00,0,'taxable','parent',''),(2045,'62D74202E2F2C_Oscuro-jaspeado-L',0,0,17.2500,17.2500,0,NULL,'instock',0,0.00,0,'taxable','parent',''),(2046,'62D74202E2F2C_Oscuro-jaspeado-XL',0,0,17.2500,17.2500,0,NULL,'instock',0,0.00,0,'taxable','parent',''),(2047,'62D74202E2F2C_Oscuro-jaspeado-2XL',0,0,18.5000,18.5000,0,NULL,'instock',0,0.00,0,'taxable','parent',''),(2048,'62D74202E2F2C_Oscuro-jaspeado-3XL',0,0,20.5000,20.5000,0,NULL,'instock',0,0.00,0,'taxable','parent',''),(2049,'62D74202E2F2C_Gris-deportivo-S',0,0,17.2500,17.2500,0,NULL,'instock',0,0.00,0,'taxable','parent',''),(2050,'62D74202E2F2C_Gris-deportivo-M',0,0,17.2500,17.2500,0,NULL,'instock',0,0.00,0,'taxable','parent',''),(2051,'62D74202E2F2C_Gris-deportivo-L',0,0,17.2500,17.2500,0,NULL,'instock',0,0.00,0,'taxable','parent',''),(2052,'62D74202E2F2C_Gris-deportivo-XL',0,0,17.2500,17.2500,0,NULL,'instock',0,0.00,0,'taxable','parent',''),(2053,'62D74202E2F2C_Gris-deportivo-2XL',0,0,18.5000,18.5000,0,NULL,'instock',0,0.00,0,'taxable','parent',''),(2054,'62D74202E2F2C_Gris-deportivo-3XL',0,0,20.5000,20.5000,0,NULL,'instock',0,0.00,0,'taxable','parent',''),(2055,'62D74202E2F2C_Blanco-S',0,0,17.2500,17.2500,0,NULL,'instock',0,0.00,0,'taxable','parent',''),(2056,'62D74202E2F2C_Blanco-M',0,0,17.2500,17.2500,0,NULL,'instock',0,0.00,0,'taxable','parent',''),(2057,'62D74202E2F2C_Blanco-L',0,0,17.2500,17.2500,0,NULL,'instock',0,0.00,0,'taxable','parent',''),(2058,'62D74202E2F2C_Blanco-XL',0,0,17.2500,17.2500,0,NULL,'instock',0,0.00,0,'taxable','parent',''),(2059,'62D74202E2F2C_Blanco-2XL',0,0,18.5000,18.5000,0,NULL,'instock',0,0.00,0,'taxable','parent',''),(2060,'62D74202E2F2C_Blanco-3XL',0,0,20.5000,20.5000,0,NULL,'instock',0,0.00,0,'taxable','parent',''),(2070,'',0,0,17.2500,20.5000,0,NULL,'instock',0,0.00,0,'taxable','',''),(2073,'62D742A09FD66_Negro-S',0,0,17.2500,17.2500,0,NULL,'instock',0,0.00,0,'taxable','parent',''),(2074,'62D742A09FD66_Negro-M',0,0,17.2500,17.2500,0,NULL,'instock',0,0.00,0,'taxable','parent',''),(2075,'62D742A09FD66_Negro-L',0,0,17.2500,17.2500,0,NULL,'instock',0,0.00,0,'taxable','parent',''),(2076,'62D742A09FD66_Negro-XL',0,0,17.2500,17.2500,0,NULL,'instock',0,0.00,0,'taxable','parent',''),(2077,'62D742A09FD66_Negro-2XL',0,0,18.5000,18.5000,0,NULL,'instock',0,0.00,0,'taxable','parent',''),(2078,'62D742A09FD66_Negro-3XL',0,0,20.5000,20.5000,0,NULL,'instock',0,0.00,0,'taxable','parent',''),(2079,'62D742A09FD66_Marino-S',0,0,17.2500,17.2500,0,NULL,'instock',0,0.00,0,'taxable','parent',''),(2080,'62D742A09FD66_Marino-M',0,0,17.2500,17.2500,0,NULL,'instock',0,0.00,0,'taxable','parent',''),(2081,'62D742A09FD66_Marino-L',0,0,17.2500,17.2500,0,NULL,'instock',0,0.00,0,'taxable','parent',''),(2082,'62D742A09FD66_Marino-XL',0,0,17.2500,17.2500,0,NULL,'instock',0,0.00,0,'taxable','parent',''),(2083,'62D742A09FD66_Marino-2XL',0,0,18.5000,18.5000,0,NULL,'instock',0,0.00,0,'taxable','parent',''),(2084,'62D742A09FD66_Marino-3XL',0,0,20.5000,20.5000,0,NULL,'instock',0,0.00,0,'taxable','parent',''),(2085,'62D742A09FD66_Oscuro-jaspeado-S',0,0,17.2500,17.2500,0,NULL,'instock',0,0.00,0,'taxable','parent',''),(2086,'62D742A09FD66_Oscuro-jaspeado-M',0,0,17.2500,17.2500,0,NULL,'instock',0,0.00,0,'taxable','parent',''),(2087,'62D742A09FD66_Oscuro-jaspeado-L',0,0,17.2500,17.2500,0,NULL,'instock',0,0.00,0,'taxable','parent',''),(2088,'62D742A09FD66_Oscuro-jaspeado-XL',0,0,17.2500,17.2500,0,NULL,'instock',0,0.00,0,'taxable','parent',''),(2089,'62D742A09FD66_Oscuro-jaspeado-2XL',0,0,18.5000,18.5000,0,NULL,'instock',0,0.00,0,'taxable','parent',''),(2090,'62D742A09FD66_Oscuro-jaspeado-3XL',0,0,20.5000,20.5000,0,NULL,'instock',0,0.00,0,'taxable','parent',''),(2091,'62D742A09FD66_Gris-deportivo-S',0,0,17.2500,17.2500,0,NULL,'instock',0,0.00,0,'taxable','parent',''),(2092,'62D742A09FD66_Gris-deportivo-M',0,0,17.2500,17.2500,0,NULL,'instock',0,0.00,0,'taxable','parent',''),(2093,'62D742A09FD66_Gris-deportivo-L',0,0,17.2500,17.2500,0,NULL,'instock',0,0.00,0,'taxable','parent',''),(2094,'62D742A09FD66_Gris-deportivo-XL',0,0,17.2500,17.2500,0,NULL,'instock',0,0.00,0,'taxable','parent',''),(2095,'62D742A09FD66_Gris-deportivo-2XL',0,0,18.5000,18.5000,0,NULL,'instock',0,0.00,0,'taxable','parent',''),(2096,'62D742A09FD66_Gris-deportivo-3XL',0,0,20.5000,20.5000,0,NULL,'instock',0,0.00,0,'taxable','parent',''),(2097,'62D742A09FD66_Blanco-S',0,0,17.2500,17.2500,0,NULL,'instock',0,0.00,0,'taxable','parent',''),(2098,'62D742A09FD66_Blanco-M',0,0,17.2500,17.2500,0,NULL,'instock',0,0.00,0,'taxable','parent',''),(2099,'62D742A09FD66_Blanco-L',0,0,17.2500,17.2500,0,NULL,'instock',0,0.00,0,'taxable','parent',''),(2100,'62D742A09FD66_Blanco-XL',0,0,17.2500,17.2500,0,NULL,'instock',0,0.00,0,'taxable','parent',''),(2101,'62D742A09FD66_Blanco-2XL',0,0,18.5000,18.5000,0,NULL,'instock',0,0.00,0,'taxable','parent',''),(2102,'62D742A09FD66_Blanco-3XL',0,0,20.5000,20.5000,0,NULL,'instock',0,0.00,0,'taxable','parent',''),(2111,'',0,0,17.2500,20.5000,0,NULL,'instock',0,0.00,0,'taxable','',''),(2114,'62D7443A96BEE_Negro-S',0,0,17.2500,17.2500,0,NULL,'instock',0,0.00,0,'taxable','parent',''),(2115,'62D7443A96BEE_Negro-M',0,0,17.2500,17.2500,0,NULL,'instock',0,0.00,0,'taxable','parent',''),(2116,'62D7443A96BEE_Negro-L',0,0,17.2500,17.2500,0,NULL,'instock',0,0.00,0,'taxable','parent',''),(2117,'62D7443A96BEE_Negro-XL',0,0,17.2500,17.2500,0,NULL,'instock',0,0.00,0,'taxable','parent',''),(2118,'62D7443A96BEE_Negro-2XL',0,0,18.5000,18.5000,0,NULL,'instock',0,0.00,0,'taxable','parent',''),(2119,'62D7443A96BEE_Negro-3XL',0,0,20.5000,20.5000,0,NULL,'instock',0,0.00,0,'taxable','parent',''),(2120,'62D7443A96BEE_Marino-S',0,0,17.2500,17.2500,0,NULL,'instock',0,0.00,0,'taxable','parent',''),(2121,'62D7443A96BEE_Marino-M',0,0,17.2500,17.2500,0,NULL,'instock',0,0.00,0,'taxable','parent',''),(2122,'62D7443A96BEE_Marino-L',0,0,17.2500,17.2500,0,NULL,'instock',0,0.00,0,'taxable','parent',''),(2123,'62D7443A96BEE_Marino-XL',0,0,17.2500,17.2500,0,NULL,'instock',0,0.00,0,'taxable','parent',''),(2124,'62D7443A96BEE_Marino-2XL',0,0,18.5000,18.5000,0,NULL,'instock',0,0.00,0,'taxable','parent',''),(2125,'62D7443A96BEE_Marino-3XL',0,0,20.5000,20.5000,0,NULL,'instock',0,0.00,0,'taxable','parent',''),(2126,'62D7443A96BEE_Oscuro-jaspeado-S',0,0,17.2500,17.2500,0,NULL,'instock',0,0.00,0,'taxable','parent',''),(2127,'62D7443A96BEE_Oscuro-jaspeado-M',0,0,17.2500,17.2500,0,NULL,'instock',0,0.00,0,'taxable','parent',''),(2128,'62D7443A96BEE_Oscuro-jaspeado-L',0,0,17.2500,17.2500,0,NULL,'instock',0,0.00,0,'taxable','parent',''),(2129,'62D7443A96BEE_Oscuro-jaspeado-XL',0,0,17.2500,17.2500,0,NULL,'instock',0,0.00,0,'taxable','parent',''),(2130,'62D7443A96BEE_Oscuro-jaspeado-2XL',0,0,18.5000,18.5000,0,NULL,'instock',0,0.00,0,'taxable','parent',''),(2131,'62D7443A96BEE_Oscuro-jaspeado-3XL',0,0,20.5000,20.5000,0,NULL,'instock',0,0.00,0,'taxable','parent',''),(2132,'62D7443A96BEE_Gris-deportivo-S',0,0,17.2500,17.2500,0,NULL,'instock',0,0.00,0,'taxable','parent',''),(2133,'62D7443A96BEE_Gris-deportivo-M',0,0,17.2500,17.2500,0,NULL,'instock',0,0.00,0,'taxable','parent',''),(2134,'62D7443A96BEE_Gris-deportivo-L',0,0,17.2500,17.2500,0,NULL,'instock',0,0.00,0,'taxable','parent',''),(2135,'62D7443A96BEE_Gris-deportivo-XL',0,0,17.2500,17.2500,0,NULL,'instock',0,0.00,0,'taxable','parent',''),(2136,'62D7443A96BEE_Gris-deportivo-2XL',0,0,18.5000,18.5000,0,NULL,'instock',0,0.00,0,'taxable','parent',''),(2137,'62D7443A96BEE_Gris-deportivo-3XL',0,0,20.5000,20.5000,0,NULL,'instock',0,0.00,0,'taxable','parent',''),(2138,'62D7443A96BEE_Blanco-S',0,0,17.2500,17.2500,0,NULL,'instock',0,0.00,0,'taxable','parent',''),(2139,'62D7443A96BEE_Blanco-M',0,0,17.2500,17.2500,0,NULL,'instock',0,0.00,0,'taxable','parent',''),(2140,'62D7443A96BEE_Blanco-L',0,0,17.2500,17.2500,0,NULL,'instock',0,0.00,0,'taxable','parent',''),(2141,'62D7443A96BEE_Blanco-XL',0,0,17.2500,17.2500,0,NULL,'instock',0,0.00,0,'taxable','parent',''),(2142,'62D7443A96BEE_Blanco-2XL',0,0,18.5000,18.5000,0,NULL,'instock',0,0.00,0,'taxable','parent',''),(2143,'62D7443A96BEE_Blanco-3XL',0,0,20.5000,20.5000,0,NULL,'instock',0,0.00,0,'taxable','parent',''),(2152,'',0,0,17.2500,20.5000,0,NULL,'instock',0,0.00,5,'taxable','',''),(2155,'62D744B61BD83_Negro-S',0,0,17.2500,17.2500,0,NULL,'instock',0,0.00,0,'taxable','parent',''),(2156,'62D744B61BD83_Negro-M',0,0,17.2500,17.2500,0,NULL,'instock',0,0.00,0,'taxable','parent',''),(2157,'62D744B61BD83_Negro-L',0,0,17.2500,17.2500,0,NULL,'instock',0,0.00,0,'taxable','parent',''),(2158,'62D744B61BD83_Negro-XL',0,0,17.2500,17.2500,0,NULL,'instock',0,0.00,0,'taxable','parent',''),(2159,'62D744B61BD83_Negro-2XL',0,0,18.5000,18.5000,0,NULL,'instock',0,0.00,0,'taxable','parent',''),(2160,'62D744B61BD83_Negro-3XL',0,0,20.5000,20.5000,0,NULL,'instock',0,0.00,0,'taxable','parent',''),(2161,'62D744B61BD83_Marino-S',0,0,17.2500,17.2500,0,NULL,'instock',0,0.00,0,'taxable','parent',''),(2162,'62D744B61BD83_Marino-M',0,0,17.2500,17.2500,0,NULL,'instock',0,0.00,0,'taxable','parent',''),(2163,'62D744B61BD83_Marino-L',0,0,17.2500,17.2500,0,NULL,'instock',0,0.00,0,'taxable','parent',''),(2164,'62D744B61BD83_Marino-XL',0,0,17.2500,17.2500,0,NULL,'instock',0,0.00,0,'taxable','parent',''),(2165,'62D744B61BD83_Marino-2XL',0,0,18.5000,18.5000,0,NULL,'instock',0,0.00,0,'taxable','parent',''),(2166,'62D744B61BD83_Marino-3XL',0,0,20.5000,20.5000,0,NULL,'instock',0,0.00,0,'taxable','parent',''),(2167,'62D744B61BD83_Oscuro-jaspeado-S',0,0,17.2500,17.2500,0,NULL,'instock',0,0.00,0,'taxable','parent',''),(2168,'62D744B61BD83_Oscuro-jaspeado-M',0,0,17.2500,17.2500,0,NULL,'instock',0,0.00,0,'taxable','parent',''),(2169,'62D744B61BD83_Oscuro-jaspeado-L',0,0,17.2500,17.2500,0,NULL,'instock',0,0.00,0,'taxable','parent',''),(2170,'62D744B61BD83_Oscuro-jaspeado-XL',0,0,17.2500,17.2500,0,NULL,'instock',0,0.00,0,'taxable','parent',''),(2171,'62D744B61BD83_Oscuro-jaspeado-2XL',0,0,18.5000,18.5000,0,NULL,'instock',0,0.00,0,'taxable','parent',''),(2172,'62D744B61BD83_Oscuro-jaspeado-3XL',0,0,20.5000,20.5000,0,NULL,'instock',0,0.00,0,'taxable','parent',''),(2173,'62D744B61BD83_Gris-deportivo-S',0,0,17.2500,17.2500,0,NULL,'instock',0,0.00,0,'taxable','parent',''),(2174,'62D744B61BD83_Gris-deportivo-M',0,0,17.2500,17.2500,0,NULL,'instock',0,0.00,0,'taxable','parent',''),(2175,'62D744B61BD83_Gris-deportivo-L',0,0,17.2500,17.2500,0,NULL,'instock',0,0.00,0,'taxable','parent',''),(2176,'62D744B61BD83_Gris-deportivo-XL',0,0,17.2500,17.2500,0,NULL,'instock',0,0.00,0,'taxable','parent',''),(2177,'62D744B61BD83_Gris-deportivo-2XL',0,0,18.5000,18.5000,0,NULL,'instock',0,0.00,0,'taxable','parent',''),(2178,'62D744B61BD83_Gris-deportivo-3XL',0,0,20.5000,20.5000,0,NULL,'instock',0,0.00,0,'taxable','parent',''),(2179,'62D744B61BD83_Blanco-S',0,0,17.2500,17.2500,0,NULL,'instock',0,0.00,0,'taxable','parent',''),(2180,'62D744B61BD83_Blanco-M',0,0,17.2500,17.2500,0,NULL,'instock',0,0.00,0,'taxable','parent',''),(2181,'62D744B61BD83_Blanco-L',0,0,17.2500,17.2500,0,NULL,'instock',0,0.00,0,'taxable','parent',''),(2182,'62D744B61BD83_Blanco-XL',0,0,17.2500,17.2500,0,NULL,'instock',0,0.00,0,'taxable','parent',''),(2183,'62D744B61BD83_Blanco-2XL',0,0,18.5000,18.5000,0,NULL,'instock',0,0.00,0,'taxable','parent',''),(2184,'62D744B61BD83_Blanco-3XL',0,0,20.5000,20.5000,0,NULL,'instock',0,0.00,0,'taxable','parent',''),(2197,'',0,0,17.2500,20.5000,0,NULL,'instock',0,0.00,0,'taxable','',''),(2200,'62D961DEEEC36_Negro-S',0,0,17.2500,17.2500,0,NULL,'instock',0,0.00,0,'taxable','parent',''),(2201,'62D961DEEEC36_Negro-M',0,0,17.2500,17.2500,0,NULL,'instock',0,0.00,0,'taxable','parent',''),(2202,'62D961DEEEC36_Negro-L',0,0,17.2500,17.2500,0,NULL,'instock',0,0.00,0,'taxable','parent',''),(2203,'62D961DEEEC36_Negro-XL',0,0,17.2500,17.2500,0,NULL,'instock',0,0.00,0,'taxable','parent',''),(2204,'62D961DEEEC36_Negro-2XL',0,0,18.5000,18.5000,0,NULL,'instock',0,0.00,0,'taxable','parent',''),(2205,'62D961DEEEC36_Negro-3XL',0,0,20.5000,20.5000,0,NULL,'instock',0,0.00,0,'taxable','parent',''),(2206,'62D961DEEEC36_Marino-S',0,0,17.2500,17.2500,0,NULL,'instock',0,0.00,0,'taxable','parent',''),(2207,'62D961DEEEC36_Marino-M',0,0,17.2500,17.2500,0,NULL,'instock',0,0.00,0,'taxable','parent',''),(2208,'62D961DEEEC36_Marino-L',0,0,17.2500,17.2500,0,NULL,'instock',0,0.00,0,'taxable','parent',''),(2209,'62D961DEEEC36_Marino-XL',0,0,17.2500,17.2500,0,NULL,'instock',0,0.00,0,'taxable','parent',''),(2210,'62D961DEEEC36_Marino-2XL',0,0,18.5000,18.5000,0,NULL,'instock',0,0.00,0,'taxable','parent',''),(2211,'62D961DEEEC36_Marino-3XL',0,0,20.5000,20.5000,0,NULL,'instock',0,0.00,0,'taxable','parent',''),(2212,'62D961DEEEC36_Oscuro-jaspeado-S',0,0,17.2500,17.2500,0,NULL,'instock',0,0.00,0,'taxable','parent',''),(2213,'62D961DEEEC36_Oscuro-jaspeado-M',0,0,17.2500,17.2500,0,NULL,'instock',0,0.00,0,'taxable','parent',''),(2214,'62D961DEEEC36_Oscuro-jaspeado-L',0,0,17.2500,17.2500,0,NULL,'instock',0,0.00,0,'taxable','parent',''),(2215,'62D961DEEEC36_Oscuro-jaspeado-XL',0,0,17.2500,17.2500,0,NULL,'instock',0,0.00,0,'taxable','parent',''),(2216,'62D961DEEEC36_Oscuro-jaspeado-2XL',0,0,18.5000,18.5000,0,NULL,'instock',0,0.00,0,'taxable','parent',''),(2217,'62D961DEEEC36_Oscuro-jaspeado-3XL',0,0,20.5000,20.5000,0,NULL,'instock',0,0.00,0,'taxable','parent',''),(2218,'62D961DEEEC36_Gris-deportivo-S',0,0,17.2500,17.2500,0,NULL,'instock',0,0.00,0,'taxable','parent',''),(2219,'62D961DEEEC36_Gris-deportivo-M',0,0,17.2500,17.2500,0,NULL,'instock',0,0.00,0,'taxable','parent',''),(2220,'62D961DEEEC36_Gris-deportivo-L',0,0,17.2500,17.2500,0,NULL,'instock',0,0.00,0,'taxable','parent',''),(2221,'62D961DEEEC36_Gris-deportivo-XL',0,0,17.2500,17.2500,0,NULL,'instock',0,0.00,0,'taxable','parent',''),(2222,'62D961DEEEC36_Gris-deportivo-2XL',0,0,18.5000,18.5000,0,NULL,'instock',0,0.00,0,'taxable','parent',''),(2223,'62D961DEEEC36_Gris-deportivo-3XL',0,0,20.5000,20.5000,0,NULL,'instock',0,0.00,0,'taxable','parent',''),(2224,'62D961DEEEC36_Blanco-S',0,0,17.2500,17.2500,0,NULL,'instock',0,0.00,0,'taxable','parent',''),(2225,'62D961DEEEC36_Blanco-M',0,0,17.2500,17.2500,0,NULL,'instock',0,0.00,0,'taxable','parent',''),(2226,'62D961DEEEC36_Blanco-L',0,0,17.2500,17.2500,0,NULL,'instock',0,0.00,0,'taxable','parent',''),(2227,'62D961DEEEC36_Blanco-XL',0,0,17.2500,17.2500,0,NULL,'instock',0,0.00,0,'taxable','parent',''),(2228,'62D961DEEEC36_Blanco-2XL',0,0,18.5000,18.5000,0,NULL,'instock',0,0.00,0,'taxable','parent',''),(2229,'62D961DEEEC36_Blanco-3XL',0,0,20.5000,20.5000,0,NULL,'instock',0,0.00,0,'taxable','parent',''),(2238,'',0,0,17.2500,20.5000,0,NULL,'instock',0,0.00,0,'taxable','',''),(2241,'62D9623B5F09F_Negro-S',0,0,17.2500,17.2500,0,NULL,'instock',0,0.00,0,'taxable','parent',''),(2242,'62D9623B5F09F_Negro-M',0,0,17.2500,17.2500,0,NULL,'instock',0,0.00,0,'taxable','parent',''),(2243,'62D9623B5F09F_Negro-L',0,0,17.2500,17.2500,0,NULL,'instock',0,0.00,0,'taxable','parent',''),(2244,'62D9623B5F09F_Negro-XL',0,0,17.2500,17.2500,0,NULL,'instock',0,0.00,0,'taxable','parent',''),(2245,'62D9623B5F09F_Negro-2XL',0,0,18.5000,18.5000,0,NULL,'instock',0,0.00,0,'taxable','parent',''),(2246,'62D9623B5F09F_Negro-3XL',0,0,20.5000,20.5000,0,NULL,'instock',0,0.00,0,'taxable','parent',''),(2247,'62D9623B5F09F_Marino-S',0,0,17.2500,17.2500,0,NULL,'instock',0,0.00,0,'taxable','parent',''),(2248,'62D9623B5F09F_Marino-M',0,0,17.2500,17.2500,0,NULL,'instock',0,0.00,0,'taxable','parent',''),(2249,'62D9623B5F09F_Marino-L',0,0,17.2500,17.2500,0,NULL,'instock',0,0.00,0,'taxable','parent',''),(2250,'62D9623B5F09F_Marino-XL',0,0,17.2500,17.2500,0,NULL,'instock',0,0.00,0,'taxable','parent',''),(2251,'62D9623B5F09F_Marino-2XL',0,0,18.5000,18.5000,0,NULL,'instock',0,0.00,0,'taxable','parent',''),(2252,'62D9623B5F09F_Marino-3XL',0,0,20.5000,20.5000,0,NULL,'instock',0,0.00,0,'taxable','parent',''),(2253,'62D9623B5F09F_Oscuro-jaspeado-S',0,0,17.2500,17.2500,0,NULL,'instock',0,0.00,0,'taxable','parent',''),(2254,'62D9623B5F09F_Oscuro-jaspeado-M',0,0,17.2500,17.2500,0,NULL,'instock',0,0.00,0,'taxable','parent',''),(2255,'62D9623B5F09F_Oscuro-jaspeado-L',0,0,17.2500,17.2500,0,NULL,'instock',0,0.00,0,'taxable','parent',''),(2256,'62D9623B5F09F_Oscuro-jaspeado-XL',0,0,17.2500,17.2500,0,NULL,'instock',0,0.00,0,'taxable','parent',''),(2257,'62D9623B5F09F_Oscuro-jaspeado-2XL',0,0,18.5000,18.5000,0,NULL,'instock',0,0.00,0,'taxable','parent',''),(2258,'62D9623B5F09F_Oscuro-jaspeado-3XL',0,0,20.5000,20.5000,0,NULL,'instock',0,0.00,0,'taxable','parent',''),(2259,'62D9623B5F09F_Gris-deportivo-S',0,0,17.2500,17.2500,0,NULL,'instock',0,0.00,0,'taxable','parent',''),(2260,'62D9623B5F09F_Gris-deportivo-M',0,0,17.2500,17.2500,0,NULL,'instock',0,0.00,0,'taxable','parent',''),(2261,'62D9623B5F09F_Gris-deportivo-L',0,0,17.2500,17.2500,0,NULL,'instock',0,0.00,0,'taxable','parent',''),(2262,'62D9623B5F09F_Gris-deportivo-XL',0,0,17.2500,17.2500,0,NULL,'instock',0,0.00,0,'taxable','parent',''),(2263,'62D9623B5F09F_Gris-deportivo-2XL',0,0,18.5000,18.5000,0,NULL,'instock',0,0.00,0,'taxable','parent',''),(2264,'62D9623B5F09F_Gris-deportivo-3XL',0,0,20.5000,20.5000,0,NULL,'instock',0,0.00,0,'taxable','parent',''),(2265,'62D9623B5F09F_Blanco-S',0,0,17.2500,17.2500,0,NULL,'instock',0,0.00,0,'taxable','parent',''),(2266,'62D9623B5F09F_Blanco-M',0,0,17.2500,17.2500,0,NULL,'instock',0,0.00,0,'taxable','parent',''),(2267,'62D9623B5F09F_Blanco-L',0,0,17.2500,17.2500,0,NULL,'instock',0,0.00,0,'taxable','parent',''),(2268,'62D9623B5F09F_Blanco-XL',0,0,17.2500,17.2500,0,NULL,'instock',0,0.00,0,'taxable','parent',''),(2269,'62D9623B5F09F_Blanco-2XL',0,0,18.5000,18.5000,0,NULL,'instock',0,0.00,0,'taxable','parent',''),(2270,'62D9623B5F09F_Blanco-3XL',0,0,20.5000,20.5000,0,NULL,'instock',0,0.00,0,'taxable','parent',''),(2280,'',0,0,17.2500,20.5000,0,NULL,'instock',0,0.00,0,'taxable','',''),(2283,'62D964D778CBA_Negro-S',0,0,17.2500,17.2500,0,NULL,'instock',0,0.00,0,'taxable','parent',''),(2284,'62D964D778CBA_Negro-M',0,0,17.2500,17.2500,0,NULL,'instock',0,0.00,0,'taxable','parent',''),(2285,'62D964D778CBA_Negro-L',0,0,17.2500,17.2500,0,NULL,'instock',0,0.00,0,'taxable','parent',''),(2286,'62D964D778CBA_Negro-XL',0,0,17.2500,17.2500,0,NULL,'instock',0,0.00,0,'taxable','parent',''),(2287,'62D964D778CBA_Negro-2XL',0,0,18.5000,18.5000,0,NULL,'instock',0,0.00,0,'taxable','parent',''),(2288,'62D964D778CBA_Negro-3XL',0,0,20.5000,20.5000,0,NULL,'instock',0,0.00,0,'taxable','parent',''),(2289,'62D964D778CBA_Marino-S',0,0,17.2500,17.2500,0,NULL,'instock',0,0.00,0,'taxable','parent',''),(2290,'62D964D778CBA_Marino-M',0,0,17.2500,17.2500,0,NULL,'instock',0,0.00,0,'taxable','parent',''),(2291,'62D964D778CBA_Marino-L',0,0,17.2500,17.2500,0,NULL,'instock',0,0.00,0,'taxable','parent',''),(2292,'62D964D778CBA_Marino-XL',0,0,17.2500,17.2500,0,NULL,'instock',0,0.00,0,'taxable','parent',''),(2293,'62D964D778CBA_Marino-2XL',0,0,18.5000,18.5000,0,NULL,'instock',0,0.00,0,'taxable','parent',''),(2294,'62D964D778CBA_Marino-3XL',0,0,20.5000,20.5000,0,NULL,'instock',0,0.00,0,'taxable','parent',''),(2295,'62D964D778CBA_Oscuro-jaspeado-S',0,0,17.2500,17.2500,0,NULL,'instock',0,0.00,0,'taxable','parent',''),(2296,'62D964D778CBA_Oscuro-jaspeado-M',0,0,17.2500,17.2500,0,NULL,'instock',0,0.00,0,'taxable','parent',''),(2297,'62D964D778CBA_Oscuro-jaspeado-L',0,0,17.2500,17.2500,0,NULL,'instock',0,0.00,0,'taxable','parent',''),(2298,'62D964D778CBA_Oscuro-jaspeado-XL',0,0,17.2500,17.2500,0,NULL,'instock',0,0.00,0,'taxable','parent',''),(2299,'62D964D778CBA_Oscuro-jaspeado-2XL',0,0,18.5000,18.5000,0,NULL,'instock',0,0.00,0,'taxable','parent',''),(2300,'62D964D778CBA_Oscuro-jaspeado-3XL',0,0,20.5000,20.5000,0,NULL,'instock',0,0.00,0,'taxable','parent',''),(2301,'62D964D778CBA_Gris-deportivo-S',0,0,17.2500,17.2500,0,NULL,'instock',0,0.00,0,'taxable','parent',''),(2302,'62D964D778CBA_Gris-deportivo-M',0,0,17.2500,17.2500,0,NULL,'instock',0,0.00,0,'taxable','parent',''),(2303,'62D964D778CBA_Gris-deportivo-L',0,0,17.2500,17.2500,0,NULL,'instock',0,0.00,0,'taxable','parent',''),(2304,'62D964D778CBA_Gris-deportivo-XL',0,0,17.2500,17.2500,0,NULL,'instock',0,0.00,0,'taxable','parent',''),(2305,'62D964D778CBA_Gris-deportivo-2XL',0,0,18.5000,18.5000,0,NULL,'instock',0,0.00,0,'taxable','parent',''),(2306,'62D964D778CBA_Gris-deportivo-3XL',0,0,20.5000,20.5000,0,NULL,'instock',0,0.00,0,'taxable','parent',''),(2307,'62D964D778CBA_Blanco-S',0,0,17.2500,17.2500,0,NULL,'instock',0,0.00,0,'taxable','parent',''),(2308,'62D964D778CBA_Blanco-M',0,0,17.2500,17.2500,0,NULL,'instock',0,0.00,0,'taxable','parent',''),(2309,'62D964D778CBA_Blanco-L',0,0,17.2500,17.2500,0,NULL,'instock',0,0.00,0,'taxable','parent',''),(2310,'62D964D778CBA_Blanco-XL',0,0,17.2500,17.2500,0,NULL,'instock',0,0.00,0,'taxable','parent',''),(2311,'62D964D778CBA_Blanco-2XL',0,0,18.5000,18.5000,0,NULL,'instock',0,0.00,0,'taxable','parent',''),(2312,'62D964D778CBA_Blanco-3XL',0,0,20.5000,20.5000,0,NULL,'instock',0,0.00,0,'taxable','parent',''),(2376,'',0,0,17.2500,20.5000,0,NULL,'instock',0,0.00,1,'taxable','',''),(2379,'62D9660DC9A5A_Negro-S',0,0,17.2500,17.2500,0,NULL,'instock',0,0.00,0,'taxable','parent',''),(2380,'62D9660DC9A5A_Negro-M',0,0,17.2500,17.2500,0,NULL,'instock',0,0.00,0,'taxable','parent',''),(2381,'62D9660DC9A5A_Negro-L',0,0,17.2500,17.2500,0,NULL,'instock',0,0.00,0,'taxable','parent',''),(2382,'62D9660DC9A5A_Negro-XL',0,0,17.2500,17.2500,0,NULL,'instock',0,0.00,0,'taxable','parent',''),(2383,'62D9660DC9A5A_Negro-2XL',0,0,18.5000,18.5000,0,NULL,'instock',0,0.00,0,'taxable','parent',''),(2384,'62D9660DC9A5A_Negro-3XL',0,0,20.5000,20.5000,0,NULL,'instock',0,0.00,0,'taxable','parent',''),(2385,'62D9660DC9A5A_Marino-S',0,0,17.2500,17.2500,0,NULL,'instock',0,0.00,0,'taxable','parent',''),(2386,'62D9660DC9A5A_Marino-M',0,0,17.2500,17.2500,0,NULL,'instock',0,0.00,0,'taxable','parent',''),(2387,'62D9660DC9A5A_Marino-L',0,0,17.2500,17.2500,0,NULL,'instock',0,0.00,0,'taxable','parent',''),(2388,'62D9660DC9A5A_Marino-XL',0,0,17.2500,17.2500,0,NULL,'instock',0,0.00,0,'taxable','parent',''),(2389,'62D9660DC9A5A_Marino-2XL',0,0,18.5000,18.5000,0,NULL,'instock',0,0.00,0,'taxable','parent',''),(2390,'62D9660DC9A5A_Marino-3XL',0,0,20.5000,20.5000,0,NULL,'instock',0,0.00,0,'taxable','parent',''),(2391,'62D9660DC9A5A_Oscuro-jaspeado-S',0,0,17.2500,17.2500,0,NULL,'instock',0,0.00,0,'taxable','parent',''),(2392,'62D9660DC9A5A_Oscuro-jaspeado-M',0,0,17.2500,17.2500,0,NULL,'instock',0,0.00,0,'taxable','parent',''),(2393,'62D9660DC9A5A_Oscuro-jaspeado-L',0,0,17.2500,17.2500,0,NULL,'instock',0,0.00,0,'taxable','parent',''),(2394,'62D9660DC9A5A_Oscuro-jaspeado-XL',0,0,17.2500,17.2500,0,NULL,'instock',0,0.00,0,'taxable','parent',''),(2395,'62D9660DC9A5A_Oscuro-jaspeado-2XL',0,0,18.5000,18.5000,0,NULL,'instock',0,0.00,0,'taxable','parent',''),(2396,'62D9660DC9A5A_Oscuro-jaspeado-3XL',0,0,20.5000,20.5000,0,NULL,'instock',0,0.00,0,'taxable','parent',''),(2397,'62D9660DC9A5A_Gris-deportivo-S',0,0,17.2500,17.2500,0,NULL,'instock',0,0.00,0,'taxable','parent',''),(2398,'62D9660DC9A5A_Gris-deportivo-M',0,0,17.2500,17.2500,0,NULL,'instock',0,0.00,0,'taxable','parent',''),(2399,'62D9660DC9A5A_Gris-deportivo-L',0,0,17.2500,17.2500,0,NULL,'instock',0,0.00,0,'taxable','parent',''),(2400,'62D9660DC9A5A_Gris-deportivo-XL',0,0,17.2500,17.2500,0,NULL,'instock',0,0.00,0,'taxable','parent',''),(2401,'62D9660DC9A5A_Gris-deportivo-2XL',0,0,18.5000,18.5000,0,NULL,'instock',0,0.00,0,'taxable','parent',''),(2402,'62D9660DC9A5A_Gris-deportivo-3XL',0,0,20.5000,20.5000,0,NULL,'instock',0,0.00,0,'taxable','parent',''),(2403,'62D9660DC9A5A_Blanco-S',0,0,17.2500,17.2500,0,NULL,'instock',0,0.00,0,'taxable','parent',''),(2404,'62D9660DC9A5A_Blanco-M',0,0,17.2500,17.2500,0,NULL,'instock',0,0.00,0,'taxable','parent',''),(2405,'62D9660DC9A5A_Blanco-L',0,0,17.2500,17.2500,0,NULL,'instock',0,0.00,0,'taxable','parent',''),(2406,'62D9660DC9A5A_Blanco-XL',0,0,17.2500,17.2500,0,NULL,'instock',0,0.00,0,'taxable','parent',''),(2407,'62D9660DC9A5A_Blanco-2XL',0,0,18.5000,18.5000,0,NULL,'instock',0,0.00,0,'taxable','parent',''),(2408,'62D9660DC9A5A_Blanco-3XL',0,0,20.5000,20.5000,0,NULL,'instock',0,0.00,0,'taxable','parent',''),(3365,'',0,0,19.9500,19.9500,0,NULL,'instock',0,0.00,1,'taxable','',''),(3368,'65BA9B7CDACAB_Negro-S',0,0,19.9500,19.9500,0,NULL,'instock',0,0.00,0,'taxable','parent',''),(3369,'65BA9B7CDACAB_Negro-M',0,0,19.9500,19.9500,0,NULL,'instock',0,0.00,0,'taxable','parent',''),(3370,'65BA9B7CDACAB_Negro-L',0,0,19.9500,19.9500,0,NULL,'instock',0,0.00,0,'taxable','parent',''),(3371,'65BA9B7CDACAB_Negro-XL',0,0,19.9500,19.9500,0,NULL,'instock',0,0.00,0,'taxable','parent',''),(3372,'65BA9B7CDACAB_Negro-2XL',0,0,19.9500,19.9500,0,NULL,'instock',0,0.00,0,'taxable','parent',''),(3373,'65BA9B7CDACAB_Marino-S',0,0,19.9500,19.9500,0,NULL,'instock',0,0.00,0,'taxable','parent',''),(3374,'65BA9B7CDACAB_Marino-M',0,0,19.9500,19.9500,0,NULL,'instock',0,0.00,0,'taxable','parent',''),(3375,'65BA9B7CDACAB_Marino-L',0,0,19.9500,19.9500,0,NULL,'instock',0,0.00,0,'taxable','parent',''),(3376,'65BA9B7CDACAB_Marino-XL',0,0,19.9500,19.9500,0,NULL,'instock',0,0.00,0,'taxable','parent',''),(3377,'65BA9B7CDACAB_Marino-2XL',0,0,19.9500,19.9500,0,NULL,'instock',0,0.00,0,'taxable','parent',''),(3378,'65BA9B7CDACAB_Gris-deportivo-S',0,0,19.9500,19.9500,0,NULL,'instock',0,0.00,0,'taxable','parent',''),(3379,'65BA9B7CDACAB_Gris-deportivo-M',0,0,19.9500,19.9500,0,NULL,'instock',0,0.00,0,'taxable','parent',''),(3380,'65BA9B7CDACAB_Gris-deportivo-L',0,0,19.9500,19.9500,0,NULL,'instock',0,0.00,0,'taxable','parent',''),(3381,'65BA9B7CDACAB_Gris-deportivo-XL',0,0,19.9500,19.9500,0,NULL,'instock',0,0.00,0,'taxable','parent',''),(3382,'65BA9B7CDACAB_Gris-deportivo-2XL',0,0,19.9500,19.9500,0,NULL,'instock',0,0.00,0,'taxable','parent',''),(3383,'65BA9B7CDACAB_Blanco-S',0,0,19.9500,19.9500,0,NULL,'instock',0,0.00,0,'taxable','parent',''),(3384,'65BA9B7CDACAB_Blanco-M',0,0,19.9500,19.9500,0,NULL,'instock',0,0.00,0,'taxable','parent',''),(3385,'65BA9B7CDACAB_Blanco-L',0,0,19.9500,19.9500,0,NULL,'instock',0,0.00,0,'taxable','parent',''),(3386,'65BA9B7CDACAB_Blanco-XL',0,0,19.9500,19.9500,0,NULL,'instock',0,0.00,0,'taxable','parent',''),(3387,'65BA9B7CDACAB_Blanco-2XL',0,0,19.9500,19.9500,0,NULL,'instock',0,0.00,0,'taxable','parent','');

--
